CRAN Package Check Results for Package FAiR

Last updated on 2014-09-01 21:48:49.

Flavor Version Tinstall Tcheck Ttotal Status Flags
r-devel-linux-x86_64-debian-clang 0.4-15 8.82 119.86 128.68 NOTE
r-devel-linux-x86_64-debian-gcc 0.4-15 8.74 121.01 129.75 NOTE
r-devel-linux-x86_64-fedora-clang 0.4-15 317.65 NOTE
r-devel-linux-x86_64-fedora-gcc 0.4-15 315.87 NOTE
r-devel-osx-x86_64-clang 0.4-15 255.66 NOTE
r-devel-windows-ix86+x86_64 0.4-15 29.00 243.00 272.00 NOTE
r-patched-linux-x86_64 0.4-15 8.91 132.90 141.81 NOTE
r-patched-solaris-sparc 0.4-15 1748.50 NOTE
r-patched-solaris-x86 0.4-15 436.30 NOTE
r-release-linux-ix86 0.4-15 11.40 166.85 178.24 NOTE
r-release-linux-x86_64 0.4-15 9.07 135.89 144.96 NOTE
r-release-osx-x86_64-mavericks 0.4-15 ERROR
r-release-osx-x86_64-snowleopard 0.4-15 NOTE
r-release-windows-ix86+x86_64 0.4-15 30.00 266.00 296.00 NOTE
r-oldrel-windows-ix86+x86_64 0.4-15 30.00 266.00 296.00 OK

Check Details

Version: 0.4-15
Check: foreign function calls
Result: NOTE
    Calls with DUP = FALSE:
     .C(FAiR_QD_sum, sum = numeric(1), x = x, middle = middle, length = length(x),
     DUP = FALSE, NAOK = TRUE)
     .C(FAiR_QD_grad, grad = numeric(length_x), x = x, middle = middle,
     length = length_x, holder = numeric(length_x), DUP = FALSE,
     NAOK = TRUE)
     .C("exhaustive_mve", number = as.integer(0), combos = combos,
     lengthcombos = length(combos), Xdata = as.double(X), Xrow = nrow(X),
     Xcol = ncol(X), DUP = FALSE, PACKAGE = "FAiR")
    DUP = FALSE is deprecated and may be disabled in future versions of R.
Flavors: r-devel-linux-x86_64-debian-clang, r-devel-linux-x86_64-debian-gcc, r-devel-linux-x86_64-fedora-clang, r-devel-linux-x86_64-fedora-gcc, r-devel-osx-x86_64-clang, r-devel-windows-ix86+x86_64, r-patched-linux-x86_64, r-patched-solaris-sparc, r-patched-solaris-x86, r-release-linux-ix86, r-release-linux-x86_64, r-release-windows-ix86+x86_64

Version: 0.4-15
Check: R code for possible problems
Result: NOTE
    FAiR_ADF: no visible global function definition for ‘Matrix’
    FAiR_ADF_robust: no visible global function definition for ‘CovMcd’
    FAiR_ADF_unbiased: no visible global function definition for ‘CovMcd’
    FAiR_ADF_unbiased: no visible global function definition for ‘huberM’
    FAiR_DAG: no visible global function definition for ‘nodes’
    FAiR_DAG: no visible global function definition for ‘addEdge’
    FAiR_DAG: no visible global function definition for ‘subGraph’
    FAiR_Mcd: no visible global function definition for ‘CovMcd’
    FAiR_blockanator: no visible global function definition for ‘gmessage’
    FAiR_bootstrap2dppMatrix: no visible global function definition for
     ‘Matrix’
    FAiR_bounds_coef: no visible global function definition for ‘gmessage’
    FAiR_bounds_cormat: no visible global function definition for
     ‘gmessage’
    FAiR_cor.rank: no visible global function definition for ‘Diagonal’
    FAiR_cov.shrink: no visible global function definition for ‘cov.shrink’
    FAiR_cov.shrink: no visible global function definition for ‘Diagonal’
    FAiR_edit: no visible global function definition for ‘ggroup’
    FAiR_edit: no visible global function definition for ‘glabel’
    FAiR_edit: no visible global function definition for ‘gdf’
    FAiR_edit: no visible global function definition for ‘gbasicdialog’
    FAiR_edit: no visible global function definition for ‘guiToolkit’
    FAiR_equality_restrictions: no visible global function definition for
     ‘gmessage’
    FAiR_get_answer: no visible global function definition for ‘ggroup’
    FAiR_get_answer: no visible global function definition for ‘glabel’
    FAiR_get_answer: no visible global function definition for ‘gseparator’
    FAiR_get_answer: no visible global function definition for ‘gradio’
    FAiR_get_answer: no visible global function definition for ‘gslider’
    FAiR_get_answer: no visible global function definition for
     ‘gcheckboxgroup’
    FAiR_get_answer: no visible global function definition for
     ‘gbasicdialog’
    FAiR_get_answer: no visible global function definition for ‘guiToolkit’
    FAiR_get_mapping_rule_args: no visible global function definition for
     ‘gmessage’
    FAiR_hetcor: no visible global function definition for ‘hetcor’
    FAiR_hetcor: no visible global function definition for ‘Diagonal’
    FAiR_indicators_FC: no visible global function definition for
     ‘gmessage’
    FAiR_make_manifest_list: no visible global function definition for
     ‘Diagonal’
    FAiR_make_target: no visible global function definition for ‘gmessage’
    FAiR_mlest: no visible global function definition for ‘mlest’
    FAiR_order_FC: no visible global function definition for ‘gmessage’
    FAiR_peg_coefficients: no visible global function definition for
     ‘gmessage’
    FAiR_quick_Rotate: no visible global function definition for ‘targetT’
    FAiR_quick_Rotate: no visible global function definition for ‘GPForth’
    FAiR_quick_Rotate: no visible global function definition for ‘targetQ’
    FAiR_quick_Rotate: no visible global function definition for ‘GPFoblq’
    screeplot,FA: no visible global function definition for ‘parallel’
    screeplot,FA: no visible global function definition for ‘nScree’
    screeplot,FA: no visible global function definition for ‘plotnScree’
    screeplot,manifest.basic: no visible global function definition for
     ‘parallel’
    screeplot,manifest.basic: no visible global function definition for
     ‘nScree’
    screeplot,manifest.basic: no visible global function definition for
     ‘plotnScree’
    screeplot,manifest.data: no visible global function definition for
     ‘parallel’
    screeplot,manifest.data: no visible global function definition for
     ‘nScree’
    screeplot,manifest.data: no visible global function definition for
     ‘plotnScree’
    show,manifest.data: no visible global function definition for
     ‘mshapiro.test’
    show,manifest.data: no visible global function definition for
     ‘mvnorm.etest’
Flavors: r-devel-linux-x86_64-debian-clang, r-devel-linux-x86_64-debian-gcc, r-devel-linux-x86_64-fedora-clang, r-devel-linux-x86_64-fedora-gcc, r-devel-osx-x86_64-clang, r-devel-windows-ix86+x86_64

Version: 0.4-15
Check: package dependencies
Result: ERROR
    Package required but not available: ‘gWidgetsRGtk2’
    
    See the information on DESCRIPTION files in the chapter ‘Creating R
    packages’ of the ‘Writing R Extensions’ manual.
Flavor: r-release-osx-x86_64-mavericks

Version: 0.4-15
Check: package dependencies
Result: NOTE
    Package suggested but not available for checking: ‘Rgraphviz’
Flavor: r-release-osx-x86_64-snowleopard

Version: 0.4-15
Check: R code for possible problems
Result: NOTE
    FAiR_DAG: no visible global function definition for ‘nodes’
    FAiR_DAG: no visible global function definition for ‘addEdge’
    FAiR_DAG: no visible global function definition for ‘subGraph’
Flavor: r-release-osx-x86_64-snowleopard