CRAN Package Check Results for Package FAiR

Last updated on 2014-07-28 15:49:18.

Flavor Version Tinstall Tcheck Ttotal Status Flags
r-devel-linux-x86_64-debian-clang 0.4-15 9.05 128.02 137.07 NOTE
r-devel-linux-x86_64-debian-gcc 0.4-15 8.94 132.47 141.41 NOTE
r-devel-linux-x86_64-fedora-clang 0.4-15 337.50 NOTE
r-devel-linux-x86_64-fedora-gcc 0.4-15 325.08 NOTE
r-devel-osx-x86_64-clang 0.4-15 253.66 NOTE
r-devel-windows-ix86+x86_64 0.4-15 30.00 245.00 275.00 NOTE
r-patched-linux-x86_64 0.4-15 8.72 131.66 140.39 NOTE
r-patched-solaris-sparc 0.4-15 1845.70 NOTE
r-patched-solaris-x86 0.4-15 438.60 NOTE
r-release-linux-ix86 0.4-15 11.21 164.03 175.24 NOTE
r-release-linux-x86_64 0.4-15 9.13 136.16 145.29 NOTE
r-release-osx-x86_64-mavericks 0.4-15 ERROR
r-release-osx-x86_64-snowleopard 0.4-15 NOTE
r-release-windows-ix86+x86_64 0.4-15 29.00 262.00 291.00 NOTE
r-oldrel-windows-ix86+x86_64 0.4-15 29.00 268.00 297.00 OK

Check Details

Version: 0.4-15
Check: foreign function calls
Result: NOTE
    Calls with DUP = FALSE:
     .C(FAiR_QD_sum, sum = numeric(1), x = x, middle = middle, length = length(x),
     DUP = FALSE, NAOK = TRUE)
     .C(FAiR_QD_grad, grad = numeric(length_x), x = x, middle = middle,
     length = length_x, holder = numeric(length_x), DUP = FALSE,
     NAOK = TRUE)
     .C("exhaustive_mve", number = as.integer(0), combos = combos,
     lengthcombos = length(combos), Xdata = as.double(X), Xrow = nrow(X),
     Xcol = ncol(X), DUP = FALSE, PACKAGE = "FAiR")
    DUP = FALSE is deprecated and may be disabled in future versions of R.
Flavors: r-devel-linux-x86_64-debian-clang, r-devel-linux-x86_64-debian-gcc, r-devel-linux-x86_64-fedora-clang, r-devel-linux-x86_64-fedora-gcc, r-devel-osx-x86_64-clang, r-devel-windows-ix86+x86_64, r-patched-linux-x86_64, r-patched-solaris-sparc, r-patched-solaris-x86, r-release-linux-ix86, r-release-linux-x86_64, r-release-windows-ix86+x86_64

Version: 0.4-15
Check: package dependencies
Result: ERROR
    Package required but not available: gWidgetsRGtk2
    
    See the information on DESCRIPTION files in the chapter Creating R
    packages of the Writing R Extensions manual.
Flavor: r-release-osx-x86_64-mavericks

Version: 0.4-15
Check: package dependencies
Result: NOTE
    Package suggested but not available for checking: Rgraphviz
Flavor: r-release-osx-x86_64-snowleopard

Version: 0.4-15
Check: R code for possible problems
Result: NOTE
    FAiR_DAG: no visible global function definition for nodes
    FAiR_DAG: no visible global function definition for addEdge
    FAiR_DAG: no visible global function definition for subGraph
Flavor: r-release-osx-x86_64-snowleopard