CRAN Package Check Results for Package FAiR

Last updated on 2014-04-18 17:48:01.

Flavor Version Tinstall Tcheck Ttotal Status Flags
r-devel-linux-x86_64-debian-clang 0.4-15 9.53 136.88 146.42 NOTE
r-devel-linux-x86_64-debian-gcc NOTE
r-devel-linux-x86_64-fedora-clang 0.4-15 350.74 NOTE
r-devel-linux-x86_64-fedora-gcc 0.4-15 339.97 NOTE
r-devel-macosx-x86_64-clang 0.4-15 279.97 NOTE
r-devel-macosx-x86_64-gcc 0.4-15 ERROR
r-devel-windows-ix86+x86_64 0.4-15 25.00 259.00 284.00 NOTE
r-patched-linux-x86_64 0.4-15 9.46 141.29 150.75 NOTE
r-patched-solaris-sparc 0.4-15 1845.70 NOTE
r-patched-solaris-x86 0.4-15 445.90 NOTE
r-release-linux-ix86 0.4-15 21.00 293.00 314.00 NOTE
r-release-linux-x86_64 0.4-15 9.74 143.94 153.67 NOTE
r-release-macosx-x86_64 0.4-15 NOTE
r-release-windows-ix86+x86_64 0.4-15 27.00 269.00 296.00 NOTE
r-oldrel-windows-ix86+x86_64 0.4-15 28.00 263.00 291.00 OK

Check Details

Version: 0.4-15
Check: foreign function calls
Result: NOTE
    Calls with DUP = FALSE:
     .C(FAiR_QD_sum, sum = numeric(1), x = x, middle = middle, length = length(x),
     DUP = FALSE, NAOK = TRUE)
     .C(FAiR_QD_grad, grad = numeric(length_x), x = x, middle = middle,
     length = length_x, holder = numeric(length_x), DUP = FALSE,
     NAOK = TRUE)
     .C("exhaustive_mve", number = as.integer(0), combos = combos,
     lengthcombos = length(combos), Xdata = as.double(X), Xrow = nrow(X),
     Xcol = ncol(X), DUP = FALSE, PACKAGE = "FAiR")
    DUP = FALSE is deprecated and may be disabled in future versions of R.
Flavors: r-devel-linux-x86_64-debian-clang, r-devel-linux-x86_64-debian-gcc, r-devel-linux-x86_64-fedora-clang, r-devel-linux-x86_64-fedora-gcc, r-devel-macosx-x86_64-clang, r-devel-windows-ix86+x86_64, r-patched-linux-x86_64, r-patched-solaris-sparc, r-patched-solaris-x86, r-release-linux-ix86, r-release-linux-x86_64, r-release-windows-ix86+x86_64

Version: 0.4-15
Check: package dependencies
Result: ERROR
    Package required but not available: ‘rrcov’
    
    Package suggested but not available for checking: ‘Rgraphviz’
    
    See the information on DESCRIPTION files in the chapter ‘Creating R
    packages’ of the ‘Writing R Extensions’ manual.
Flavor: r-devel-macosx-x86_64-gcc

Version: 0.4-15
Check: package dependencies
Result: NOTE
    Package suggested but not available for checking: ‘Rgraphviz’
Flavor: r-release-macosx-x86_64

Version: 0.4-15
Check: R code for possible problems
Result: NOTE
    FAiR_DAG: no visible global function definition for ‘nodes’
    FAiR_DAG: no visible global function definition for ‘addEdge’
    FAiR_DAG: no visible global function definition for ‘subGraph’
Flavor: r-release-macosx-x86_64