CRAN Package Check Results for Package FBFsearch

Last updated on 2022-12-06 00:51:10 CET.

Flavor Version Tinstall Tcheck Ttotal Status Flags
r-devel-linux-x86_64-debian-clang 1.2 21.89 35.55 57.44 OK
r-devel-linux-x86_64-debian-gcc 1.2 21.97 27.76 49.73 OK
r-devel-linux-x86_64-fedora-clang 1.2 91.96 OK
r-devel-linux-x86_64-fedora-gcc 1.2 90.32 OK
r-devel-windows-x86_64 1.2 29.00 86.00 115.00 OK
r-patched-linux-x86_64 1.2 25.70 33.86 59.56 OK
r-release-linux-x86_64 1.2 21.60 34.16 55.76 OK
r-release-macos-arm64 1.2 29.00 NOTE
r-release-macos-x86_64 1.2 39.00 NOTE
r-release-windows-x86_64 1.2 34.00 88.00 122.00 OK
r-oldrel-macos-arm64 1.2 32.00 NOTE
r-oldrel-macos-x86_64 1.2 56.00 NOTE
r-oldrel-windows-ix86+x86_64 1.2 70.00 86.00 156.00 NOTE

Check Details

Version: 1.2
Check: installed package size
Result: NOTE
     installed size is 5.9Mb
     sub-directories of 1Mb or more:
     data 3.5Mb
     libs 2.3Mb
Flavors: r-release-macos-arm64, r-release-macos-x86_64, r-oldrel-macos-arm64, r-oldrel-macos-x86_64, r-oldrel-windows-ix86+x86_64