CRAN Package Check Results for Package FCMapper

Last updated on 2020-09-19 00:50:05 CEST.

Flavor Version Tinstall Tcheck Ttotal Status Flags
r-devel-linux-x86_64-debian-clang 1.1 2.30 20.27 22.57 OK
r-devel-linux-x86_64-debian-gcc 1.1 1.70 16.05 17.75 OK
r-devel-linux-x86_64-fedora-clang 1.1 37.84 OK
r-devel-linux-x86_64-fedora-gcc 1.1 28.34 OK
r-devel-windows-ix86+x86_64 1.1 5.00 30.00 35.00 OK
r-patched-linux-x86_64 1.1 2.39 20.03 22.42 OK
r-patched-solaris-x86 1.1 42.10 OK
r-release-linux-x86_64 1.1 2.28 20.09 22.37 OK
r-release-macos-x86_64 1.1 OK
r-release-windows-ix86+x86_64 1.1 4.00 27.00 31.00 OK
r-oldrel-macos-x86_64 1.1 FAIL
r-oldrel-windows-ix86+x86_64 1.1 3.00 43.00 46.00 OK

Check Details

Version: 1.1
Check: examples
Result: FAIL
Flavor: r-oldrel-macos-x86_64