CRAN Package Check Results for Package FCMapper

Last updated on 2019-07-21 21:46:54 CEST.

Flavor Version Tinstall Tcheck Ttotal Status Flags
r-devel-linux-x86_64-debian-clang 1.1 1.36 18.31 19.67 OK
r-devel-linux-x86_64-debian-gcc 1.1 1.58 15.08 16.66 OK
r-devel-linux-x86_64-fedora-clang 1.1 25.00 OK
r-devel-linux-x86_64-fedora-gcc 1.1 24.30 OK
r-devel-windows-ix86+x86_64 1.1 4.00 41.00 45.00 OK
r-patched-linux-x86_64 1.1 2.03 18.36 20.39 OK
r-patched-solaris-x86 1.1 41.30 OK
r-release-linux-x86_64 1.1 1.83 18.40 20.23 OK
r-release-windows-ix86+x86_64 1.1 4.00 32.00 36.00 OK
r-release-osx-x86_64 1.1 OK
r-oldrel-windows-ix86+x86_64 1.1 5.00 28.00 33.00 OK
r-oldrel-osx-x86_64 1.1 OK

Check Details

Version: 1.1
Check: examples
Result: FAIL
    
Flavor: r-release-osx-x86_64