CRAN Package Check Results for Package FCPS

Last updated on 2022-11-26 10:00:41 CET.

Flavor Version Tinstall Tcheck Ttotal Status Flags
r-devel-linux-x86_64-debian-clang 1.3.1 15.66 206.58 222.24 OK
r-devel-linux-x86_64-debian-gcc 1.3.1 12.24 147.99 160.23 OK
r-devel-linux-x86_64-fedora-clang 1.3.1 277.90 NOTE
r-devel-windows-x86_64 1.3.1 30.00 274.00 304.00 NOTE
r-patched-linux-x86_64 1.3.1 OK
r-release-linux-x86_64 1.3.1 13.15 192.06 205.21 OK
r-release-macos-arm64 1.3.1 79.00 NOTE
r-release-macos-x86_64 1.3.1 103.00 NOTE
r-release-windows-x86_64 1.3.1 33.00 284.00 317.00 NOTE
r-oldrel-macos-arm64 1.3.1 83.00 NOTE
r-oldrel-macos-x86_64 1.3.1 106.00 NOTE
r-oldrel-windows-ix86+x86_64 1.3.1 30.00 262.00 292.00 NOTE

Check Details

Version: 1.3.1
Check: installed package size
Result: NOTE
     installed size is 6.9Mb
     sub-directories of 1Mb or more:
     data 2.4Mb
     doc 3.9Mb
Flavors: r-devel-linux-x86_64-fedora-clang, r-devel-windows-x86_64, r-release-macos-arm64, r-release-macos-x86_64, r-release-windows-x86_64, r-oldrel-macos-arm64, r-oldrel-macos-x86_64, r-oldrel-windows-ix86+x86_64