Last updated on 2022-05-18 15:49:02 CEST.
Flavor | Version | Tinstall | Tcheck | Ttotal | Status | Flags |
---|---|---|---|---|---|---|
r-devel-linux-x86_64-debian-clang | 1.3.0 | 14.75 | 207.51 | 222.26 | OK | |
r-devel-linux-x86_64-debian-gcc | 1.3.0 | 11.77 | 149.21 | 160.98 | OK | |
r-devel-linux-x86_64-fedora-clang | 1.3.0 | 257.32 | NOTE | |||
r-devel-linux-x86_64-fedora-gcc | 1.3.0 | 253.17 | OK | |||
r-devel-windows-x86_64 | 1.3.0 | 46.00 | 255.00 | 301.00 | NOTE | |
r-patched-linux-x86_64 | 1.3.0 | 13.32 | 191.94 | 205.26 | OK | |
r-release-linux-x86_64 | 1.3.0 | 12.49 | 188.45 | 200.94 | OK | |
r-release-macos-arm64 | 1.3.0 | 82.00 | NOTE | |||
r-release-macos-x86_64 | 1.3.0 | 140.00 | NOTE | |||
r-release-windows-x86_64 | 1.3.0 | 46.00 | 240.00 | 286.00 | NOTE | |
r-oldrel-macos-arm64 | 1.3.0 | 60.00 | NOTE | |||
r-oldrel-macos-x86_64 | 1.3.0 | 74.00 | NOTE | |||
r-oldrel-windows-ix86+x86_64 | 1.3.0 | 28.00 | 249.00 | 277.00 | NOTE |
Version: 1.3.0
Check: installed package size
Result: NOTE
installed size is 6.5Mb
sub-directories of 1Mb or more:
data 2.4Mb
doc 3.5Mb
Flavors: r-devel-linux-x86_64-fedora-clang, r-devel-windows-x86_64, r-release-macos-arm64, r-release-macos-x86_64, r-release-windows-x86_64, r-oldrel-macos-arm64, r-oldrel-macos-x86_64, r-oldrel-windows-ix86+x86_64
Version: 1.3.0
Check: package dependencies
Result: NOTE
Package suggested but not available for checking: ‘subspace’
Flavor: r-release-macos-x86_64