CRAN Package Check Results for Package FCSlib

Last updated on 2024-02-27 16:49:15 CET.

Flavor Version Tinstall Tcheck Ttotal Status Flags
r-devel-linux-x86_64-debian-clang 1.3.0 8.58 65.71 74.29 NOTE
r-devel-linux-x86_64-debian-gcc 1.3.0 7.20 48.21 55.41 NOTE
r-devel-linux-x86_64-fedora-clang 1.3.0 95.13 NOTE
r-devel-linux-x86_64-fedora-gcc 1.3.0 95.10 NOTE
r-devel-windows-x86_64 1.3.0 10.00 73.00 83.00 OK
r-patched-linux-x86_64 1.3.0 13.93 63.75 77.68 OK
r-release-linux-x86_64 1.3.0 11.33 62.73 74.06 OK
r-release-macos-arm64 1.3.0 35.00 OK
r-release-macos-x86_64 1.3.0 57.00 NOTE
r-release-windows-x86_64 1.3.0 14.00 79.00 93.00 OK
r-oldrel-macos-arm64 1.3.0 41.00 NOTE
r-oldrel-windows-x86_64 1.3.0 14.00 83.00 97.00 OK

Additional issues

donttest

Check Details

Version: 1.3.0
Check: Rd files
Result: NOTE checkRd: (-1) fcs.Rd:36: Lost braces; missing escapes or markup? 36 | The argument nPoints must be smaller than the total number of temporal observations N, it is recommended to set nPoints = 2^n, with n = {2, ..., infinity}. | ^ Flavors: r-devel-linux-x86_64-debian-clang, r-devel-linux-x86_64-debian-gcc, r-devel-linux-x86_64-fedora-clang, r-devel-linux-x86_64-fedora-gcc

Version: 1.3.0
Check: installed package size
Result: NOTE installed size is 5.9Mb sub-directories of 1Mb or more: data 5.8Mb Flavors: r-release-macos-x86_64, r-oldrel-macos-arm64