CRAN Package Check Results for Package FD

Last updated on 2015-08-30 23:47:40.

Flavor Version Tinstall Tcheck Ttotal Status Flags
r-devel-linux-x86_64-debian-clang 1.0-12 4.09 47.76 51.86 NOTE
r-devel-linux-x86_64-debian-gcc 1.0-12 3.51 46.97 50.48 NOTE
r-devel-linux-x86_64-fedora-clang 1.0-12 106.91 NOTE
r-devel-linux-x86_64-fedora-gcc 1.0-12 101.96 NOTE
r-devel-osx-x86_64-clang 1.0-12 87.54 OK
r-devel-windows-ix86+x86_64 1.0-12 17.00 106.00 123.00 NOTE
r-patched-linux-x86_64 1.0-12 3.53 49.04 52.57 OK
r-patched-solaris-sparc 1.0-12 659.50 OK
r-patched-solaris-x86 1.0-12 150.80 OK
r-release-linux-x86_64 1.0-12 4.42 48.76 53.18 OK
r-release-osx-x86_64-mavericks 1.0-12 OK
r-release-windows-ix86+x86_64 1.0-12 19.00 113.00 132.00 OK
r-oldrel-windows-ix86+x86_64 1.0-12 24.00 155.00 179.00 OK

Check Details

Version: 1.0-12
Check: R code for possible problems
Result: NOTE
    dbFD: no visible global function definition for ‘dist’
    dbFD: no visible global function definition for ‘na.omit’
    dbFD: no visible global function definition for ‘plot’
    dbFD: no visible global function definition for ‘hclust’
    dbFD: no visible global function definition for ‘cutree’
    dbFD: no visible global function definition for ‘aggregate’
    dbFD : divc: no visible global function definition for ‘as.dist’
    dbFD: no visible global function definition for ‘as.dist’
    fdisp: no visible binding for global variable ‘weighted.mean’
    fdisp: no visible global function definition for ‘weighted.mean’
    functcomp: no visible global function definition for ‘weighted.mean’
    mahaldis: no visible global function definition for ‘dist’
    maxent: no visible global function definition for ‘coef’
    maxent: no visible global function definition for ‘lm’
    maxent.test: no visible global function definition for ‘cor’
    maxent.test: no visible global function definition for ‘par’
    maxent.test: no visible global function definition for ‘abline’
    maxent.test: no visible global function definition for ‘text’
    maxent.test: no visible global function definition for ‘lines’
    maxent.test: no visible global function definition for ‘mtext’
    simul.dbFD : <anonymous>: no visible global function definition for
     ‘runif’
    simul.dbFD : <anonymous>: no visible global function definition for
     ‘rnorm’
    simul.dbFD : <anonymous>: no visible global function definition for
     ‘rlnorm’
    simul.dbFD : fill.abun: no visible global function definition for
     ‘rlnorm’
    simul.dbFD : fill.abun: no visible global function definition for
     ‘rnorm’
    simul.dbFD : fill.abun: no visible global function definition for
     ‘runif’
    simul.dbFD: no visible global function definition for ‘cor.test’
    simul.dbFD: no visible global function definition for ‘par’
    simul.dbFD: no visible global function definition for ‘plot’
    simul.dbFD: no visible global function definition for ‘title’
    simul.dbFD: no visible global function definition for ‘mtext’
    simul.dbFD: no visible global function definition for ‘boxplot’
    Undefined global functions or variables:
     abline aggregate as.dist boxplot coef cor cor.test cutree dist hclust
     lines lm mtext na.omit par plot rlnorm rnorm runif text title
     weighted.mean
    Consider adding
     importFrom("graphics", "abline", "boxplot", "lines", "mtext", "par",
     "plot", "text", "title")
     importFrom("stats", "aggregate", "as.dist", "coef", "cor", "cor.test",
     "cutree", "dist", "hclust", "lm", "na.omit", "rlnorm",
     "rnorm", "runif", "weighted.mean")
    to your NAMESPACE.
Flavors: r-devel-linux-x86_64-debian-clang, r-devel-linux-x86_64-debian-gcc, r-devel-linux-x86_64-fedora-clang, r-devel-linux-x86_64-fedora-gcc, r-devel-windows-ix86+x86_64