CRAN Package Check Results for Package FD

Last updated on 2014-07-24 19:49:02.

Flavor Version Tinstall Tcheck Ttotal Status Flags
r-devel-linux-x86_64-debian-clang 1.0-11 1.58 31.04 32.62 NOTE
r-devel-linux-x86_64-debian-gcc 1.0-11 1.64 31.58 33.21 NOTE
r-devel-linux-x86_64-fedora-clang 1.0-11 69.53 NOTE
r-devel-linux-x86_64-fedora-gcc 1.0-11 67.93 NOTE
r-devel-osx-x86_64-clang 1.0-11 62.14 NOTE
r-devel-windows-ix86+x86_64 1.0-11 8.00 69.00 77.00 NOTE
r-patched-linux-x86_64 1.0-11 1.66 31.00 32.66 NOTE
r-patched-solaris-sparc 1.0-11 376.70 NOTE
r-patched-solaris-x86 1.0-11 90.20 NOTE
r-release-linux-ix86 1.0-11 2.34 42.95 45.29 NOTE
r-release-linux-x86_64 1.0-11 1.70 31.28 32.98 NOTE
r-release-osx-x86_64-mavericks 1.0-11 NOTE
r-release-windows-ix86+x86_64 1.0-11 9.00 70.00 79.00 NOTE
r-oldrel-windows-ix86+x86_64 1.0-11 8.00 73.00 81.00 NOTE

Check Details

Version: 1.0-11
Check: dependencies in R code
Result: NOTE
    Packages in Depends field not imported from:
     ‘ade4’ ‘ape’ ‘geometry’ ‘vegan’
     These packages need to be imported from (in the NAMESPACE file)
     for when this namespace is loaded but not attached.
    See the information on DESCRIPTION files in the chapter ‘Creating R
    packages’ of the ‘Writing R Extensions’ manual.
Flavors: r-devel-linux-x86_64-debian-clang, r-devel-linux-x86_64-debian-gcc, r-devel-linux-x86_64-fedora-clang, r-devel-linux-x86_64-fedora-gcc, r-devel-osx-x86_64-clang, r-devel-windows-ix86+x86_64, r-patched-linux-x86_64, r-patched-solaris-sparc, r-patched-solaris-x86, r-release-linux-ix86, r-release-linux-x86_64, r-release-osx-x86_64-mavericks, r-release-windows-ix86+x86_64, r-oldrel-windows-ix86+x86_64