CRAN Package Check Results for Package FD

Last updated on 2016-12-09 05:48:56.

Flavor Version Tinstall Tcheck Ttotal Status Flags
r-devel-linux-x86_64-debian-clang 1.0-12 3.36 49.07 52.43 NOTE
r-devel-linux-x86_64-debian-gcc 1.0-12 3.27 48.22 51.49 NOTE
r-devel-linux-x86_64-fedora-clang 1.0-12 116.65 NOTE --no-stop-on-test-error
r-devel-linux-x86_64-fedora-gcc 1.0-12 114.33 NOTE --no-stop-on-test-error
r-devel-macos-x86_64-clang 1.0-12 87.19 NOTE
r-devel-windows-ix86+x86_64 1.0-12 13.00 115.00 128.00 NOTE
r-patched-linux-x86_64 1.0-12 3.16 43.65 46.81 NOTE
r-patched-solaris-sparc 1.0-12 605.40 NOTE
r-patched-solaris-x86 1.0-12 130.10 NOTE
r-release-linux-x86_64 1.0-12 3.09 44.23 47.32 NOTE
r-release-osx-x86_64-mavericks 1.0-12 NOTE
r-release-windows-ix86+x86_64 1.0-12 10.00 102.00 112.00 NOTE
r-oldrel-windows-ix86+x86_64 1.0-12 17.00 113.00 130.00 OK

Check Details

Version: 1.0-12
Check: R code for possible problems
Result: NOTE
    dbFD: no visible global function definition for ‘dist’
    dbFD: no visible global function definition for ‘na.omit’
    dbFD: no visible global function definition for ‘plot’
    dbFD: no visible global function definition for ‘hclust’
    dbFD: no visible global function definition for ‘cutree’
    dbFD: no visible global function definition for ‘aggregate’
    dbFD : divc: no visible global function definition for ‘as.dist’
    dbFD: no visible global function definition for ‘as.dist’
    fdisp: no visible binding for global variable ‘weighted.mean’
    fdisp: no visible global function definition for ‘weighted.mean’
    functcomp: no visible global function definition for ‘weighted.mean’
    mahaldis: no visible global function definition for ‘dist’
    maxent: no visible global function definition for ‘coef’
    maxent: no visible global function definition for ‘lm’
    maxent.test: no visible global function definition for ‘cor’
    maxent.test: no visible global function definition for ‘par’
    maxent.test: no visible global function definition for ‘abline’
    maxent.test: no visible global function definition for ‘text’
    maxent.test: no visible global function definition for ‘lines’
    maxent.test: no visible global function definition for ‘mtext’
    simul.dbFD : <anonymous>: no visible global function definition for
     ‘runif’
    simul.dbFD : <anonymous>: no visible global function definition for
     ‘rnorm’
    simul.dbFD : <anonymous>: no visible global function definition for
     ‘rlnorm’
    simul.dbFD : fill.abun: no visible global function definition for
     ‘rlnorm’
    simul.dbFD : fill.abun: no visible global function definition for
     ‘rnorm’
    simul.dbFD : fill.abun: no visible global function definition for
     ‘runif’
    simul.dbFD: no visible global function definition for ‘cor.test’
    simul.dbFD: no visible global function definition for ‘par’
    simul.dbFD: no visible global function definition for ‘plot’
    simul.dbFD: no visible global function definition for ‘title’
    simul.dbFD: no visible global function definition for ‘mtext’
    simul.dbFD: no visible global function definition for ‘boxplot’
    Undefined global functions or variables:
     abline aggregate as.dist boxplot coef cor cor.test cutree dist hclust
     lines lm mtext na.omit par plot rlnorm rnorm runif text title
     weighted.mean
    Consider adding
     importFrom("graphics", "abline", "boxplot", "lines", "mtext", "par",
     "plot", "text", "title")
     importFrom("stats", "aggregate", "as.dist", "coef", "cor", "cor.test",
     "cutree", "dist", "hclust", "lm", "na.omit", "rlnorm",
     "rnorm", "runif", "weighted.mean")
    to your NAMESPACE file.
Flavors: r-devel-linux-x86_64-debian-clang, r-devel-linux-x86_64-debian-gcc, r-devel-macos-x86_64-clang, r-devel-windows-ix86+x86_64, r-patched-linux-x86_64, r-patched-solaris-sparc, r-patched-solaris-x86, r-release-linux-x86_64, r-release-osx-x86_64-mavericks, r-release-windows-ix86+x86_64

Version: 1.0-12
Flags: --no-stop-on-test-error
Check: R code for possible problems
Result: NOTE
    dbFD: no visible global function definition for ‘dist’
    dbFD: no visible global function definition for ‘na.omit’
    dbFD: no visible global function definition for ‘plot’
    dbFD: no visible global function definition for ‘hclust’
    dbFD: no visible global function definition for ‘cutree’
    dbFD: no visible global function definition for ‘aggregate’
    dbFD : divc: no visible global function definition for ‘as.dist’
    dbFD: no visible global function definition for ‘as.dist’
    fdisp: no visible binding for global variable ‘weighted.mean’
    fdisp: no visible global function definition for ‘weighted.mean’
    functcomp: no visible global function definition for ‘weighted.mean’
    mahaldis: no visible global function definition for ‘dist’
    maxent: no visible global function definition for ‘coef’
    maxent: no visible global function definition for ‘lm’
    maxent.test: no visible global function definition for ‘cor’
    maxent.test: no visible global function definition for ‘par’
    maxent.test: no visible global function definition for ‘abline’
    maxent.test: no visible global function definition for ‘text’
    maxent.test: no visible global function definition for ‘lines’
    maxent.test: no visible global function definition for ‘mtext’
    simul.dbFD : <anonymous>: no visible global function definition for
     ‘runif’
    simul.dbFD : <anonymous>: no visible global function definition for
     ‘rnorm’
    simul.dbFD : <anonymous>: no visible global function definition for
     ‘rlnorm’
    simul.dbFD : fill.abun: no visible global function definition for
     ‘rlnorm’
    simul.dbFD : fill.abun: no visible global function definition for
     ‘rnorm’
    simul.dbFD : fill.abun: no visible global function definition for
     ‘runif’
    simul.dbFD: no visible global function definition for ‘cor.test’
    simul.dbFD: no visible global function definition for ‘par’
    simul.dbFD: no visible global function definition for ‘plot’
    simul.dbFD: no visible global function definition for ‘title’
    simul.dbFD: no visible global function definition for ‘mtext’
    simul.dbFD: no visible global function definition for ‘boxplot’
    Undefined global functions or variables:
     abline aggregate as.dist boxplot coef cor cor.test cutree dist hclust
     lines lm mtext na.omit par plot rlnorm rnorm runif text title
     weighted.mean
    Consider adding
     importFrom("graphics", "abline", "boxplot", "lines", "mtext", "par",
     "plot", "text", "title")
     importFrom("stats", "aggregate", "as.dist", "coef", "cor", "cor.test",
     "cutree", "dist", "hclust", "lm", "na.omit", "rlnorm",
     "rnorm", "runif", "weighted.mean")
    to your NAMESPACE file.
Flavors: r-devel-linux-x86_64-fedora-clang, r-devel-linux-x86_64-fedora-gcc