CRAN Package Check Results for Package FD

Last updated on 2017-02-21 23:50:40.

Flavor Version Tinstall Tcheck Ttotal Status Flags
r-devel-linux-x86_64-debian-clang 1.0-12 3.36 49.39 52.75 NOTE
r-devel-linux-x86_64-debian-gcc 1.0-12 3.23 48.97 52.20 NOTE
r-devel-linux-x86_64-fedora-clang 1.0-12 113.19 NOTE --no-stop-on-test-error
r-devel-linux-x86_64-fedora-gcc 1.0-12 114.70 NOTE --no-stop-on-test-error
r-devel-macos-x86_64-clang 1.0-12 87.25 NOTE --no-stop-on-test-error
r-devel-windows-ix86+x86_64 1.0-12 18.00 174.00 192.00 NOTE
r-patched-linux-x86_64 1.0-12 3.38 45.12 48.50 NOTE
r-patched-solaris-sparc 1.0-12 600.50 NOTE
r-patched-solaris-x86 1.0-12 135.50 NOTE
r-release-linux-x86_64 1.0-12 3.10 45.63 48.73 NOTE
r-release-osx-x86_64-mavericks 1.0-12 NOTE
r-release-windows-ix86+x86_64 1.0-12 27.00 118.00 145.00 NOTE
r-oldrel-windows-ix86+x86_64 1.0-12 16.00 221.00 237.00 OK

Check Details

Version: 1.0-12
Check: R code for possible problems
Result: NOTE
    dbFD: no visible global function definition for ‘dist’
    dbFD: no visible global function definition for ‘na.omit’
    dbFD: no visible global function definition for ‘plot’
    dbFD: no visible global function definition for ‘hclust’
    dbFD: no visible global function definition for ‘cutree’
    dbFD: no visible global function definition for ‘aggregate’
    dbFD : divc: no visible global function definition for ‘as.dist’
    dbFD: no visible global function definition for ‘as.dist’
    fdisp: no visible binding for global variable ‘weighted.mean’
    fdisp: no visible global function definition for ‘weighted.mean’
    functcomp: no visible global function definition for ‘weighted.mean’
    mahaldis: no visible global function definition for ‘dist’
    maxent: no visible global function definition for ‘coef’
    maxent: no visible global function definition for ‘lm’
    maxent.test: no visible global function definition for ‘cor’
    maxent.test: no visible global function definition for ‘par’
    maxent.test: no visible global function definition for ‘abline’
    maxent.test: no visible global function definition for ‘text’
    maxent.test: no visible global function definition for ‘lines’
    maxent.test: no visible global function definition for ‘mtext’
    simul.dbFD : <anonymous>: no visible global function definition for
     ‘runif’
    simul.dbFD : <anonymous>: no visible global function definition for
     ‘rnorm’
    simul.dbFD : <anonymous>: no visible global function definition for
     ‘rlnorm’
    simul.dbFD : fill.abun: no visible global function definition for
     ‘rlnorm’
    simul.dbFD : fill.abun: no visible global function definition for
     ‘rnorm’
    simul.dbFD : fill.abun: no visible global function definition for
     ‘runif’
    simul.dbFD: no visible global function definition for ‘cor.test’
    simul.dbFD: no visible global function definition for ‘par’
    simul.dbFD: no visible global function definition for ‘plot’
    simul.dbFD: no visible global function definition for ‘title’
    simul.dbFD: no visible global function definition for ‘mtext’
    simul.dbFD: no visible global function definition for ‘boxplot’
    Undefined global functions or variables:
     abline aggregate as.dist boxplot coef cor cor.test cutree dist hclust
     lines lm mtext na.omit par plot rlnorm rnorm runif text title
     weighted.mean
    Consider adding
     importFrom("graphics", "abline", "boxplot", "lines", "mtext", "par",
     "plot", "text", "title")
     importFrom("stats", "aggregate", "as.dist", "coef", "cor", "cor.test",
     "cutree", "dist", "hclust", "lm", "na.omit", "rlnorm",
     "rnorm", "runif", "weighted.mean")
    to your NAMESPACE file.
Flavors: r-devel-linux-x86_64-debian-clang, r-devel-linux-x86_64-debian-gcc, r-devel-windows-ix86+x86_64, r-patched-linux-x86_64, r-patched-solaris-sparc, r-patched-solaris-x86, r-release-linux-x86_64, r-release-osx-x86_64-mavericks, r-release-windows-ix86+x86_64

Version: 1.0-12
Check: compiled code
Result: NOTE
    File ‘FD/libs/FD.so’:
     Found no calls to: ‘R_registerRoutines’, ‘R_useDynamicSymbols’
    
    It is good practice to register native routines and to disable symbol
    search.
    
    See ‘Writing portable packages’ in the ‘Writing R Extensions’ manual.
Flavors: r-devel-linux-x86_64-debian-clang, r-devel-linux-x86_64-debian-gcc

Version: 1.0-12
Flags: --no-stop-on-test-error
Check: R code for possible problems
Result: NOTE
    dbFD: no visible global function definition for ‘dist’
    dbFD: no visible global function definition for ‘na.omit’
    dbFD: no visible global function definition for ‘plot’
    dbFD: no visible global function definition for ‘hclust’
    dbFD: no visible global function definition for ‘cutree’
    dbFD: no visible global function definition for ‘aggregate’
    dbFD : divc: no visible global function definition for ‘as.dist’
    dbFD: no visible global function definition for ‘as.dist’
    fdisp: no visible binding for global variable ‘weighted.mean’
    fdisp: no visible global function definition for ‘weighted.mean’
    functcomp: no visible global function definition for ‘weighted.mean’
    mahaldis: no visible global function definition for ‘dist’
    maxent: no visible global function definition for ‘coef’
    maxent: no visible global function definition for ‘lm’
    maxent.test: no visible global function definition for ‘cor’
    maxent.test: no visible global function definition for ‘par’
    maxent.test: no visible global function definition for ‘abline’
    maxent.test: no visible global function definition for ‘text’
    maxent.test: no visible global function definition for ‘lines’
    maxent.test: no visible global function definition for ‘mtext’
    simul.dbFD : <anonymous>: no visible global function definition for
     ‘runif’
    simul.dbFD : <anonymous>: no visible global function definition for
     ‘rnorm’
    simul.dbFD : <anonymous>: no visible global function definition for
     ‘rlnorm’
    simul.dbFD : fill.abun: no visible global function definition for
     ‘rlnorm’
    simul.dbFD : fill.abun: no visible global function definition for
     ‘rnorm’
    simul.dbFD : fill.abun: no visible global function definition for
     ‘runif’
    simul.dbFD: no visible global function definition for ‘cor.test’
    simul.dbFD: no visible global function definition for ‘par’
    simul.dbFD: no visible global function definition for ‘plot’
    simul.dbFD: no visible global function definition for ‘title’
    simul.dbFD: no visible global function definition for ‘mtext’
    simul.dbFD: no visible global function definition for ‘boxplot’
    Undefined global functions or variables:
     abline aggregate as.dist boxplot coef cor cor.test cutree dist hclust
     lines lm mtext na.omit par plot rlnorm rnorm runif text title
     weighted.mean
    Consider adding
     importFrom("graphics", "abline", "boxplot", "lines", "mtext", "par",
     "plot", "text", "title")
     importFrom("stats", "aggregate", "as.dist", "coef", "cor", "cor.test",
     "cutree", "dist", "hclust", "lm", "na.omit", "rlnorm",
     "rnorm", "runif", "weighted.mean")
    to your NAMESPACE file.
Flavors: r-devel-linux-x86_64-fedora-clang, r-devel-linux-x86_64-fedora-gcc, r-devel-macos-x86_64-clang

Version: 1.0-12
Flags: --no-stop-on-test-error
Check: compiled code
Result: NOTE
    File ‘FD/libs/FD.so’:
     Found no calls to: ‘R_registerRoutines’, ‘R_useDynamicSymbols’
    
    It is good practice to register native routines and to disable symbol
    search.
    
    See ‘Writing portable packages’ in the ‘Writing R Extensions’ manual.
Flavors: r-devel-linux-x86_64-fedora-clang, r-devel-linux-x86_64-fedora-gcc, r-devel-macos-x86_64-clang