CRAN Package Check Results for Package FD

Last updated on 2014-04-25 05:47:15.

Flavor Version Tinstall Tcheck Ttotal Status Flags
r-devel-linux-x86_64-debian-clang 1.0-11 1.86 32.16 34.02 NOTE
r-devel-linux-x86_64-debian-gcc 1.0-11 1.76 32.03 33.79 NOTE
r-devel-linux-x86_64-fedora-clang 1.0-11 67.60 NOTE
r-devel-linux-x86_64-fedora-gcc 1.0-11 64.65 NOTE
r-devel-osx-x86_64-clang 1.0-11 63.75 NOTE
r-devel-osx-x86_64-gcc 1.0-11 ERROR
r-devel-windows-ix86+x86_64 1.0-11 8.00 68.00 76.00 NOTE
r-patched-linux-x86_64 1.0-11 1.85 33.01 34.86 NOTE
r-patched-solaris-sparc 1.0-11 376.70 NOTE
r-patched-solaris-x86 1.0-11 87.60 NOTE
r-release-linux-ix86 1.0-11 3.00 58.00 61.00 NOTE
r-release-linux-x86_64 1.0-11 1.74 32.12 33.86 NOTE
r-release-osx-x86_64-mavericks 1.0-11 WARN
r-release-windows-ix86+x86_64 1.0-11 8.00 70.00 78.00 NOTE
r-oldrel-windows-ix86+x86_64 1.0-11 9.00 73.00 82.00 NOTE

Check Details

Version: 1.0-11
Check: dependencies in R code
Result: NOTE
    Packages in Depends field not imported from:
     ‘ade4’ ‘ape’ ‘geometry’ ‘vegan’
     These packages need to be imported from (in the NAMESPACE file)
     for when this namespace is loaded but not attached.
    See the information on DESCRIPTION files in the chapter ‘Creating R
    packages’ of the ‘Writing R Extensions’ manual.
Flavors: r-devel-linux-x86_64-debian-clang, r-devel-linux-x86_64-debian-gcc, r-devel-linux-x86_64-fedora-clang, r-devel-linux-x86_64-fedora-gcc, r-devel-osx-x86_64-clang, r-devel-windows-ix86+x86_64, r-patched-linux-x86_64, r-patched-solaris-sparc, r-patched-solaris-x86, r-release-linux-ix86, r-release-linux-x86_64, r-release-osx-x86_64-mavericks, r-release-windows-ix86+x86_64, r-oldrel-windows-ix86+x86_64

Version: 1.0-11
Check: package dependencies
Result: ERROR
    Package required but not available: ‘vegan’
    
    See the information on DESCRIPTION files in the chapter ‘Creating R
    packages’ of the ‘Writing R Extensions’ manual.
Flavor: r-devel-osx-x86_64-gcc

Version: 1.0-11
Check: PDF version of manual
Result: WARNING
    LaTeX errors when creating PDF version.
    This typically indicates Rd problems.
    LaTeX errors found:
    ! LaTeX Error: File `upquote.sty' not found.
    
    Type X to quit or <RETURN> to proceed,
    or enter new name. (Default extension: sty)
    
    5d1398f/Rd2.tex:8: ==> Fatal error occurred, no output PDF file produced!
Flavor: r-release-osx-x86_64-mavericks