CRAN Package Check Results for Package FD

Last updated on 2015-05-03 16:46:31.

Flavor Version Tinstall Tcheck Ttotal Status Flags
r-devel-linux-x86_64-debian-clang 1.0-12 3.66 50.29 53.95 OK
r-devel-linux-x86_64-debian-gcc 1.0-12 3.60 50.51 54.12 OK
r-devel-linux-x86_64-fedora-clang 1.0-12 111.55 OK
r-devel-linux-x86_64-fedora-gcc 1.0-12 106.39 OK
r-devel-osx-x86_64-clang 1.0-12 94.86 OK
r-devel-windows-ix86+x86_64 1.0-12 11.00 107.00 118.00 OK
r-patched-linux-x86_64 1.0-12 3.43 50.70 54.13 OK
r-patched-solaris-sparc 1.0-12 624.70 OK
r-patched-solaris-x86 1.0-12 149.90 OK
r-release-linux-x86_64 1.0-12 3.41 49.98 53.39 OK
r-release-osx-x86_64-mavericks 1.0-12 OK
r-release-osx-x86_64-snowleopard 1.0-12 ERROR
r-release-windows-ix86+x86_64 1.0-12 13.00 108.00 121.00 OK
r-oldrel-windows-ix86+x86_64 1.0-12 15.00 126.00 141.00 OK

Check Details

Version: 1.0-12
Check: package dependencies
Result: ERROR
    Package required but not available: ‘vegan’
    
    See section ‘The DESCRIPTION file’ in the ‘Writing R Extensions’
    manual.
Flavor: r-release-osx-x86_64-snowleopard