CRAN Package Check Results for Package FD

Last updated on 2015-07-04 21:46:30.

Flavor Version Tinstall Tcheck Ttotal Status Flags
r-devel-linux-x86_64-debian-clang 1.0-12 3.86 55.69 59.54 NOTE
r-devel-linux-x86_64-debian-gcc 1.0-12 3.46 50.48 53.94 NOTE
r-devel-linux-x86_64-fedora-clang 1.0-12 109.72 NOTE
r-devel-linux-x86_64-fedora-gcc 1.0-12 103.94 NOTE
r-devel-osx-x86_64-clang 1.0-12 91.06 OK
r-devel-windows-ix86+x86_64 1.0-12 20.00 107.00 127.00 NOTE
r-patched-linux-x86_64 1.0-12 3.77 50.42 54.19 OK
r-patched-solaris-sparc 1.0-12 653.40 OK
r-patched-solaris-x86 1.0-12 149.90 OK
r-release-linux-x86_64 1.0-12 3.63 49.02 52.65 OK
r-release-osx-x86_64-mavericks 1.0-12 OK
r-release-windows-ix86+x86_64 1.0-12 16.00 105.00 121.00 OK
r-oldrel-windows-ix86+x86_64 1.0-12 18.00 132.00 150.00 OK

Check Details

Version: 1.0-12
Check: R code for possible problems
Result: NOTE
    dbFD: no visible global function definition for ‘dist’
    dbFD: no visible global function definition for ‘na.omit’
    dbFD: no visible global function definition for ‘plot’
    dbFD: no visible global function definition for ‘hclust’
    dbFD: no visible global function definition for ‘cutree’
    dbFD: no visible global function definition for ‘aggregate’
    dbFD : divc: no visible global function definition for ‘as.dist’
    dbFD: no visible global function definition for ‘as.dist’
    fdisp: no visible binding for global variable ‘weighted.mean’
    fdisp: no visible global function definition for ‘weighted.mean’
    functcomp: no visible global function definition for ‘weighted.mean’
    mahaldis: no visible global function definition for ‘dist’
    maxent: no visible global function definition for ‘coef’
    maxent: no visible global function definition for ‘lm’
    maxent.test: no visible global function definition for ‘cor’
    maxent.test: no visible global function definition for ‘par’
    maxent.test: no visible global function definition for ‘abline’
    maxent.test: no visible global function definition for ‘text’
    maxent.test: no visible global function definition for ‘lines’
    maxent.test: no visible global function definition for ‘mtext’
    simul.dbFD : <anonymous>: no visible global function definition for
     ‘runif’
    simul.dbFD : <anonymous>: no visible global function definition for
     ‘rnorm’
    simul.dbFD : <anonymous>: no visible global function definition for
     ‘rlnorm’
    simul.dbFD : fill.abun: no visible global function definition for
     ‘rlnorm’
    simul.dbFD : fill.abun: no visible global function definition for
     ‘rnorm’
    simul.dbFD : fill.abun: no visible global function definition for
     ‘runif’
    simul.dbFD: no visible global function definition for ‘cor.test’
    simul.dbFD: no visible global function definition for ‘par’
    simul.dbFD: no visible global function definition for ‘plot’
    simul.dbFD: no visible global function definition for ‘title’
    simul.dbFD: no visible global function definition for ‘mtext’
    simul.dbFD: no visible global function definition for ‘boxplot’
    Undefined global functions or variables:
     abline aggregate as.dist boxplot coef cor cor.test cutree dist hclust
     lines lm mtext na.omit par plot rlnorm rnorm runif text title
     weighted.mean
Flavors: r-devel-linux-x86_64-debian-clang, r-devel-linux-x86_64-debian-gcc, r-devel-linux-x86_64-fedora-clang, r-devel-linux-x86_64-fedora-gcc, r-devel-windows-ix86+x86_64