CRAN Package Check Results for Package FFD

Last updated on 2014-08-30 11:51:23.

Flavor Version Tinstall Tcheck Ttotal Status Flags
r-devel-linux-x86_64-debian-clang 1.0-2 2.07 41.40 43.47 NOTE
r-devel-linux-x86_64-debian-gcc 1.0-2 1.90 41.46 43.36 NOTE
r-devel-linux-x86_64-fedora-clang 1.0-2 92.49 NOTE
r-devel-linux-x86_64-fedora-gcc 1.0-2 90.29 NOTE
r-devel-osx-x86_64-clang 1.0-2 83.93 NOTE
r-devel-windows-ix86+x86_64 1.0-2 10.00 78.00 88.00 NOTE
r-patched-linux-x86_64 1.0-2 2.11 41.81 43.92 NOTE
r-patched-solaris-sparc 1.0-2 551.50 NOTE
r-patched-solaris-x86 1.0-2 131.30 NOTE
r-release-linux-ix86 1.0-2 2.75 58.72 61.47 NOTE
r-release-linux-x86_64 1.0-2 1.93 42.63 44.56 NOTE
r-release-osx-x86_64-mavericks 1.0-2 NOTE
r-release-windows-ix86+x86_64 1.0-2 7.00 82.00 89.00 NOTE
r-oldrel-windows-ix86+x86_64 1.0-2 9.00 109.00 118.00 NOTE

Check Details

Version: 1.0-2
Check: DESCRIPTION meta-information
Result: NOTE
    Package listed in more than one of Depends, Imports, Suggests, Enhances:
     ‘methods’
    A package should be listed in only one of these fields.
Flavors: r-devel-linux-x86_64-debian-clang, r-devel-linux-x86_64-debian-gcc, r-devel-linux-x86_64-fedora-clang, r-devel-linux-x86_64-fedora-gcc, r-devel-osx-x86_64-clang, r-devel-windows-ix86+x86_64, r-patched-linux-x86_64, r-patched-solaris-sparc, r-patched-solaris-x86, r-release-linux-ix86, r-release-linux-x86_64, r-release-osx-x86_64-mavericks, r-release-windows-ix86+x86_64, r-oldrel-windows-ix86+x86_64

Version: 1.0-2
Check: dependencies in R code
Result: NOTE
    Package in Depends field not imported from: ‘tkrplot’
     These packages need to be imported from (in the NAMESPACE file)
     for when this namespace is loaded but not attached.
    See the information on DESCRIPTION files in the chapter ‘Creating R
    packages’ of the ‘Writing R Extensions’ manual.
Flavors: r-devel-linux-x86_64-debian-clang, r-devel-linux-x86_64-debian-gcc, r-devel-linux-x86_64-fedora-clang, r-devel-linux-x86_64-fedora-gcc, r-devel-osx-x86_64-clang, r-devel-windows-ix86+x86_64, r-patched-linux-x86_64, r-patched-solaris-sparc, r-patched-solaris-x86, r-release-linux-ix86, r-release-linux-x86_64, r-release-osx-x86_64-mavericks, r-release-windows-ix86+x86_64, r-oldrel-windows-ix86+x86_64

Version: 1.0-2
Check: R code for possible problems
Result: NOTE
    plotWidget: no visible global function definition for ‘tkrplot’
    
    Found the following assignments to the global environment:
    File ‘FFD/R/FFD_GUI-internal.R’:
     assign("setRGWindow_ID", ID, envir = .GlobalEnv)
    File ‘FFD/R/FFD_GUI.R’:
     assign("setRGWindow_ID", "windowNotYetInitialized", envir = .GlobalEnv)
Flavors: r-devel-linux-x86_64-debian-clang, r-devel-linux-x86_64-debian-gcc, r-devel-linux-x86_64-fedora-clang, r-devel-osx-x86_64-clang

Version: 1.0-2
Check: R code for possible problems
Result: NOTE
    plotWidget: no visible global function definition for ‘tkrplot’
Flavors: r-devel-linux-x86_64-fedora-gcc, r-devel-windows-ix86+x86_64

Version: 1.0-2
Check: R code for possible problems
Result: NOTE
    Found the following assignments to the global environment:
    File ‘FFD/R/FFD_GUI-internal.R’:
     assign("setRGWindow_ID", ID, envir = .GlobalEnv)
    File ‘FFD/R/FFD_GUI.R’:
     assign("setRGWindow_ID", "windowNotYetInitialized", envir = .GlobalEnv)
Flavors: r-patched-linux-x86_64, r-release-linux-ix86, r-release-linux-x86_64