CRAN Package Check Results for Package FFD

Last updated on 2015-07-28 23:47:31.

Flavor Version Tinstall Tcheck Ttotal Status Flags
r-devel-linux-x86_64-debian-clang 1.0-6 1.78 43.44 45.22 NOTE
r-devel-linux-x86_64-debian-gcc 1.0-6 1.73 42.98 44.71 NOTE
r-devel-linux-x86_64-fedora-clang 1.0-6 88.14 NOTE
r-devel-linux-x86_64-fedora-gcc 1.0-6 84.16 NOTE
r-devel-osx-x86_64-clang 1.0-6 82.81 OK
r-devel-windows-ix86+x86_64 1.0-6 10.00 81.00 91.00 NOTE
r-patched-linux-x86_64 1.0-6 1.64 43.97 45.61 OK
r-patched-solaris-sparc 1.0-6 548.80 OK
r-patched-solaris-x86 1.0-6 119.50 OK
r-release-linux-x86_64 1.0-6 1.72 43.93 45.66 OK
r-release-osx-x86_64-mavericks 1.0-6 OK
r-release-windows-ix86+x86_64 1.0-6 13.00 94.00 107.00 OK
r-oldrel-windows-ix86+x86_64 1.0-6 11.00 95.00 106.00 OK

Check Details

Version: 1.0-6
Check: R code for possible problems
Result: NOTE
    FFD_GUI : <anonymous>: no visible global function definition for ‘help’
    FFD_GUI: no visible global function definition for ‘packageDescription’
    buildMySurvey: no visible global function definition for ‘read.csv2’
    chooseColumnName: no visible global function definition for ‘read.csv2’
    computePValue: no visible global function definition for ‘dhyper’
    lls: no visible global function definition for ‘object.size’
    plotWidget : plotFunction: no visible global function definition for
     ‘par’
    sampleFarms: no visible global function definition for ‘write.csv2’
    savePlot: no visible global function definition for ‘jpeg’
    savePlot: no visible global function definition for ‘png’
    savePlot: no visible global function definition for ‘pdf’
    savePlot: no visible global function definition for ‘dev.off’
    setRGParameters: no visible global function definition for ‘read.csv2’
    HTML,IndSampling: no visible global function definition for ‘median’
    HTML,IndSamplingSummary: no visible global function definition for
     ‘median’
    HTML,IndSamplingSummary: no visible global function definition for
     ‘par’
    HTML,LtdSampling: no visible global function definition for ‘median’
    HTML,LtdSamplingSummary: no visible global function definition for
     ‘median’
    HTML,LtdSamplingSummary: no visible global function definition for
     ‘par’
    plot,IndSamplingSummary: no visible global function definition for
     ‘par’
    plot,IndSamplingSummary: no visible global function definition for
     ‘title’
    plot,LtdSamplingSummary: no visible global function definition for
     ‘par’
    plot,LtdSamplingSummary: no visible global function definition for
     ‘title’
    show,IndSampling: no visible global function definition for
     ‘capture.output’
    show,LtdSampling: no visible global function definition for
     ‘capture.output’
    show,SurveyData: no visible global function definition for ‘head’
    summary,IndSampling: no visible global function definition for
     ‘capture.output’
    summary,IndSamplingSummary: no visible global function definition for
     ‘capture.output’
    summary,LtdSampling: no visible global function definition for
     ‘capture.output’
    summary,LtdSamplingSummary: no visible global function definition for
     ‘capture.output’
    summary,SurveyData: no visible global function definition for
     ‘capture.output’
    summary,SurveyData: no visible global function definition for ‘str’
    Undefined global functions or variables:
     capture.output dev.off dhyper head help jpeg median object.size
     packageDescription par pdf png read.csv2 str title write.csv2
    Consider adding
     importFrom("grDevices", "dev.off", "jpeg", "pdf", "png")
     importFrom("graphics", "par", "title")
     importFrom("stats", "dhyper", "median")
     importFrom("utils", "capture.output", "head", "help", "object.size",
     "packageDescription", "read.csv2", "str", "write.csv2")
    to your NAMESPACE.
Flavors: r-devel-linux-x86_64-debian-clang, r-devel-linux-x86_64-debian-gcc, r-devel-linux-x86_64-fedora-clang, r-devel-linux-x86_64-fedora-gcc, r-devel-windows-ix86+x86_64