CRAN Package Check Results for Package FFD

Last updated on 2014-10-24 08:49:07.

Flavor Version Tinstall Tcheck Ttotal Status Flags
r-devel-linux-x86_64-debian-clang 1.0-2 1.89 43.40 45.29 NOTE
r-devel-linux-x86_64-debian-gcc 1.0-2 1.85 42.91 44.76 NOTE
r-devel-linux-x86_64-fedora-clang 1.0-2 92.25 NOTE
r-devel-linux-x86_64-fedora-gcc 1.0-2 87.54 NOTE
r-devel-osx-x86_64-clang 1.0-2 85.17 NOTE
r-devel-windows-ix86+x86_64 1.0-2 8.00 76.00 84.00 NOTE
r-patched-linux-x86_64 1.0-2 2.01 45.60 47.61 NOTE
r-patched-solaris-sparc 1.0-2 562.50 NOTE
r-patched-solaris-x86 1.0-2 125.20 NOTE
r-release-linux-ix86 1.0-2 2.77 59.88 62.65 NOTE
r-release-linux-x86_64 1.0-2 1.93 45.84 47.77 NOTE
r-release-osx-x86_64-mavericks 1.0-2 NOTE
r-release-windows-ix86+x86_64 1.0-2 9.00 87.00 96.00 NOTE
r-oldrel-windows-ix86+x86_64 1.0-2 10.00 90.00 100.00 NOTE

Check Details

Version: 1.0-2
Check: DESCRIPTION meta-information
Result: NOTE
    Package listed in more than one of Depends, Imports, Suggests, Enhances:
     ‘methods’
    A package should be listed in only one of these fields.
Flavors: r-devel-linux-x86_64-debian-clang, r-devel-linux-x86_64-debian-gcc, r-devel-linux-x86_64-fedora-clang, r-devel-linux-x86_64-fedora-gcc, r-devel-osx-x86_64-clang, r-devel-windows-ix86+x86_64, r-patched-linux-x86_64, r-patched-solaris-sparc, r-patched-solaris-x86, r-release-linux-ix86, r-release-linux-x86_64, r-release-osx-x86_64-mavericks, r-release-windows-ix86+x86_64, r-oldrel-windows-ix86+x86_64

Version: 1.0-2
Check: dependencies in R code
Result: NOTE
    Package in Depends field not imported from: ‘tkrplot’
     These packages need to be imported from (in the NAMESPACE file)
     for when this namespace is loaded but not attached.
    See the information on DESCRIPTION files in the chapter ‘Creating R
    packages’ of the ‘Writing R Extensions’ manual.
Flavors: r-devel-linux-x86_64-debian-clang, r-devel-linux-x86_64-debian-gcc, r-devel-linux-x86_64-fedora-clang, r-devel-linux-x86_64-fedora-gcc, r-devel-osx-x86_64-clang, r-devel-windows-ix86+x86_64, r-patched-linux-x86_64, r-patched-solaris-sparc, r-patched-solaris-x86, r-release-linux-ix86, r-release-linux-x86_64, r-release-osx-x86_64-mavericks, r-release-windows-ix86+x86_64, r-oldrel-windows-ix86+x86_64

Version: 1.0-2
Check: R code for possible problems
Result: NOTE
    plotWidget: no visible global function definition for ‘tkrplot’
    
    Found the following assignments to the global environment:
    File ‘FFD/R/FFD_GUI-internal.R’:
     assign("setRGWindow_ID", ID, envir = .GlobalEnv)
    File ‘FFD/R/FFD_GUI.R’:
     assign("setRGWindow_ID", "windowNotYetInitialized", envir = .GlobalEnv)
Flavors: r-devel-linux-x86_64-debian-clang, r-devel-linux-x86_64-debian-gcc, r-devel-linux-x86_64-fedora-clang, r-devel-osx-x86_64-clang, r-patched-linux-x86_64

Version: 1.0-2
Check: R code for possible problems
Result: NOTE
    plotWidget: no visible global function definition for ‘tkrplot’
Flavors: r-devel-linux-x86_64-fedora-gcc, r-devel-windows-ix86+x86_64, r-patched-solaris-sparc, r-patched-solaris-x86

Version: 1.0-2
Check: R code for possible problems
Result: NOTE
    Found the following assignments to the global environment:
    File ‘FFD/R/FFD_GUI-internal.R’:
     assign("setRGWindow_ID", ID, envir = .GlobalEnv)
    File ‘FFD/R/FFD_GUI.R’:
     assign("setRGWindow_ID", "windowNotYetInitialized", envir = .GlobalEnv)
Flavors: r-release-linux-ix86, r-release-linux-x86_64