CRAN Package Check Results for Package FFD

Last updated on 2022-05-23 15:53:34 CEST.

Flavor Version Tinstall Tcheck Ttotal Status Flags
r-devel-linux-x86_64-debian-clang 1.0-8 12.87 91.63 104.50 OK
r-devel-linux-x86_64-debian-gcc 1.0-8 9.58 71.01 80.59 OK
r-devel-linux-x86_64-fedora-clang 1.0-8 140.29 NOTE
r-devel-linux-x86_64-fedora-gcc 1.0-8 137.15 NOTE
r-devel-windows-x86_64 1.0-8 41.00 131.00 172.00 OK
r-patched-linux-x86_64 1.0-8 12.57 91.60 104.17 OK
r-release-linux-x86_64 1.0-8 OK
r-release-macos-arm64 1.0-8 63.00 OK
r-release-macos-x86_64 1.0-8 83.00 OK
r-release-windows-x86_64 1.0-8 36.00 131.00 167.00 OK
r-oldrel-macos-arm64 1.0-8 90.00 OK
r-oldrel-macos-x86_64 1.0-8 89.00 OK
r-oldrel-windows-ix86+x86_64 1.0-8 23.00 139.00 162.00 OK

Check Details

Version: 1.0-8
Check: compiled code
Result: NOTE
    File ‘FFD/libs/FFD.so’:
     Found no calls to: ‘R_registerRoutines’, ‘R_useDynamicSymbols’
    
    It is good practice to register native routines and to disable symbol
    search.
    
    See ‘Writing portable packages’ in the ‘Writing R Extensions’ manual.
Flavors: r-devel-linux-x86_64-fedora-clang, r-devel-linux-x86_64-fedora-gcc