CRAN Package Check Results for Package FFD

Last updated on 2014-12-21 23:47:00.

Flavor Version Tinstall Tcheck Ttotal Status Flags
r-devel-linux-x86_64-debian-clang 1.0-2 2.06 43.50 45.56 NOTE
r-devel-linux-x86_64-debian-gcc 1.0-2 1.88 43.78 45.66 NOTE
r-devel-linux-x86_64-fedora-clang 1.0-2 90.80 NOTE
r-devel-linux-x86_64-fedora-gcc 1.0-2 86.83 NOTE
r-devel-osx-x86_64-clang 1.0-2 86.28 NOTE
r-devel-windows-ix86+x86_64 1.0-2 11.00 84.00 95.00 NOTE
r-patched-linux-x86_64 1.0-2 2.16 45.69 47.86 NOTE
r-patched-solaris-sparc 1.0-2 562.50 NOTE
r-patched-solaris-x86 1.0-2 121.90 NOTE
r-release-linux-ix86 1.0-2 2.52 56.99 59.52 NOTE
r-release-linux-x86_64 1.0-2 1.97 45.66 47.64 NOTE
r-release-osx-x86_64-mavericks 1.0-2 NOTE
r-release-windows-ix86+x86_64 1.0-2 11.00 82.00 93.00 NOTE
r-oldrel-windows-ix86+x86_64 1.0-2 9.00 90.00 99.00 NOTE

Check Details

Version: 1.0-2
Check: DESCRIPTION meta-information
Result: NOTE
    Package listed in more than one of Depends, Imports, Suggests, Enhances:
     ‘methods’
    A package should be listed in only one of these fields.
Flavors: r-devel-linux-x86_64-debian-clang, r-devel-linux-x86_64-debian-gcc, r-devel-linux-x86_64-fedora-clang, r-devel-linux-x86_64-fedora-gcc, r-devel-osx-x86_64-clang, r-devel-windows-ix86+x86_64, r-patched-linux-x86_64, r-patched-solaris-sparc, r-patched-solaris-x86, r-release-linux-ix86, r-release-linux-x86_64, r-release-osx-x86_64-mavericks, r-release-windows-ix86+x86_64, r-oldrel-windows-ix86+x86_64

Version: 1.0-2
Check: dependencies in R code
Result: NOTE
    Package in Depends field not imported from: ‘tkrplot’
     These packages need to be imported from (in the NAMESPACE file)
     for when this namespace is loaded but not attached.
    See the information on DESCRIPTION files in the chapter ‘Creating R
    packages’ of the ‘Writing R Extensions’ manual.
Flavors: r-devel-linux-x86_64-debian-clang, r-devel-linux-x86_64-debian-gcc, r-devel-linux-x86_64-fedora-clang, r-devel-linux-x86_64-fedora-gcc, r-devel-osx-x86_64-clang, r-devel-windows-ix86+x86_64, r-patched-linux-x86_64, r-patched-solaris-sparc, r-patched-solaris-x86, r-release-linux-ix86, r-release-linux-x86_64, r-release-osx-x86_64-mavericks, r-release-windows-ix86+x86_64, r-oldrel-windows-ix86+x86_64

Version: 1.0-2
Check: R code for possible problems
Result: NOTE
    plotWidget: no visible global function definition for ‘tkrplot’
    
    Found the following assignments to the global environment:
    File ‘FFD/R/FFD_GUI-internal.R’:
     assign("setRGWindow_ID", ID, envir = .GlobalEnv)
    File ‘FFD/R/FFD_GUI.R’:
     assign("setRGWindow_ID", "windowNotYetInitialized", envir = .GlobalEnv)
Flavors: r-devel-linux-x86_64-debian-clang, r-devel-linux-x86_64-debian-gcc, r-devel-linux-x86_64-fedora-clang, r-devel-osx-x86_64-clang, r-patched-linux-x86_64, r-release-linux-ix86, r-release-linux-x86_64

Version: 1.0-2
Check: R code for possible problems
Result: NOTE
    plotWidget: no visible global function definition for ‘tkrplot’
Flavors: r-devel-linux-x86_64-fedora-gcc, r-devel-windows-ix86+x86_64, r-patched-solaris-sparc, r-patched-solaris-x86, r-release-windows-ix86+x86_64