CRAN Package Check Results for Package FFD

Last updated on 2015-06-30 19:47:45.

Flavor Version Tinstall Tcheck Ttotal Status Flags
r-devel-linux-x86_64-debian-clang 1.0-6 1.71 41.02 42.72 NOTE
r-devel-linux-x86_64-debian-gcc 1.0-6 1.58 41.16 42.74 NOTE
r-devel-linux-x86_64-fedora-clang 1.0-6 84.10 NOTE
r-devel-linux-x86_64-fedora-gcc 1.0-6 81.32 OK
r-devel-osx-x86_64-clang 1.0-6 79.58 OK
r-devel-windows-ix86+x86_64 1.0-6 14.00 84.00 98.00 NOTE
r-patched-linux-x86_64 1.0-6 1.62 41.32 42.94 OK
r-patched-solaris-sparc 1.0-6 524.80 OK
r-patched-solaris-x86 1.0-6 117.40 OK
r-release-linux-x86_64 1.0-6 1.66 41.08 42.74 OK
r-release-osx-x86_64-mavericks 1.0-6 OK
r-release-windows-ix86+x86_64 1.0-6 16.00 80.00 96.00 OK
r-oldrel-windows-ix86+x86_64 1.0-6 14.00 92.00 106.00 OK

Check Details

Version: 1.0-6
Check: R code for possible problems
Result: NOTE
    FFD_GUI : <anonymous>: no visible global function definition for ‘help’
    FFD_GUI: no visible global function definition for ‘packageDescription’
    buildMySurvey: no visible global function definition for ‘read.csv2’
    chooseColumnName: no visible global function definition for ‘read.csv2’
    computePValue: no visible global function definition for ‘dhyper’
    lls: no visible global function definition for ‘object.size’
    plotWidget : plotFunction: no visible global function definition for
     ‘par’
    sampleFarms: no visible global function definition for ‘write.csv2’
    savePlot: no visible global function definition for ‘jpeg’
    savePlot: no visible global function definition for ‘png’
    savePlot: no visible global function definition for ‘pdf’
    savePlot: no visible global function definition for ‘dev.off’
    setRGParameters: no visible global function definition for ‘read.csv2’
    plot,IndSamplingSummary: no visible global function definition for
     ‘par’
    plot,IndSamplingSummary: no visible global function definition for
     ‘title’
    plot,LtdSamplingSummary: no visible global function definition for
     ‘par’
    plot,LtdSamplingSummary: no visible global function definition for
     ‘title’
    show,IndSampling: no visible global function definition for
     ‘capture.output’
    show,LtdSampling: no visible global function definition for
     ‘capture.output’
    show,SurveyData: no visible global function definition for ‘head’
Flavors: r-devel-linux-x86_64-debian-clang, r-devel-linux-x86_64-debian-gcc, r-devel-linux-x86_64-fedora-clang, r-devel-windows-ix86+x86_64