CRAN Package Check Results for Package FFD

Last updated on 2016-04-30 11:49:00.

Flavor Version Tinstall Tcheck Ttotal Status Flags
r-devel-linux-x86_64-debian-gcc 1.0-6 1.70 43.09 44.79 NOTE
r-devel-linux-x86_64-fedora-clang 1.0-6 75.76 NOTE
r-devel-linux-x86_64-fedora-gcc 1.0-6 73.03 NOTE
r-devel-osx-x86_64-clang 1.0-6 81.36 NOTE
r-devel-windows-ix86+x86_64 1.0-6 8.00 90.00 98.00 NOTE
r-patched-linux-x86_64 1.0-6 1.64 42.76 44.40 NOTE
r-patched-solaris-sparc 1.0-6 503.60 NOTE
r-patched-solaris-x86 1.0-6 96.80 NOTE
r-release-linux-x86_64 1.0-6 1.98 48.77 50.75 OK
r-release-osx-x86_64-mavericks 1.0-6 OK
r-release-windows-ix86+x86_64 1.0-6 9.00 89.00 98.00 OK
r-oldrel-windows-ix86+x86_64 1.0-6 20.00 89.00 109.00 NOTE

Check Details

Version: 1.0-6
Check: R code for possible problems
Result: NOTE
    FFD_GUI : <anonymous>: no visible global function definition for ‘help’
    FFD_GUI: no visible global function definition for ‘packageDescription’
    buildMySurvey: no visible global function definition for ‘read.csv2’
    chooseColumnName: no visible global function definition for ‘read.csv2’
    computePValue: no visible global function definition for ‘dhyper’
    lls: no visible global function definition for ‘object.size’
    plotWidget : plotFunction: no visible global function definition for
     ‘par’
    sampleFarms: no visible global function definition for ‘write.csv2’
    savePlot: no visible global function definition for ‘jpeg’
    savePlot: no visible global function definition for ‘png’
    savePlot: no visible global function definition for ‘pdf’
    savePlot: no visible global function definition for ‘dev.off’
    setRGParameters: no visible global function definition for ‘read.csv2’
    HTML,IndSampling: no visible global function definition for ‘median’
    HTML,IndSamplingSummary: no visible global function definition for
     ‘median’
    HTML,IndSamplingSummary: no visible global function definition for
     ‘par’
    HTML,LtdSampling: no visible global function definition for ‘median’
    HTML,LtdSamplingSummary: no visible global function definition for
     ‘median’
    HTML,LtdSamplingSummary: no visible global function definition for
     ‘par’
    plot,IndSamplingSummary: no visible global function definition for
     ‘par’
    plot,IndSamplingSummary: no visible global function definition for
     ‘title’
    plot,LtdSamplingSummary: no visible global function definition for
     ‘par’
    plot,LtdSamplingSummary: no visible global function definition for
     ‘title’
    show,IndSampling: no visible global function definition for
     ‘capture.output’
    show,LtdSampling: no visible global function definition for
     ‘capture.output’
    show,SurveyData: no visible global function definition for ‘head’
    summary,IndSampling: no visible global function definition for
     ‘capture.output’
    summary,IndSamplingSummary: no visible global function definition for
     ‘capture.output’
    summary,LtdSampling: no visible global function definition for
     ‘capture.output’
    summary,LtdSamplingSummary: no visible global function definition for
     ‘capture.output’
    summary,SurveyData: no visible global function definition for
     ‘capture.output’
    summary,SurveyData: no visible global function definition for ‘str’
    Undefined global functions or variables:
     capture.output dev.off dhyper head help jpeg median object.size
     packageDescription par pdf png read.csv2 str title write.csv2
    Consider adding
     importFrom("grDevices", "dev.off", "jpeg", "pdf", "png")
     importFrom("graphics", "par", "title")
     importFrom("stats", "dhyper", "median")
     importFrom("utils", "capture.output", "head", "help", "object.size",
     "packageDescription", "read.csv2", "str", "write.csv2")
    to your NAMESPACE file.
Flavors: r-devel-linux-x86_64-debian-gcc, r-devel-linux-x86_64-fedora-clang, r-devel-linux-x86_64-fedora-gcc, r-devel-osx-x86_64-clang, r-devel-windows-ix86+x86_64, r-patched-linux-x86_64, r-patched-solaris-sparc, r-patched-solaris-x86

Version: 1.0-6
Check: re-building of vignette outputs
Result: NOTE
    Error in re-building vignettes:
     ...
    c/dvips/cm-super/cm-super-ts1.enc}<D:/Compiler/texmf/fonts/type1/public/amsfont
    s/cm/cmbx10.pfb><D:/Compiler/texmf/fonts/type1/public/amsfonts/cm/cmbx12.pfb><D
    :/Compiler/texmf/fonts/type1/public/amsfonts/cm/cmex10.pfb><D:/Compiler/texmf/f
    onts/type1/public/amsfonts/cm/cmitt10.pfb><D:/Compiler/texmf/fonts/type1/public
    /amsfonts/cm/cmmi10.pfb><D:/Compiler/texmf/fonts/type1/public/amsfonts/cm/cmmi6
    .pfb><D:/Compiler/texmf/fonts/type1/public/amsfonts/cm/cmmi8.pfb><D:/Compiler/t
    exmf/fonts/type1/public/amsfonts/cm/cmr10.pfb><D:/Compiler/texmf/fonts/type1/pu
    blic/amsfonts/cm/cmr6.pfb><D:/Compiler/texmf/fonts/type1/public/amsfonts/cm/cmr
    8.pfb><D:/Compiler/texmf/fonts/type1/public/amsfonts/cm/cmsl10.pfb><D:/Compiler
    /texmf/fonts/type1/public/amsfonts/cm/cmsltt10.pfb><D:/Compiler/texmf/fonts/typ
    e1/public/amsfonts/cm/cmss10.pfb><D:/Compiler/texmf/fonts/type1/public/amsfonts
    /cm/cmssbx10.pfb><D:/Compiler/texmf/fonts/type1/public/amsfonts/cm/cmssi10.pfb>
    <D:/Compiler/texmf/fonts/type1/public/amsfonts/cm/cmsy10.pfb><D:/Compiler/texmf
    /fonts/type1/public/amsfonts/cm/cmsy8.pfb><D:/Compiler/texmf/fonts/type1/public
    /amsfonts/cm/cmti10.pfb><D:/Compiler/texmf/fonts/type1/public/amsfonts/cm/cmti1
    2.pfb><D:/Compiler/texmf/fonts/type1/public/amsfonts/cm/cmtt10.pfb><D:/Compiler
    /texmf/fonts/type1/public/cm-super/sfrm1095.pfb><D:/Compiler/texmf/fonts/type1/
    public/cm-super/sftt1095.pfb>
    Output written on FFD-intro.pdf (31 pages, 591241 bytes).
    Transcript written on FFD-intro.log.
    Warning: running command '"pdflatex" -interaction=nonstopmode "FFD-intro.tex"' had status 1
    Error in texi2dvi(file = file, pdf = TRUE, clean = clean, quiet = quiet, :
     unable to run 'pdflatex' on 'FFD-intro.tex'
    Calls: buildVignettes -> texi2pdf -> texi2dvi
    Execution halted
Flavor: r-oldrel-windows-ix86+x86_64