CRAN Package Check Results for Package FFD

Last updated on 2014-04-23 12:48:18.

Flavor Version Tinstall Tcheck Ttotal Status Flags
r-devel-linux-x86_64-debian-clang 1.0-2 2.08 44.04 46.12 NOTE
r-devel-linux-x86_64-debian-gcc 1.0-2 2.10 44.76 46.86 NOTE
r-devel-linux-x86_64-fedora-clang 1.0-2 94.57 NOTE
r-devel-linux-x86_64-fedora-gcc 1.0-2 91.63 NOTE
r-devel-osx-x86_64-clang 1.0-2 85.32 NOTE
r-devel-osx-x86_64-gcc 1.0-2 NOTE
r-devel-windows-ix86+x86_64 1.0-2 8.00 78.00 86.00 NOTE
r-patched-linux-x86_64 1.0-2 2.05 43.78 45.84 NOTE
r-patched-solaris-sparc 1.0-2 535.20 NOTE
r-patched-solaris-x86 1.0-2 133.00 NOTE
r-release-linux-ix86 1.0-2 4.00 78.00 82.00 NOTE
r-release-linux-x86_64 1.0-2 2.20 45.52 47.72 NOTE
r-release-osx-x86_64-mavericks 1.0-2 WARN
r-release-windows-ix86+x86_64 1.0-2 8.00 83.00 91.00 NOTE
r-oldrel-windows-ix86+x86_64 1.0-2 10.00 106.00 116.00 NOTE

Check Details

Version: 1.0-2
Check: DESCRIPTION meta-information
Result: NOTE
    Package listed in more than one of Depends, Imports, Suggests, Enhances:
     ‘methods’
    A package should be listed in only one of these fields.
Flavors: r-devel-linux-x86_64-debian-clang, r-devel-linux-x86_64-debian-gcc, r-devel-linux-x86_64-fedora-clang, r-devel-linux-x86_64-fedora-gcc, r-devel-osx-x86_64-clang, r-devel-osx-x86_64-gcc, r-devel-windows-ix86+x86_64, r-patched-linux-x86_64, r-patched-solaris-sparc, r-patched-solaris-x86, r-release-linux-ix86, r-release-linux-x86_64, r-release-osx-x86_64-mavericks, r-release-windows-ix86+x86_64, r-oldrel-windows-ix86+x86_64

Version: 1.0-2
Check: dependencies in R code
Result: NOTE
    Package in Depends field not imported from: ‘tkrplot’
     These packages need to be imported from (in the NAMESPACE file)
     for when this namespace is loaded but not attached.
    See the information on DESCRIPTION files in the chapter ‘Creating R
    packages’ of the ‘Writing R Extensions’ manual.
Flavors: r-devel-linux-x86_64-debian-clang, r-devel-linux-x86_64-debian-gcc, r-devel-linux-x86_64-fedora-clang, r-devel-linux-x86_64-fedora-gcc, r-devel-osx-x86_64-clang, r-devel-osx-x86_64-gcc, r-devel-windows-ix86+x86_64, r-patched-linux-x86_64, r-patched-solaris-sparc, r-patched-solaris-x86, r-release-linux-ix86, r-release-linux-x86_64, r-release-osx-x86_64-mavericks, r-release-windows-ix86+x86_64, r-oldrel-windows-ix86+x86_64

Version: 1.0-2
Check: R code for possible problems
Result: NOTE
    Found the following assignments to the global environment:
    File ‘FFD/R/FFD_GUI-internal.R’:
     assign("setRGWindow_ID", ID, envir = .GlobalEnv)
    File ‘FFD/R/FFD_GUI.R’:
     assign("setRGWindow_ID", "windowNotYetInitialized", envir = .GlobalEnv)
Flavors: r-devel-linux-x86_64-debian-clang, r-devel-linux-x86_64-debian-gcc, r-devel-linux-x86_64-fedora-clang, r-devel-osx-x86_64-clang, r-patched-linux-x86_64, r-release-linux-ix86, r-release-linux-x86_64

Version: 1.0-2
Check: whether package can be installed
Result: WARNING
    Found the following significant warnings:
     Warning: loading Rplot failed
     Warning: loading Rplot failed
    See ‘/Builds/CRAN-QA-Simon/packages/mavericks-x86_64/results/3.1/FFD.Rcheck/00install.out’ for details.
Flavor: r-release-osx-x86_64-mavericks

Version: 1.0-2
Check: PDF version of manual
Result: WARNING
    LaTeX errors when creating PDF version.
    This typically indicates Rd problems.
    LaTeX errors found:
    ! LaTeX Error: File `upquote.sty' not found.
    
    Type X to quit or <RETURN> to proceed,
    or enter new name. (Default extension: sty)
    
    d37b731/Rd2.tex:8: ==> Fatal error occurred, no output PDF file produced!
Flavor: r-release-osx-x86_64-mavericks