CRAN Package Check Results for Package FGN

Last updated on 2015-05-26 06:46:53.

Flavor Version Tinstall Tcheck Ttotal Status Flags
r-devel-linux-x86_64-debian-clang 2.0-12 1.37 31.61 32.98 NOTE
r-devel-linux-x86_64-debian-gcc 2.0-12 1.40 30.64 32.04 NOTE
r-devel-linux-x86_64-fedora-clang 2.0-12 58.98 NOTE
r-devel-linux-x86_64-fedora-gcc 2.0-12 53.64 NOTE
r-devel-osx-x86_64-clang 2.0-12 49.41 NOTE
r-devel-windows-ix86+x86_64 2.0-12 7.00 51.00 58.00 NOTE
r-patched-linux-x86_64 2.0-12 1.44 31.04 32.48 NOTE
r-patched-solaris-sparc 2.0-12 382.80 NOTE
r-patched-solaris-x86 2.0-12 66.10 NOTE
r-release-linux-x86_64 2.0-12 1.48 30.25 31.73 NOTE
r-release-osx-x86_64-mavericks 2.0-12 NOTE
r-release-osx-x86_64-snowleopard 2.0-12 NOTE
r-release-windows-ix86+x86_64 2.0-12 6.00 59.00 65.00 NOTE
r-oldrel-windows-ix86+x86_64 2.0-12 10.00 73.00 83.00 NOTE

Check Details

Version: 2.0-12
Check: DESCRIPTION meta-information
Result: NOTE
    Deprecated license: CC BY-NC-SA 3.0
Flavors: r-devel-linux-x86_64-debian-clang, r-devel-linux-x86_64-debian-gcc, r-devel-linux-x86_64-fedora-clang, r-devel-linux-x86_64-fedora-gcc, r-devel-osx-x86_64-clang, r-patched-linux-x86_64, r-patched-solaris-sparc, r-patched-solaris-x86, r-release-linux-x86_64, r-release-osx-x86_64-mavericks, r-release-osx-x86_64-snowleopard

Version: 2.0-12
Check: S3 generic/method consistency
Result: NOTE
    Found the following apparent S3 methods exported but not registered:
     Boot.FitFGN predict.FitFGN
    See section ‘Registering S3 methods’ in the ‘Writing R Extensions’
    manual.
Flavors: r-devel-linux-x86_64-debian-clang, r-devel-linux-x86_64-debian-gcc, r-devel-linux-x86_64-fedora-clang, r-devel-linux-x86_64-fedora-gcc, r-devel-osx-x86_64-clang, r-patched-linux-x86_64, r-patched-solaris-sparc, r-patched-solaris-x86, r-release-linux-x86_64

Version: 2.0-12
Check: line endings in Makefiles
Result: NOTE
    Found the following Makefile(s) without a final LF:
     src/Makevars
    Some ‘make’ programs ignore lines not ending in LF.
Flavors: r-devel-linux-x86_64-debian-clang, r-devel-linux-x86_64-debian-gcc, r-devel-linux-x86_64-fedora-clang, r-devel-linux-x86_64-fedora-gcc, r-devel-osx-x86_64-clang, r-devel-windows-ix86+x86_64, r-patched-linux-x86_64, r-patched-solaris-sparc, r-patched-solaris-x86, r-release-linux-x86_64, r-release-osx-x86_64-mavericks, r-release-osx-x86_64-snowleopard, r-release-windows-ix86+x86_64, r-oldrel-windows-ix86+x86_64