CRAN Package Check Results for Package FGN

Last updated on 2015-07-30 22:49:50.

Flavor Version Tinstall Tcheck Ttotal Status Flags
r-devel-linux-x86_64-debian-clang 2.0-12 1.39 31.34 32.73 NOTE
r-devel-linux-x86_64-debian-gcc 2.0-12 1.43 30.12 31.54 NOTE
r-devel-linux-x86_64-fedora-clang 2.0-12 56.49 NOTE
r-devel-linux-x86_64-fedora-gcc 2.0-12 51.25 NOTE
r-devel-osx-x86_64-clang 2.0-12 48.35 NOTE
r-devel-windows-ix86+x86_64 2.0-12 7.00 52.00 59.00 NOTE
r-patched-linux-x86_64 2.0-12 1.39 30.83 32.22 NOTE
r-patched-solaris-sparc 2.0-12 384.70 NOTE
r-patched-solaris-x86 2.0-12 65.80 NOTE
r-release-linux-x86_64 2.0-12 1.40 30.85 32.25 NOTE
r-release-osx-x86_64-mavericks 2.0-12 NOTE
r-release-windows-ix86+x86_64 2.0-12 7.00 52.00 59.00 NOTE
r-oldrel-windows-ix86+x86_64 2.0-12 10.00 73.00 83.00 NOTE

Check Details

Version: 2.0-12
Check: DESCRIPTION meta-information
Result: NOTE
    Deprecated license: CC BY-NC-SA 3.0
Flavors: r-devel-linux-x86_64-debian-clang, r-devel-linux-x86_64-debian-gcc, r-devel-linux-x86_64-fedora-clang, r-devel-linux-x86_64-fedora-gcc, r-devel-osx-x86_64-clang, r-patched-linux-x86_64, r-patched-solaris-sparc, r-patched-solaris-x86, r-release-linux-x86_64, r-release-osx-x86_64-mavericks

Version: 2.0-12
Check: S3 generic/method consistency
Result: NOTE
    Found the following apparent S3 methods exported but not registered:
     Boot.FitFGN predict.FitFGN
    See section ‘Registering S3 methods’ in the ‘Writing R Extensions’
    manual.
Flavors: r-devel-linux-x86_64-debian-clang, r-devel-linux-x86_64-debian-gcc, r-devel-linux-x86_64-fedora-clang, r-devel-linux-x86_64-fedora-gcc, r-devel-osx-x86_64-clang, r-patched-linux-x86_64, r-patched-solaris-sparc, r-patched-solaris-x86, r-release-linux-x86_64

Version: 2.0-12
Check: R code for possible problems
Result: NOTE
    Boot.FitFGN: no visible global function definition for ‘ts’
    FitFGN: no visible global function definition for ‘tsp’
    FitFGN: no visible global function definition for ‘var’
    FitFGN: no visible global function definition for ‘acf’
    FitFGN: no visible global function definition for ‘pchisq’
    FitRegressionFGN: no visible global function definition for ‘lsfit’
    FitRegressionFGN: no visible global function definition for ‘toeplitz’
    GetFitFD: no visible global function definition for ‘spec.pgram’
    GetFitFD: no visible global function definition for ‘optimize’
    GetFitFD: no visible global function definition for ‘optim’
    GetFitFD: no visible global function definition for ‘uniroot’
    GetFitFD: no visible global function definition for ‘plot’
    GetFitFD: no visible global function definition for ‘par’
    GetFitFD: no visible global function definition for ‘text’
    GetFitFD: no visible global function definition for ‘polygon’
    GetFitFD: no visible global function definition for ‘lines’
    GetFitFGN: no visible global function definition for ‘spec.pgram’
    GetFitFGN: no visible global function definition for ‘optimize’
    GetFitFGN: no visible global function definition for ‘optim’
    GetFitFGN: no visible global function definition for ‘uniroot’
    GetFitFGN: no visible global function definition for ‘plot’
    GetFitFGN: no visible global function definition for ‘par’
    GetFitFGN: no visible global function definition for ‘text’
    GetFitFGN: no visible global function definition for ‘polygon’
    GetFitFGN: no visible global function definition for ‘lines’
    GetFitPLA: no visible global function definition for ‘spec.pgram’
    GetFitPLA: no visible global function definition for ‘optimize’
    GetFitPLA: no visible global function definition for ‘optim’
    GetFitPLA: no visible global function definition for ‘uniroot’
    GetFitPLA: no visible global function definition for ‘plot’
    GetFitPLA: no visible global function definition for ‘par’
    GetFitPLA: no visible global function definition for ‘text’
    GetFitPLA: no visible global function definition for ‘polygon’
    GetFitPLA: no visible global function definition for ‘lines’
    GetFitPLS: no visible global function definition for ‘spec.pgram’
    GetFitPLS: no visible global function definition for ‘optimize’
    GetFitPLS: no visible global function definition for ‘optim’
    GetFitPLS: no visible global function definition for ‘uniroot’
    GetFitPLS: no visible global function definition for ‘plot’
    GetFitPLS: no visible global function definition for ‘par’
    GetFitPLS: no visible global function definition for ‘text’
    GetFitPLS: no visible global function definition for ‘polygon’
    GetFitPLS: no visible global function definition for ‘lines’
    Reimann: no visible global function definition for ‘approx’
    WLoglikelihood: no visible global function definition for ‘spec.pgram’
    earfima: no visible global function definition for ‘optim’
    mix: no visible global function definition for ‘fft’
    mult: no visible global function definition for ‘convolve’
    plot.FitFGN: no visible global function definition for ‘acf’
    plot.FitFGN: no visible global function definition for ‘layout’
    plot.FitFGN: no visible global function definition for ‘plot’
    plot.FitFGN: no visible global function definition for ‘lines’
    plot.FitFGN: no visible global function definition for ‘abline’
    predict.FitFGN: no visible global function definition for ‘var’
    tacvfARFIMA: no visible global function definition for ‘nextn’
    tacvfFARMA: no visible global function definition for ‘nextn’
    warfima: no visible global function definition for ‘spec.pgram’
    warfima: no visible global function definition for ‘optim’
    Undefined global functions or variables:
     abline acf approx convolve fft layout lines lsfit nextn optim
     optimize par pchisq plot polygon spec.pgram text toeplitz ts tsp
     uniroot var
    Consider adding
     importFrom("graphics", "abline", "layout", "lines", "par", "plot",
     "polygon", "text")
     importFrom("stats", "acf", "approx", "convolve", "fft", "lsfit",
     "nextn", "optim", "optimize", "pchisq", "spec.pgram",
     "toeplitz", "ts", "tsp", "uniroot", "var")
    to your NAMESPACE.
Flavors: r-devel-linux-x86_64-debian-clang, r-devel-linux-x86_64-debian-gcc, r-devel-linux-x86_64-fedora-clang, r-devel-linux-x86_64-fedora-gcc, r-devel-windows-ix86+x86_64

Version: 2.0-12
Check: line endings in Makefiles
Result: NOTE
    Found the following Makefile(s) without a final LF:
     src/Makevars
    Some ‘make’ programs ignore lines not ending in LF.
Flavors: r-devel-linux-x86_64-debian-clang, r-devel-linux-x86_64-debian-gcc, r-devel-linux-x86_64-fedora-clang, r-devel-linux-x86_64-fedora-gcc, r-devel-osx-x86_64-clang, r-devel-windows-ix86+x86_64, r-patched-linux-x86_64, r-patched-solaris-sparc, r-patched-solaris-x86, r-release-linux-x86_64, r-release-osx-x86_64-mavericks, r-release-windows-ix86+x86_64, r-oldrel-windows-ix86+x86_64