CRAN Package Check Results for Package FGN

Last updated on 2014-07-30 11:49:48.

Flavor Version Tinstall Tcheck Ttotal Status Flags
r-devel-linux-x86_64-debian-clang 2.0-12 1.45 29.20 30.65 NOTE
r-devel-linux-x86_64-debian-gcc 2.0-12 1.46 28.27 29.73 NOTE
r-devel-linux-x86_64-fedora-clang 2.0-12 43.86 NOTE
r-devel-linux-x86_64-fedora-gcc 2.0-12 39.96 NOTE
r-devel-osx-x86_64-clang 2.0-12 51.05 NOTE
r-devel-windows-ix86+x86_64 2.0-12 6.00 56.00 62.00 OK
r-patched-linux-x86_64 2.0-12 1.44 29.34 30.78 NOTE
r-patched-solaris-sparc 2.0-12 408.10 OK
r-patched-solaris-x86 2.0-12 81.60 NOTE
r-release-linux-ix86 2.0-12 2.00 37.78 39.78 OK
r-release-linux-x86_64 2.0-12 1.47 28.46 29.93 OK
r-release-osx-x86_64-mavericks 2.0-12 OK
r-release-osx-x86_64-snowleopard 2.0-12 OK
r-release-windows-ix86+x86_64 2.0-12 10.00 54.00 64.00 OK
r-oldrel-windows-ix86+x86_64 2.0-12 8.00 59.00 67.00 OK

Check Details

Version: 2.0-12
Check: DESCRIPTION meta-information
Result: NOTE
    Deprecated license: CC BY-NC-SA 3.0
Flavors: r-devel-linux-x86_64-debian-clang, r-devel-linux-x86_64-debian-gcc, r-devel-linux-x86_64-fedora-clang, r-devel-linux-x86_64-fedora-gcc, r-devel-osx-x86_64-clang, r-patched-linux-x86_64, r-patched-solaris-x86