CRAN Package Check Results for Package FGN

Last updated on 2015-02-27 11:48:41.

Flavor Version Tinstall Tcheck Ttotal Status Flags
r-devel-linux-x86_64-debian-clang 2.0-12 1.38 31.41 32.78 NOTE
r-devel-linux-x86_64-debian-gcc 2.0-12 1.48 30.50 31.97 NOTE
r-devel-linux-x86_64-fedora-clang 2.0-12 57.68 NOTE
r-devel-linux-x86_64-fedora-gcc 2.0-12 51.75 NOTE
r-devel-osx-x86_64-clang 2.0-12 50.28 NOTE
r-devel-windows-ix86+x86_64 2.0-12 7.00 47.00 54.00 NOTE
r-patched-linux-x86_64 2.0-12 1.67 32.73 34.40 NOTE
r-patched-solaris-sparc 2.0-12 398.60 NOTE
r-patched-solaris-x86 2.0-12 74.00 NOTE
r-release-linux-ix86 2.0-12 2.09 44.04 46.13 NOTE
r-release-linux-x86_64 2.0-12 1.55 32.68 34.23 NOTE
r-release-osx-x86_64-mavericks 2.0-12 NOTE
r-release-osx-x86_64-snowleopard 2.0-12 OK
r-release-windows-ix86+x86_64 2.0-12 7.00 54.00 61.00 OK
r-oldrel-windows-ix86+x86_64 2.0-12 8.00 59.00 67.00 OK

Check Details

Version: 2.0-12
Check: DESCRIPTION meta-information
Result: NOTE
    Deprecated license: CC BY-NC-SA 3.0
Flavors: r-devel-linux-x86_64-debian-clang, r-devel-linux-x86_64-debian-gcc, r-devel-linux-x86_64-fedora-clang, r-devel-linux-x86_64-fedora-gcc, r-devel-osx-x86_64-clang, r-patched-linux-x86_64, r-patched-solaris-sparc, r-patched-solaris-x86, r-release-linux-ix86, r-release-linux-x86_64, r-release-osx-x86_64-mavericks

Version: 2.0-12
Check: S3 generic/method consistency
Result: NOTE
    Found the following apparent S3 methods exported but not registered:
     Boot.FitFGN predict.FitFGN
    See section ‘Registering S3 methods’ in the ‘Writing R Extensions’
    manual.
Flavors: r-devel-linux-x86_64-debian-clang, r-devel-linux-x86_64-debian-gcc, r-devel-linux-x86_64-fedora-clang, r-devel-linux-x86_64-fedora-gcc, r-devel-osx-x86_64-clang

Version: 2.0-12
Check: line endings in Makefiles
Result: NOTE
    Found the following Makefile(s) without a final LF:
     src/Makevars
    Some ‘make’ programs ignore lines not ending in LF.
Flavors: r-devel-linux-x86_64-debian-clang, r-devel-linux-x86_64-debian-gcc, r-devel-linux-x86_64-fedora-clang, r-devel-linux-x86_64-fedora-gcc, r-devel-osx-x86_64-clang, r-devel-windows-ix86+x86_64, r-patched-linux-x86_64, r-patched-solaris-sparc, r-patched-solaris-x86, r-release-osx-x86_64-mavericks