CRAN Package Check Results for Package FGN

Last updated on 2014-04-24 17:49:43.

Flavor Version Tinstall Tcheck Ttotal Status Flags
r-devel-linux-x86_64-debian-clang 2.0-11 1.54 30.81 32.35 NOTE
r-devel-linux-x86_64-debian-gcc 2.0-11 1.60 30.42 32.03 NOTE
r-devel-linux-x86_64-fedora-clang 2.0-11 67.07 NOTE
r-devel-linux-x86_64-fedora-gcc 2.0-11 62.66 NOTE
r-devel-osx-x86_64-clang 2.0-11 52.24 NOTE
r-devel-osx-x86_64-gcc 2.0-11 NOTE
r-devel-windows-ix86+x86_64 2.0-11 6.00 53.00 59.00 NOTE
r-patched-linux-x86_64 2.0-11 1.51 30.50 32.01 NOTE
r-patched-solaris-sparc 2.0-11 392.90 NOTE
r-patched-solaris-x86 2.0-11 72.40 NOTE
r-release-linux-ix86 2.0-11 2.00 51.00 53.00 NOTE
r-release-linux-x86_64 2.0-11 1.51 30.43 31.94 NOTE
r-release-osx-x86_64-mavericks 2.0-11 WARN
r-release-windows-ix86+x86_64 2.0-11 12.00 69.00 81.00 NOTE
r-oldrel-windows-ix86+x86_64 2.0-11 8.00 55.00 63.00 NOTE

Memtest notes: UBSAN

Check Details

Version: 2.0-11
Check: DESCRIPTION meta-information
Result: NOTE
    Package listed in more than one of Depends, Imports, Suggests, Enhances:
     ‘ltsa’
    A package should be listed in only one of these fields.
Flavors: r-devel-linux-x86_64-debian-clang, r-devel-linux-x86_64-debian-gcc, r-devel-linux-x86_64-fedora-clang, r-devel-linux-x86_64-fedora-gcc, r-devel-osx-x86_64-clang, r-devel-osx-x86_64-gcc, r-devel-windows-ix86+x86_64, r-patched-linux-x86_64, r-patched-solaris-sparc, r-patched-solaris-x86, r-release-linux-ix86, r-release-linux-x86_64, r-release-osx-x86_64-mavericks, r-release-windows-ix86+x86_64, r-oldrel-windows-ix86+x86_64

Version: 2.0-11
Check: dependencies in R code
Result: NOTE
    Package in Depends field not imported from: ‘akima’
     These packages need to be imported from (in the NAMESPACE file)
     for when this namespace is loaded but not attached.
    See the information on DESCRIPTION files in the chapter ‘Creating R
    packages’ of the ‘Writing R Extensions’ manual.
Flavors: r-devel-linux-x86_64-debian-clang, r-devel-linux-x86_64-debian-gcc, r-devel-linux-x86_64-fedora-clang, r-devel-linux-x86_64-fedora-gcc, r-devel-osx-x86_64-clang, r-devel-osx-x86_64-gcc, r-devel-windows-ix86+x86_64, r-patched-linux-x86_64, r-patched-solaris-sparc, r-patched-solaris-x86, r-release-linux-ix86, r-release-linux-x86_64, r-release-osx-x86_64-mavericks, r-release-windows-ix86+x86_64, r-oldrel-windows-ix86+x86_64

Version: 2.0-11
Check: Rd line widths
Result: NOTE
    Rd file 'sdfhd.Rd':
     \usage lines wider than 90 characters:
     sdfhd(n, alpha = 1, phi = numeric(0), theta = numeric(0), lmodel = c("FD", "FGN", "PLA", "NONE"))
    
    These lines will be truncated in the PDF manual.
Flavors: r-devel-linux-x86_64-fedora-clang, r-devel-linux-x86_64-fedora-gcc

Version: 2.0-11
Check: PDF version of manual
Result: WARNING
    LaTeX errors when creating PDF version.
    This typically indicates Rd problems.
    LaTeX errors found:
    ! LaTeX Error: File `upquote.sty' not found.
    
    Type X to quit or <RETURN> to proceed,
    or enter new name. (Default extension: sty)
    
    e00a40c/Rd2.tex:8: ==> Fatal error occurred, no output PDF file produced!
Flavor: r-release-osx-x86_64-mavericks