CRAN Package Check Results for Package FGN

Last updated on 2015-03-26 21:46:55.

Flavor Version Tinstall Tcheck Ttotal Status Flags
r-devel-linux-x86_64-debian-clang 2.0-12 1.43 31.02 32.44 NOTE
r-devel-linux-x86_64-debian-gcc 2.0-12 1.44 30.06 31.50 NOTE
r-devel-linux-x86_64-fedora-clang 2.0-12 58.96 NOTE
r-devel-linux-x86_64-fedora-gcc 2.0-12 52.73 NOTE
r-devel-osx-x86_64-clang 2.0-12 53.44 NOTE
r-prerel-windows-ix86+x86_64 2.0-12 7.00 50.00 57.00 NOTE
r-prerel-linux-x86_64 2.0-12 1.47 30.92 32.38 NOTE
r-prerel-solaris-sparc 2.0-12 396.50 NOTE
r-prerel-solaris-x86 2.0-12 65.60 NOTE
r-release-linux-x86_64 2.0-12 1.47 33.23 34.70 NOTE
r-release-osx-x86_64-mavericks 2.0-12 NOTE
r-release-osx-x86_64-snowleopard 2.0-12 OK
r-release-windows-ix86+x86_64 2.0-12 10.00 73.00 83.00 NOTE
r-oldrel-windows-ix86+x86_64 2.0-12 8.00 59.00 67.00 OK

Check Details

Version: 2.0-12
Check: DESCRIPTION meta-information
Result: NOTE
    Deprecated license: CC BY-NC-SA 3.0
Flavors: r-devel-linux-x86_64-debian-clang, r-devel-linux-x86_64-debian-gcc, r-devel-linux-x86_64-fedora-clang, r-devel-linux-x86_64-fedora-gcc, r-devel-osx-x86_64-clang, r-prerel-linux-x86_64, r-prerel-solaris-sparc, r-prerel-solaris-x86, r-release-linux-x86_64, r-release-osx-x86_64-mavericks

Version: 2.0-12
Check: S3 generic/method consistency
Result: NOTE
    Found the following apparent S3 methods exported but not registered:
     Boot.FitFGN predict.FitFGN
    See section ‘Registering S3 methods’ in the ‘Writing R Extensions’
    manual.
Flavors: r-devel-linux-x86_64-debian-clang, r-devel-linux-x86_64-debian-gcc, r-devel-linux-x86_64-fedora-clang, r-devel-linux-x86_64-fedora-gcc, r-devel-osx-x86_64-clang, r-prerel-linux-x86_64

Version: 2.0-12
Check: line endings in Makefiles
Result: NOTE
    Found the following Makefile(s) without a final LF:
     src/Makevars
    Some ‘make’ programs ignore lines not ending in LF.
Flavors: r-devel-linux-x86_64-debian-clang, r-devel-linux-x86_64-debian-gcc, r-devel-linux-x86_64-fedora-clang, r-devel-linux-x86_64-fedora-gcc, r-devel-osx-x86_64-clang, r-prerel-windows-ix86+x86_64, r-prerel-linux-x86_64, r-prerel-solaris-sparc, r-prerel-solaris-x86, r-release-linux-x86_64, r-release-osx-x86_64-mavericks, r-release-windows-ix86+x86_64