CRAN Package Check Results for Package FGN

Last updated on 2014-09-02 10:51:46.

Flavor Version Tinstall Tcheck Ttotal Status Flags
r-devel-linux-x86_64-debian-clang 2.0-12 1.46 28.83 30.30 NOTE
r-devel-linux-x86_64-debian-gcc 2.0-12 1.39 28.45 29.84 NOTE
r-devel-linux-x86_64-fedora-clang 2.0-12 65.72 NOTE
r-devel-linux-x86_64-fedora-gcc 2.0-12 59.51 NOTE
r-devel-osx-x86_64-clang 2.0-12 52.38 NOTE
r-devel-windows-ix86+x86_64 2.0-12 6.00 53.00 59.00 OK
r-patched-linux-x86_64 2.0-12 1.53 28.50 30.03 NOTE
r-patched-solaris-sparc 2.0-12 392.70 NOTE
r-patched-solaris-x86 2.0-12 81.40 NOTE
r-release-linux-ix86 2.0-12 2.06 37.84 39.90 OK
r-release-linux-x86_64 2.0-12 1.56 28.69 30.24 OK
r-release-osx-x86_64-mavericks 2.0-12 OK
r-release-osx-x86_64-snowleopard 2.0-12 OK
r-release-windows-ix86+x86_64 2.0-12 10.00 54.00 64.00 OK
r-oldrel-windows-ix86+x86_64 2.0-12 8.00 59.00 67.00 OK

Check Details

Version: 2.0-12
Check: DESCRIPTION meta-information
Result: NOTE
    Deprecated license: CC BY-NC-SA 3.0
Flavors: r-devel-linux-x86_64-debian-clang, r-devel-linux-x86_64-debian-gcc, r-devel-linux-x86_64-fedora-clang, r-devel-linux-x86_64-fedora-gcc, r-devel-osx-x86_64-clang, r-patched-linux-x86_64, r-patched-solaris-sparc, r-patched-solaris-x86