CRAN Package Check Results for Package FGN

Last updated on 2014-08-20 17:47:41.

Flavor Version Tinstall Tcheck Ttotal Status Flags
r-devel-linux-x86_64-debian-clang 2.0-12 1.39 29.34 30.72 NOTE
r-devel-linux-x86_64-debian-gcc 2.0-12 1.48 28.31 29.78 NOTE
r-devel-linux-x86_64-fedora-clang 2.0-12 73.74 NOTE
r-devel-linux-x86_64-fedora-gcc 2.0-12 60.93 NOTE
r-devel-osx-x86_64-clang 2.0-12 49.88 NOTE
r-devel-windows-ix86+x86_64 2.0-12 7.00 51.00 58.00 OK
r-patched-linux-x86_64 2.0-12 1.52 28.51 30.02 NOTE
r-patched-solaris-sparc 2.0-12 392.70 NOTE
r-patched-solaris-x86 2.0-12 82.30 NOTE
r-release-linux-ix86 2.0-12 2.02 37.90 39.93 OK
r-release-linux-x86_64 2.0-12 1.66 29.45 31.11 OK
r-release-osx-x86_64-mavericks 2.0-12 OK
r-release-osx-x86_64-snowleopard 2.0-12 OK
r-release-windows-ix86+x86_64 2.0-12 10.00 54.00 64.00 OK
r-oldrel-windows-ix86+x86_64 2.0-12 8.00 59.00 67.00 OK

Check Details

Version: 2.0-12
Check: DESCRIPTION meta-information
Result: NOTE
    Deprecated license: CC BY-NC-SA 3.0
Flavors: r-devel-linux-x86_64-debian-clang, r-devel-linux-x86_64-debian-gcc, r-devel-linux-x86_64-fedora-clang, r-devel-linux-x86_64-fedora-gcc, r-devel-osx-x86_64-clang, r-patched-linux-x86_64, r-patched-solaris-sparc, r-patched-solaris-x86