CRAN Package Check Results for Package FGN

Last updated on 2014-12-19 03:47:33.

Flavor Version Tinstall Tcheck Ttotal Status Flags
r-devel-linux-x86_64-debian-clang 2.0-12 1.51 32.49 34.00 NOTE
r-devel-linux-x86_64-debian-gcc 2.0-12 1.44 31.80 33.24 NOTE
r-devel-linux-x86_64-fedora-clang 2.0-12 61.19 NOTE
r-devel-linux-x86_64-fedora-gcc 2.0-12 54.45 NOTE
r-devel-osx-x86_64-clang 2.0-12 53.05 NOTE
r-devel-windows-ix86+x86_64 2.0-12 7.00 74.00 81.00 OK
r-patched-linux-x86_64 2.0-12 1.65 32.29 33.94 NOTE
r-patched-solaris-sparc 2.0-12 392.70 NOTE
r-patched-solaris-x86 2.0-12 71.40 NOTE
r-release-linux-ix86 2.0-12 2.02 35.92 37.93 NOTE
r-release-linux-x86_64 2.0-12 1.53 32.96 34.49 NOTE
r-release-osx-x86_64-mavericks 2.0-12 OK
r-release-osx-x86_64-snowleopard 2.0-12 OK
r-release-windows-ix86+x86_64 2.0-12 7.00 54.00 61.00 OK
r-oldrel-windows-ix86+x86_64 2.0-12 8.00 59.00 67.00 OK

Check Details

Version: 2.0-12
Check: DESCRIPTION meta-information
Result: NOTE
    Deprecated license: CC BY-NC-SA 3.0
Flavors: r-devel-linux-x86_64-debian-clang, r-devel-linux-x86_64-debian-gcc, r-devel-linux-x86_64-fedora-clang, r-devel-linux-x86_64-fedora-gcc, r-devel-osx-x86_64-clang, r-patched-linux-x86_64, r-patched-solaris-sparc, r-patched-solaris-x86, r-release-linux-ix86, r-release-linux-x86_64