CRAN Package Check Results for Package FGN

Last updated on 2015-01-30 11:49:10.

Flavor Version Tinstall Tcheck Ttotal Status Flags
r-devel-linux-x86_64-debian-clang 2.0-12 1.62 31.70 33.32 NOTE
r-devel-linux-x86_64-debian-gcc 2.0-12 1.41 30.72 32.13 NOTE
r-devel-linux-x86_64-fedora-clang 2.0-12 62.19 NOTE
r-devel-linux-x86_64-fedora-gcc 2.0-12 56.99 NOTE
r-devel-osx-x86_64-clang 2.0-12 54.70 NOTE
r-devel-windows-ix86+x86_64 2.0-12 8.00 58.00 66.00 NOTE
r-patched-linux-x86_64 2.0-12 1.63 33.02 34.64 NOTE
r-patched-solaris-sparc 2.0-12 426.50 NOTE
r-patched-solaris-x86 2.0-12 71.70 NOTE
r-release-linux-ix86 2.0-12 2.08 36.53 38.61 NOTE
r-release-linux-x86_64 2.0-12 1.63 32.10 33.72 NOTE
r-release-osx-x86_64-mavericks 2.0-12 NOTE
r-release-osx-x86_64-snowleopard 2.0-12 OK
r-release-windows-ix86+x86_64 2.0-12 7.00 54.00 61.00 OK
r-oldrel-windows-ix86+x86_64 2.0-12 8.00 59.00 67.00 OK

Check Details

Version: 2.0-12
Check: DESCRIPTION meta-information
Result: NOTE
    Deprecated license: CC BY-NC-SA 3.0
Flavors: r-devel-linux-x86_64-debian-clang, r-devel-linux-x86_64-debian-gcc, r-devel-linux-x86_64-fedora-clang, r-devel-linux-x86_64-fedora-gcc, r-devel-osx-x86_64-clang, r-patched-linux-x86_64, r-patched-solaris-sparc, r-patched-solaris-x86, r-release-linux-ix86, r-release-linux-x86_64, r-release-osx-x86_64-mavericks

Version: 2.0-12
Check: S3 generic/method consistency
Result: NOTE
    Found the following apparent S3 methods exported but not registered:
     Boot.FitFGN predict.FitFGN
    See section ‘Registering S3 methods’ in the ‘Writing R Extensions’
    manual.
Flavors: r-devel-linux-x86_64-debian-clang, r-devel-linux-x86_64-debian-gcc, r-devel-linux-x86_64-fedora-clang, r-devel-linux-x86_64-fedora-gcc, r-devel-osx-x86_64-clang

Version: 2.0-12
Check: line endings in Makefiles
Result: NOTE
    Found the following Makefile(s) without a final LF:
     src/Makevars
    Some ‘make’ programs ignore lines not ending in LF.
Flavors: r-devel-linux-x86_64-debian-clang, r-devel-linux-x86_64-debian-gcc, r-devel-linux-x86_64-fedora-clang, r-devel-linux-x86_64-fedora-gcc, r-devel-osx-x86_64-clang, r-devel-windows-ix86+x86_64, r-patched-linux-x86_64, r-patched-solaris-x86, r-release-osx-x86_64-mavericks