CRAN Package Check Results for Package FGN

Last updated on 2014-11-24 03:49:05.

Flavor Version Tinstall Tcheck Ttotal Status Flags
r-devel-linux-x86_64-debian-clang 2.0-12 1.45 33.51 34.96 NOTE
r-devel-linux-x86_64-debian-gcc 2.0-12 1.46 32.80 34.26 NOTE
r-devel-linux-x86_64-fedora-clang 2.0-12 66.46 NOTE
r-devel-linux-x86_64-fedora-gcc 2.0-12 57.21 NOTE
r-devel-osx-x86_64-clang 2.0-12 53.81 NOTE
r-devel-windows-ix86+x86_64 2.0-12 7.00 55.00 62.00 OK
r-patched-linux-x86_64 2.0-12 1.60 32.56 34.16 NOTE
r-patched-solaris-sparc 2.0-12 392.70 NOTE
r-patched-solaris-x86 2.0-12 72.40 NOTE
r-release-linux-ix86 2.0-12 2.14 36.42 38.57 NOTE
r-release-linux-x86_64 2.0-12 1.61 32.86 34.47 NOTE
r-release-osx-x86_64-mavericks 2.0-12 OK
r-release-osx-x86_64-snowleopard 2.0-12 OK
r-release-windows-ix86+x86_64 2.0-12 7.00 54.00 61.00 OK
r-oldrel-windows-ix86+x86_64 2.0-12 8.00 59.00 67.00 OK

Check Details

Version: 2.0-12
Check: DESCRIPTION meta-information
Result: NOTE
    Deprecated license: CC BY-NC-SA 3.0
Flavors: r-devel-linux-x86_64-debian-clang, r-devel-linux-x86_64-debian-gcc, r-devel-linux-x86_64-fedora-clang, r-devel-linux-x86_64-fedora-gcc, r-devel-osx-x86_64-clang, r-patched-linux-x86_64, r-patched-solaris-sparc, r-patched-solaris-x86, r-release-linux-ix86, r-release-linux-x86_64