CRAN Package Check Results for Package FHtest

Last updated on 2014-12-22 05:48:30.

Flavor Version Tinstall Tcheck Ttotal Status Flags
r-devel-linux-x86_64-debian-clang 1.1 1.04 29.40 30.44 NOTE
r-devel-linux-x86_64-debian-gcc 1.1 0.98 28.40 29.38 NOTE
r-devel-linux-x86_64-fedora-clang 1.1 61.09 NOTE
r-devel-linux-x86_64-fedora-gcc 1.1 58.68 NOTE
r-devel-osx-x86_64-clang 1.1 51.88 NOTE
r-devel-windows-ix86+x86_64 1.1 6.00 48.00 54.00 NOTE
r-patched-linux-x86_64 1.1 1.04 29.11 30.15 NOTE
r-patched-solaris-sparc 1.1 397.80 NOTE
r-patched-solaris-x86 1.1 80.30 NOTE
r-release-linux-ix86 1.1 1.48 44.97 46.45 NOTE
r-release-linux-x86_64 1.1 1.04 30.64 31.68 NOTE
r-release-osx-x86_64-mavericks 1.1 OK
r-release-osx-x86_64-snowleopard 1.1 OK
r-release-windows-ix86+x86_64 1.1 5.00 43.00 48.00 NOTE
r-oldrel-windows-ix86+x86_64 1.1 5.00 45.00 50.00 OK

Check Details

Version: 1.1
Check: R code for possible problems
Result: NOTE
    FHtesticp.default: no visible global function definition for
     ‘permControl’
    FHtesticp.formula: no visible global function definition for ‘is.Surv’
    FHtesticp.formula: no visible global function definition for ‘Surv’
    FHtestics.formula: no visible global function definition for ‘is.Surv’
    FHtestics.formula: no visible global function definition for ‘Surv’
    FHtestrcc.formula: no visible global function definition for ‘is.Surv’
    FHtestrcc.formula: no visible global function definition for ‘Surv’
    FHtestrcp.default: no visible global function definition for
     ‘permControl’
    FHtestrcp.formula: no visible global function definition for ‘is.Surv’
    FHtestrcp.formula: no visible global function definition for ‘Surv’
    rcc: no visible global function definition for ‘survfit’
    rcp: no visible global function definition for ‘survfit’
Flavors: r-devel-linux-x86_64-debian-clang, r-devel-linux-x86_64-debian-gcc, r-devel-linux-x86_64-fedora-clang, r-devel-linux-x86_64-fedora-gcc, r-devel-osx-x86_64-clang, r-devel-windows-ix86+x86_64, r-patched-linux-x86_64, r-patched-solaris-sparc, r-patched-solaris-x86, r-release-linux-ix86, r-release-linux-x86_64, r-release-windows-ix86+x86_64