CRAN Package Check Results for Package FHtest

Last updated on 2017-05-27 05:54:24.

Flavor Version Tinstall Tcheck Ttotal Status Flags
r-devel-linux-x86_64-debian-clang 1.3 3.11 46.52 49.63 OK
r-devel-linux-x86_64-debian-gcc 1.3 2.97 44.61 47.58 OK
r-devel-linux-x86_64-fedora-clang 1.3 98.79 OK
r-devel-linux-x86_64-fedora-gcc 1.3 97.13 OK
r-devel-windows-ix86+x86_64 1.3 7.00 80.00 87.00 OK
r-patched-linux-x86_64 1.3 2.65 45.69 48.35 OK
r-patched-solaris-sparc 1.3 624.00 OK
r-patched-solaris-x86 1.3 144.30 OK
r-release-linux-x86_64 1.3 2.48 44.59 47.07 OK
r-release-windows-ix86+x86_64 1.3 7.00 70.00 77.00 OK
r-release-osx-x86_64 1.3 ERROR
r-oldrel-windows-ix86+x86_64 1.3 11.00 74.00 85.00 OK
r-oldrel-osx-x86_64 1.3 OK

Check Details

Version: 1.3
Check: package dependencies
Result: ERROR
    Package required but not available: ‘interval’
    
    See section ‘The DESCRIPTION file’ in the ‘Writing R Extensions’
    manual.
Flavor: r-release-osx-x86_64