CRAN Package Check Results for Package FHtest

Last updated on 2015-07-08 05:47:36.

Flavor Version Tinstall Tcheck Ttotal Status Flags
r-devel-linux-x86_64-debian-clang 1.2 0.78 27.46 28.25 NOTE
r-devel-linux-x86_64-debian-gcc 1.2 0.76 25.95 26.72 NOTE
r-devel-linux-x86_64-fedora-clang 1.2 50.85 NOTE
r-devel-linux-x86_64-fedora-gcc 1.2 46.61 NOTE
r-devel-osx-x86_64-clang 1.2 42.28 OK
r-devel-windows-ix86+x86_64 1.2 4.00 40.00 44.00 NOTE
r-patched-linux-x86_64 1.2 0.77 27.01 27.78 OK
r-patched-solaris-sparc 1.2 338.10 OK
r-patched-solaris-x86 1.2 71.40 OK
r-release-linux-x86_64 1.2 0.80 27.29 28.09 OK
r-release-osx-x86_64-mavericks 1.2 OK
r-release-windows-ix86+x86_64 1.2 5.00 39.00 44.00 OK
r-oldrel-windows-ix86+x86_64 1.2 6.00 49.00 55.00 OK

Check Details

Version: 1.2
Check: R code for possible problems
Result: NOTE
    FHtesticp.default : <anonymous>: no visible global function definition
     for ‘pbeta’
    FHtesticp.default: no visible global function definition for
     ‘aggregate’
    FHtesticp.default: no visible global function definition for ‘var’
    FHtesticp.formula: no visible global function definition for
     ‘model.extract’
    FHtestics.default : <anonymous>: no visible global function definition
     for ‘pbeta’
    FHtestics.default: no visible global function definition for
     ‘aggregate’
    FHtestics.formula: no visible global function definition for
     ‘model.extract’
    FHtestrcc.default: no visible global function definition for ‘pnorm’
    FHtestrcc.default: no visible global function definition for ‘pchisq’
    FHtestrcc.formula: no visible global function definition for
     ‘model.extract’
    FHtestrcp.default: no visible global function definition for
     ‘aggregate’
    FHtestrcp.default: no visible global function definition for ‘var’
    FHtestrcp.formula: no visible global function definition for
     ‘model.extract’
    ics: no visible global function definition for ‘pnorm’
    ics: no visible global function definition for ‘pchisq’
    Undefined global functions or variables:
     aggregate model.extract pbeta pchisq pnorm var
Flavors: r-devel-linux-x86_64-debian-clang, r-devel-linux-x86_64-debian-gcc, r-devel-linux-x86_64-fedora-clang, r-devel-linux-x86_64-fedora-gcc, r-devel-windows-ix86+x86_64