CRAN Package Check Results for Package FHtest

Last updated on 2014-09-02 22:47:38.

Flavor Version Tinstall Tcheck Ttotal Status Flags
r-devel-linux-x86_64-debian-clang 1.1 0.98 29.44 30.42 NOTE
r-devel-linux-x86_64-debian-gcc 1.1 0.96 28.47 29.43 NOTE
r-devel-linux-x86_64-fedora-clang 1.1 59.61 NOTE
r-devel-linux-x86_64-fedora-gcc 1.1 56.38 NOTE
r-devel-osx-x86_64-clang 1.1 50.83 NOTE
r-devel-windows-ix86+x86_64 1.1 5.00 41.00 46.00 NOTE
r-patched-linux-x86_64 1.1 1.29 28.65 29.94 OK
r-patched-solaris-sparc 1.1 379.60 OK
r-patched-solaris-x86 1.1 78.20 OK
r-release-linux-ix86 1.1 1.63 47.35 48.98 OK
r-release-linux-x86_64 1.1 1.04 29.20 30.24 OK
r-release-osx-x86_64-mavericks 1.1 OK
r-release-osx-x86_64-snowleopard 1.1 OK
r-release-windows-ix86+x86_64 1.1 5.00 43.00 48.00 OK
r-oldrel-windows-ix86+x86_64 1.1 6.00 46.00 52.00 OK

Check Details

Version: 1.1
Check: R code for possible problems
Result: NOTE
    FHtesticp.default: no visible global function definition for
     ‘permControl’
    FHtesticp.formula: no visible global function definition for ‘is.Surv’
    FHtesticp.formula: no visible global function definition for ‘Surv’
    FHtestics.formula: no visible global function definition for ‘is.Surv’
    FHtestics.formula: no visible global function definition for ‘Surv’
    FHtestrcc.formula: no visible global function definition for ‘is.Surv’
    FHtestrcc.formula: no visible global function definition for ‘Surv’
    FHtestrcp.default: no visible global function definition for
     ‘permControl’
    FHtestrcp.formula: no visible global function definition for ‘is.Surv’
    FHtestrcp.formula: no visible global function definition for ‘Surv’
    rcc: no visible global function definition for ‘survfit’
    rcp: no visible global function definition for ‘survfit’
Flavors: r-devel-linux-x86_64-debian-clang, r-devel-linux-x86_64-debian-gcc, r-devel-linux-x86_64-fedora-clang, r-devel-linux-x86_64-fedora-gcc, r-devel-osx-x86_64-clang, r-devel-windows-ix86+x86_64