CRAN Package Check Results for Package FHtest

Last updated on 2015-04-27 11:48:37.

Flavor Version Tinstall Tcheck Ttotal Status Flags
r-devel-linux-x86_64-debian-clang 1.1 0.87 25.99 26.86 NOTE
r-devel-linux-x86_64-debian-gcc 1.1 0.84 25.50 26.34 NOTE
r-devel-linux-x86_64-fedora-clang 1.1 51.80 NOTE
r-devel-linux-x86_64-fedora-gcc 1.1 48.26 NOTE
r-devel-osx-x86_64-clang 1.1 45.07 NOTE
r-devel-windows-ix86+x86_64 1.1 4.00 71.00 75.00 NOTE
r-patched-linux-x86_64 1.1 0.84 25.57 26.41 NOTE
r-patched-solaris-sparc 1.1 354.00 NOTE
r-patched-solaris-x86 1.1 69.50 NOTE
r-release-linux-x86_64 1.1 0.82 27.15 27.97 NOTE
r-release-osx-x86_64-mavericks 1.1 NOTE
r-release-osx-x86_64-snowleopard 1.1 ERROR
r-release-windows-ix86+x86_64 1.1 7.00 50.00 57.00 NOTE
r-oldrel-windows-ix86+x86_64 1.1 4.00 45.00 49.00 NOTE

Check Details

Version: 1.1
Check: R code for possible problems
Result: NOTE
    FHtesticp.default: no visible global function definition for
     ‘permControl’
    FHtesticp.formula: no visible global function definition for ‘is.Surv’
    FHtesticp.formula: no visible global function definition for ‘Surv’
    FHtestics.formula: no visible global function definition for ‘is.Surv’
    FHtestics.formula: no visible global function definition for ‘Surv’
    FHtestrcc.formula: no visible global function definition for ‘is.Surv’
    FHtestrcc.formula: no visible global function definition for ‘Surv’
    FHtestrcp.default: no visible global function definition for
     ‘permControl’
    FHtestrcp.formula: no visible global function definition for ‘is.Surv’
    FHtestrcp.formula: no visible global function definition for ‘Surv’
    rcc: no visible global function definition for ‘survfit’
    rcp: no visible global function definition for ‘survfit’
Flavors: r-devel-linux-x86_64-debian-clang, r-devel-linux-x86_64-debian-gcc, r-devel-linux-x86_64-fedora-clang, r-devel-linux-x86_64-fedora-gcc, r-devel-osx-x86_64-clang, r-devel-windows-ix86+x86_64, r-patched-solaris-sparc, r-patched-solaris-x86, r-release-linux-x86_64, r-release-osx-x86_64-mavericks, r-release-windows-ix86+x86_64, r-oldrel-windows-ix86+x86_64

Version: 1.1
Check: package dependencies
Result: ERROR
    Packages required but not available: ‘Icens’ ‘interval’
    
    See section ‘The DESCRIPTION file’ in the ‘Writing R Extensions’
    manual.
Flavor: r-release-osx-x86_64-snowleopard