CRAN Package Check Results for Package FHtest

Last updated on 2014-11-21 19:48:00.

Flavor Version Tinstall Tcheck Ttotal Status Flags
r-devel-linux-x86_64-debian-clang 1.1 1.04 30.11 31.15 NOTE
r-devel-linux-x86_64-debian-gcc 1.1 1.04 28.32 29.36 NOTE
r-devel-linux-x86_64-fedora-clang 1.1 66.23 NOTE
r-devel-linux-x86_64-fedora-gcc 1.1 57.19 NOTE
r-devel-osx-x86_64-clang 1.1 50.95 NOTE
r-devel-windows-ix86+x86_64 1.1 5.00 41.00 46.00 NOTE
r-patched-linux-x86_64 1.1 1.07 29.80 30.87 NOTE
r-patched-solaris-sparc 1.1 397.80 NOTE
r-patched-solaris-x86 1.1 81.00 NOTE
r-release-linux-ix86 1.1 1.43 45.32 46.75 NOTE
r-release-linux-x86_64 1.1 1.04 29.24 30.28 NOTE
r-release-osx-x86_64-mavericks 1.1 OK
r-release-osx-x86_64-snowleopard 1.1 OK
r-release-windows-ix86+x86_64 1.1 6.00 45.00 51.00 NOTE
r-oldrel-windows-ix86+x86_64 1.1 5.00 45.00 50.00 OK

Check Details

Version: 1.1
Check: R code for possible problems
Result: NOTE
    FHtesticp.default: no visible global function definition for
     ‘permControl’
    FHtesticp.formula: no visible global function definition for ‘is.Surv’
    FHtesticp.formula: no visible global function definition for ‘Surv’
    FHtestics.formula: no visible global function definition for ‘is.Surv’
    FHtestics.formula: no visible global function definition for ‘Surv’
    FHtestrcc.formula: no visible global function definition for ‘is.Surv’
    FHtestrcc.formula: no visible global function definition for ‘Surv’
    FHtestrcp.default: no visible global function definition for
     ‘permControl’
    FHtestrcp.formula: no visible global function definition for ‘is.Surv’
    FHtestrcp.formula: no visible global function definition for ‘Surv’
    rcc: no visible global function definition for ‘survfit’
    rcp: no visible global function definition for ‘survfit’
Flavors: r-devel-linux-x86_64-debian-clang, r-devel-linux-x86_64-debian-gcc, r-devel-linux-x86_64-fedora-clang, r-devel-linux-x86_64-fedora-gcc, r-devel-osx-x86_64-clang, r-devel-windows-ix86+x86_64, r-patched-linux-x86_64, r-patched-solaris-sparc, r-patched-solaris-x86, r-release-linux-ix86, r-release-linux-x86_64, r-release-windows-ix86+x86_64