CRAN Package Check Results for Package FHtest

Last updated on 2017-08-20 07:47:22.

Flavor Version Tinstall Tcheck Ttotal Status Flags
r-devel-linux-x86_64-debian-clang 1.3 2.52 45.80 48.31 OK
r-devel-linux-x86_64-debian-gcc 1.3 2.92 44.67 47.59 OK
r-devel-linux-x86_64-fedora-clang 1.3 113.26 OK
r-devel-linux-x86_64-fedora-gcc 1.3 117.33 OK
r-devel-windows-ix86+x86_64 1.3 7.00 73.00 80.00 OK
r-patched-linux-x86_64 1.3 2.72 44.89 47.62 OK
r-patched-solaris-x86 1.3 134.60 OK
r-release-linux-x86_64 1.3 2.42 45.23 47.65 OK
r-release-windows-ix86+x86_64 1.3 11.00 75.00 86.00 OK
r-release-osx-x86_64 1.3 ERROR
r-oldrel-windows-ix86+x86_64 1.3 6.00 68.00 74.00 OK
r-oldrel-osx-x86_64 1.3 OK

Check Details

Version: 1.3
Check: package dependencies
Result: ERROR
    Package required but not available: ‘interval’
    
    See section ‘The DESCRIPTION file’ in the ‘Writing R Extensions’
    manual.
Flavor: r-release-osx-x86_64