CRAN Package Check Results for Package FHtest

Last updated on 2015-05-30 03:48:37.

Flavor Version Tinstall Tcheck Ttotal Status Flags
r-devel-linux-x86_64-debian-clang 1.2 0.81 25.78 26.59 OK
r-devel-linux-x86_64-debian-gcc 1.2 0.84 25.16 26.00 OK
r-devel-linux-x86_64-fedora-clang 1.2 53.40 OK
r-devel-linux-x86_64-fedora-gcc 1.2 47.96 OK
r-devel-osx-x86_64-clang 1.2 44.01 OK
r-devel-windows-ix86+x86_64 1.2 4.00 35.00 39.00 OK
r-patched-linux-x86_64 1.2 0.82 25.38 26.20 OK
r-patched-solaris-sparc 1.2 338.10 OK
r-patched-solaris-x86 1.2 63.30 OK
r-release-linux-x86_64 1.2 0.82 25.89 26.71 OK
r-release-osx-x86_64-mavericks 1.2 OK
r-release-osx-x86_64-snowleopard 1.1 ERROR
r-release-windows-ix86+x86_64 1.2 6.00 42.00 48.00 OK
r-oldrel-windows-ix86+x86_64 1.2 7.00 58.00 65.00 OK

Check Details

Version: 1.1
Check: package dependencies
Result: ERROR
    Packages required but not available: ‘Icens’ ‘interval’
    
    See section ‘The DESCRIPTION file’ in the ‘Writing R Extensions’
    manual.
Flavor: r-release-osx-x86_64-snowleopard