CRAN Package Check Results for Package FHtest

Last updated on 2017-10-17 14:46:30.

Flavor Version Tinstall Tcheck Ttotal Status Flags
r-devel-linux-x86_64-debian-clang 1.3 2.44 46.20 48.64 OK
r-devel-linux-x86_64-debian-gcc 1.3 2.92 47.62 50.54 OK
r-devel-linux-x86_64-fedora-clang 1.3 103.52 OK
r-devel-linux-x86_64-fedora-gcc 1.3 99.53 OK
r-devel-windows-ix86+x86_64 1.3 8.00 73.00 81.00 OK
r-patched-linux-x86_64 1.3 2.66 43.94 46.60 OK
r-patched-solaris-x86 1.3 134.50 OK
r-release-linux-x86_64 1.3 2.68 43.57 46.25 OK
r-release-windows-ix86+x86_64 1.3 11.00 99.00 110.00 OK
r-release-osx-x86_64 1.3 ERROR
r-oldrel-windows-ix86+x86_64 1.3 11.00 101.00 112.00 OK
r-oldrel-osx-x86_64 1.3 OK

Check Details

Version: 1.3
Check: package dependencies
Result: ERROR
    Package required but not available: ‘interval’
    
    See section ‘The DESCRIPTION file’ in the ‘Writing R Extensions’
    manual.
Flavor: r-release-osx-x86_64