CRAN Package Check Results for Package FHtest

Last updated on 2015-01-25 17:48:02.

Flavor Version Tinstall Tcheck Ttotal Status Flags
r-devel-linux-x86_64-debian-clang 1.1 1.02 32.23 33.25 NOTE
r-devel-linux-x86_64-debian-gcc 1.1 0.97 28.98 29.95 NOTE
r-devel-linux-x86_64-fedora-clang 1.1 61.23 NOTE
r-devel-linux-x86_64-fedora-gcc 1.1 60.04 NOTE
r-devel-osx-x86_64-clang 1.1 53.82 NOTE
r-devel-windows-ix86+x86_64 1.1 6.00 46.00 52.00 NOTE
r-patched-linux-x86_64 1.1 1.51 29.51 31.02 NOTE
r-patched-solaris-sparc 1.1 394.70 NOTE
r-patched-solaris-x86 1.1 80.70 NOTE
r-release-linux-ix86 1.1 1.48 45.62 47.10 NOTE
r-release-linux-x86_64 1.1 1.03 28.82 29.85 NOTE
r-release-osx-x86_64-mavericks 1.1 NOTE
r-release-osx-x86_64-snowleopard 1.1 OK
r-release-windows-ix86+x86_64 1.1 5.00 44.00 49.00 NOTE
r-oldrel-windows-ix86+x86_64 1.1 5.00 49.00 54.00 OK

Check Details

Version: 1.1
Check: R code for possible problems
Result: NOTE
    FHtesticp.default: no visible global function definition for
     ‘permControl’
    FHtesticp.formula: no visible global function definition for ‘is.Surv’
    FHtesticp.formula: no visible global function definition for ‘Surv’
    FHtestics.formula: no visible global function definition for ‘is.Surv’
    FHtestics.formula: no visible global function definition for ‘Surv’
    FHtestrcc.formula: no visible global function definition for ‘is.Surv’
    FHtestrcc.formula: no visible global function definition for ‘Surv’
    FHtestrcp.default: no visible global function definition for
     ‘permControl’
    FHtestrcp.formula: no visible global function definition for ‘is.Surv’
    FHtestrcp.formula: no visible global function definition for ‘Surv’
    rcc: no visible global function definition for ‘survfit’
    rcp: no visible global function definition for ‘survfit’
Flavors: r-devel-linux-x86_64-debian-clang, r-devel-linux-x86_64-debian-gcc, r-devel-linux-x86_64-fedora-clang, r-devel-linux-x86_64-fedora-gcc, r-devel-osx-x86_64-clang, r-devel-windows-ix86+x86_64, r-patched-linux-x86_64, r-patched-solaris-sparc, r-patched-solaris-x86, r-release-linux-ix86, r-release-linux-x86_64, r-release-osx-x86_64-mavericks, r-release-windows-ix86+x86_64