CRAN Package Check Results for Package FHtest

Last updated on 2014-04-24 19:53:58.

Flavor Version Tinstall Tcheck Ttotal Status Flags
r-devel-linux-x86_64-debian-clang 1.1 1.09 31.41 32.50 OK
r-devel-linux-x86_64-debian-gcc 1.1 1.08 30.76 31.84 OK
r-devel-linux-x86_64-fedora-clang 1.1 60.67 OK
r-devel-linux-x86_64-fedora-gcc 1.1 57.58 OK
r-devel-osx-x86_64-clang 1.1 53.13 OK
r-devel-osx-x86_64-gcc 1.1 ERROR
r-devel-windows-ix86+x86_64 1.1 4.00 41.00 45.00 OK
r-patched-linux-x86_64 1.1 1.09 31.18 32.27 OK
r-patched-solaris-sparc 1.1 375.20 OK
r-patched-solaris-x86 1.1 77.90 OK
r-release-linux-ix86 1.1 2.00 52.00 54.00 OK
r-release-linux-x86_64 1.1 1.07 30.41 31.48 OK
r-release-osx-x86_64-mavericks 1.1 ERROR
r-release-osx-x86_64-snowleopard 1.1 OK
r-release-windows-ix86+x86_64 1.1 4.00 42.00 46.00 OK
r-oldrel-windows-ix86+x86_64 1.1 6.00 47.00 53.00 OK

Check Details

Version: 1.1
Check: package dependencies
Result: ERROR
    Packages required but not available: ‘Icens’ ‘interval’
    
    See the information on DESCRIPTION files in the chapter ‘Creating R
    packages’ of the ‘Writing R Extensions’ manual.
Flavors: r-devel-osx-x86_64-gcc, r-release-osx-x86_64-mavericks