CRAN Package Check Results for Package FHtest

Last updated on 2017-12-12 08:48:18 CET.

Flavor Version Tinstall Tcheck Ttotal Status Flags
r-devel-linux-x86_64-debian-clang 1.4 4.00 54.85 58.85 OK
r-devel-linux-x86_64-debian-gcc 1.4 2.86 47.67 50.53 OK
r-devel-linux-x86_64-fedora-clang 1.4 87.11 OK
r-devel-linux-x86_64-fedora-gcc 1.4 85.15 OK
r-devel-windows-ix86+x86_64 1.4 10.00 90.00 100.00 OK
r-patched-linux-x86_64 1.4 3.01 69.28 72.29 OK
r-patched-solaris-x86 1.4 131.70 OK
r-release-linux-x86_64 1.4 3.51 68.98 72.49 OK
r-release-windows-ix86+x86_64 1.4 7.00 80.00 87.00 OK
r-release-osx-x86_64 1.4 ERROR
r-oldrel-windows-ix86+x86_64 1.4 9.00 111.00 120.00 OK
r-oldrel-osx-x86_64 1.4 OK

Check Details

Version: 1.4
Check: package dependencies
Result: ERROR
    Package required but not available: ‘interval’
    
    See section ‘The DESCRIPTION file’ in the ‘Writing R Extensions’
    manual.
Flavor: r-release-osx-x86_64