CRAN Package Check Results for Package FHtest

Last updated on 2018-02-21 13:50:41 CET.

Flavor Version Tinstall Tcheck Ttotal Status Flags
r-devel-linux-x86_64-debian-clang 1.4 4.53 65.44 69.97 OK
r-devel-linux-x86_64-debian-gcc 1.4 3.96 50.15 54.11 OK
r-devel-windows-ix86+x86_64 1.4 8.00 73.00 81.00 OK
r-patched-linux-x86_64 1.4 3.32 68.38 71.70 OK
r-patched-solaris-x86 1.4 136.00 OK
r-release-linux-x86_64 1.4 3.54 67.88 71.42 OK
r-release-windows-ix86+x86_64 1.4 9.00 100.00 109.00 OK
r-release-osx-x86_64 1.4 ERROR
r-oldrel-windows-ix86+x86_64 1.4 8.00 99.00 107.00 OK
r-oldrel-osx-x86_64 1.4 OK

Check Details

Version: 1.4
Check: package dependencies
Result: ERROR
    Package required but not available: ‘interval’
    
    See section ‘The DESCRIPTION file’ in the ‘Writing R Extensions’
    manual.
Flavor: r-release-osx-x86_64