CRAN Package Check Results for Package FHtest

Last updated on 2014-10-31 23:47:28.

Flavor Version Tinstall Tcheck Ttotal Status Flags
r-devel-linux-x86_64-debian-clang 1.1 1.02 29.10 30.13 NOTE
r-devel-linux-x86_64-debian-gcc 1.1 1.02 28.89 29.91 NOTE
r-devel-linux-x86_64-fedora-clang 1.1 59.83 NOTE
r-devel-linux-x86_64-fedora-gcc 1.1 57.55 NOTE
r-devel-osx-x86_64-clang 1.1 49.72 NOTE
r-devel-windows-ix86+x86_64 1.1 4.00 39.00 43.00 NOTE
r-patched-linux-x86_64 1.1 1.03 29.53 30.56 NOTE
r-patched-solaris-sparc 1.1 397.80 NOTE
r-patched-solaris-x86 1.1 80.90 NOTE
r-release-linux-ix86 1.1 2.00 47.36 49.36 OK
r-release-linux-x86_64 1.1 1.14 30.00 31.14 OK
r-release-osx-x86_64-mavericks 1.1 OK
r-release-osx-x86_64-snowleopard 1.1 OK
r-release-windows-ix86+x86_64 1.1 5.00 44.00 49.00 OK
r-oldrel-windows-ix86+x86_64 1.1 5.00 42.00 47.00 OK

Check Details

Version: 1.1
Check: R code for possible problems
Result: NOTE
    FHtesticp.default: no visible global function definition for
     ‘permControl’
    FHtesticp.formula: no visible global function definition for ‘is.Surv’
    FHtesticp.formula: no visible global function definition for ‘Surv’
    FHtestics.formula: no visible global function definition for ‘is.Surv’
    FHtestics.formula: no visible global function definition for ‘Surv’
    FHtestrcc.formula: no visible global function definition for ‘is.Surv’
    FHtestrcc.formula: no visible global function definition for ‘Surv’
    FHtestrcp.default: no visible global function definition for
     ‘permControl’
    FHtestrcp.formula: no visible global function definition for ‘is.Surv’
    FHtestrcp.formula: no visible global function definition for ‘Surv’
    rcc: no visible global function definition for ‘survfit’
    rcp: no visible global function definition for ‘survfit’
Flavors: r-devel-linux-x86_64-debian-clang, r-devel-linux-x86_64-debian-gcc, r-devel-linux-x86_64-fedora-clang, r-devel-linux-x86_64-fedora-gcc, r-devel-osx-x86_64-clang, r-devel-windows-ix86+x86_64, r-patched-linux-x86_64, r-patched-solaris-sparc, r-patched-solaris-x86