CRAN Package Check Results for Package FHtest

Last updated on 2015-03-02 12:48:11.

Flavor Version Tinstall Tcheck Ttotal Status Flags
r-devel-linux-x86_64-debian-clang 1.1 0.84 25.55 26.39 NOTE
r-devel-linux-x86_64-debian-gcc 1.1 0.80 25.15 25.95 NOTE
r-devel-linux-x86_64-fedora-clang 1.1 51.24 NOTE
r-devel-linux-x86_64-fedora-gcc 1.1 48.98 NOTE
r-devel-osx-x86_64-clang 1.1 44.46 NOTE
r-devel-windows-ix86+x86_64 1.1 8.00 47.00 55.00 NOTE
r-patched-linux-x86_64 1.1 1.22 29.96 31.18 NOTE
r-patched-solaris-sparc 1.1 394.70 NOTE
r-patched-solaris-x86 1.1 80.40 NOTE
r-release-linux-ix86 1.1 1.48 50.17 51.65 NOTE
r-release-linux-x86_64 1.1 1.27 29.48 30.75 NOTE
r-release-osx-x86_64-mavericks 1.1 NOTE
r-release-osx-x86_64-snowleopard 1.1 OK
r-release-windows-ix86+x86_64 1.1 11.00 60.00 71.00 NOTE
r-oldrel-windows-ix86+x86_64 1.1 6.00 45.00 51.00 OK

Check Details

Version: 1.1
Check: R code for possible problems
Result: NOTE
    FHtesticp.default: no visible global function definition for
     ‘permControl’
    FHtesticp.formula: no visible global function definition for ‘is.Surv’
    FHtesticp.formula: no visible global function definition for ‘Surv’
    FHtestics.formula: no visible global function definition for ‘is.Surv’
    FHtestics.formula: no visible global function definition for ‘Surv’
    FHtestrcc.formula: no visible global function definition for ‘is.Surv’
    FHtestrcc.formula: no visible global function definition for ‘Surv’
    FHtestrcp.default: no visible global function definition for
     ‘permControl’
    FHtestrcp.formula: no visible global function definition for ‘is.Surv’
    FHtestrcp.formula: no visible global function definition for ‘Surv’
    rcc: no visible global function definition for ‘survfit’
    rcp: no visible global function definition for ‘survfit’
Flavors: r-devel-linux-x86_64-debian-clang, r-devel-linux-x86_64-debian-gcc, r-devel-linux-x86_64-fedora-clang, r-devel-linux-x86_64-fedora-gcc, r-devel-osx-x86_64-clang, r-devel-windows-ix86+x86_64, r-patched-linux-x86_64, r-patched-solaris-sparc, r-patched-solaris-x86, r-release-linux-ix86, r-release-linux-x86_64, r-release-osx-x86_64-mavericks, r-release-windows-ix86+x86_64