CRAN Package Check Results for Package FHtest

Last updated on 2014-08-29 03:47:08.

Flavor Version Tinstall Tcheck Ttotal Status Flags
r-devel-linux-x86_64-debian-clang 1.1 0.98 29.72 30.70 NOTE
r-devel-linux-x86_64-debian-gcc 1.1 0.96 28.06 29.02 NOTE
r-devel-linux-x86_64-fedora-clang 1.1 60.27 NOTE
r-devel-linux-x86_64-fedora-gcc 1.1 57.02 NOTE
r-devel-osx-x86_64-clang 1.1 48.50 NOTE
r-devel-windows-ix86+x86_64 1.1 5.00 42.00 47.00 NOTE
r-patched-linux-x86_64 1.1 1.02 29.36 30.38 OK
r-patched-solaris-sparc 1.1 379.60 OK
r-patched-solaris-x86 1.1 79.90 OK
r-release-linux-ix86 1.1 1.56 47.12 48.68 OK
r-release-linux-x86_64 1.1 1.07 28.89 29.96 OK
r-release-osx-x86_64-mavericks 1.1 OK
r-release-osx-x86_64-snowleopard 1.1 OK
r-release-windows-ix86+x86_64 1.1 5.00 44.00 49.00 OK
r-oldrel-windows-ix86+x86_64 1.1 5.00 45.00 50.00 OK

Check Details

Version: 1.1
Check: R code for possible problems
Result: NOTE
    FHtesticp.default: no visible global function definition for
     ‘permControl’
    FHtesticp.formula: no visible global function definition for ‘is.Surv’
    FHtesticp.formula: no visible global function definition for ‘Surv’
    FHtestics.formula: no visible global function definition for ‘is.Surv’
    FHtestics.formula: no visible global function definition for ‘Surv’
    FHtestrcc.formula: no visible global function definition for ‘is.Surv’
    FHtestrcc.formula: no visible global function definition for ‘Surv’
    FHtestrcp.default: no visible global function definition for
     ‘permControl’
    FHtestrcp.formula: no visible global function definition for ‘is.Surv’
    FHtestrcp.formula: no visible global function definition for ‘Surv’
    rcc: no visible global function definition for ‘survfit’
    rcp: no visible global function definition for ‘survfit’
Flavors: r-devel-linux-x86_64-debian-clang, r-devel-linux-x86_64-debian-gcc, r-devel-linux-x86_64-fedora-clang, r-devel-linux-x86_64-fedora-gcc, r-devel-osx-x86_64-clang, r-devel-windows-ix86+x86_64