CRAN Package Check Results for Package FHtest

Last updated on 2017-04-24 12:47:32.

Flavor Version Tinstall Tcheck Ttotal Status Flags
r-devel-linux-x86_64-debian-clang 1.3 2.60 43.75 46.35 OK
r-devel-linux-x86_64-debian-gcc 1.3 2.49 43.84 46.33 OK
r-devel-linux-x86_64-fedora-clang 1.3 98.42 OK --no-stop-on-test-error
r-devel-linux-x86_64-fedora-gcc 1.3 94.72 OK --no-stop-on-test-error
r-devel-windows-ix86+x86_64 1.3 12.00 102.00 114.00 OK
r-patched-linux-x86_64 1.3 2.81 43.38 46.19 OK
r-patched-solaris-sparc 1.3 624.00 OK
r-patched-solaris-x86 1.3 138.40 OK
r-release-linux-x86_64 1.3 2.56 42.87 45.43 OK
r-release-windows-ix86+x86_64 1.3 9.00 80.00 89.00 OK
r-release-osx-x86_64 1.3 ERROR
r-oldrel-windows-ix86+x86_64 1.3 7.00 77.00 84.00 OK
r-oldrel-osx-x86_64 1.3 OK

Check Details

Version: 1.3
Check: package dependencies
Result: ERROR
    Package required but not available: ‘interval’
    
    See section ‘The DESCRIPTION file’ in the ‘Writing R Extensions’
    manual.
Flavor: r-release-osx-x86_64