CRAN Package Check Results for Package FI

Last updated on 2015-09-03 14:48:17.

Flavor Version Tinstall Tcheck Ttotal Status Flags
r-devel-linux-x86_64-debian-clang 1.0 0.49 7.94 8.44 NOTE
r-devel-linux-x86_64-debian-gcc 1.0 0.46 7.84 8.30 NOTE
r-devel-linux-x86_64-fedora-clang 1.0 15.94 NOTE
r-devel-linux-x86_64-fedora-gcc 1.0 14.81 NOTE
r-devel-osx-x86_64-clang 1.0 17.08 NOTE
r-devel-windows-ix86+x86_64 1.0 2.00 17.00 19.00 NOTE
r-patched-linux-x86_64 1.0 0.52 8.74 9.26 NOTE
r-patched-solaris-sparc 1.0 105.70 NOTE
r-patched-solaris-x86 1.0 27.10 NOTE
r-release-linux-x86_64 1.0 0.52 8.53 9.05 NOTE
r-release-osx-x86_64-mavericks 1.0 NOTE
r-release-windows-ix86+x86_64 1.0 3.00 24.00 27.00 NOTE
r-oldrel-windows-ix86+x86_64 1.0 4.00 21.00 25.00 OK

Check Details

Version: 1.0
Check: DESCRIPTION meta-information
Result: NOTE
    Malformed Description field: should contain one or more complete sentences.
Flavors: r-devel-linux-x86_64-debian-clang, r-devel-linux-x86_64-debian-gcc, r-devel-linux-x86_64-fedora-clang, r-devel-linux-x86_64-fedora-gcc, r-devel-osx-x86_64-clang, r-devel-windows-ix86+x86_64, r-patched-linux-x86_64, r-patched-solaris-sparc, r-patched-solaris-x86, r-release-linux-x86_64, r-release-osx-x86_64-mavericks, r-release-windows-ix86+x86_64