CRAN Package Check Results for Package FI

Last updated on 2016-05-29 08:46:32.

Flavor Version Tinstall Tcheck Ttotal Status Flags
r-devel-linux-x86_64-debian-gcc 1.0 0.54 8.50 9.03 NOTE
r-devel-linux-x86_64-fedora-clang 1.0 14.60 NOTE
r-devel-linux-x86_64-fedora-gcc 1.0 14.87 NOTE
r-devel-osx-x86_64-clang 1.0 17.42 NOTE
r-devel-windows-ix86+x86_64 1.0 2.00 22.00 24.00 NOTE
r-patched-linux-x86_64 1.0 0.56 8.61 9.17 NOTE
r-patched-solaris-sparc 1.0 95.50 NOTE
r-patched-solaris-x86 1.0 22.60 NOTE
r-release-linux-x86_64 1.0 0.51 8.42 8.93 NOTE
r-release-osx-x86_64-mavericks 1.0 NOTE
r-release-windows-ix86+x86_64 1.0 3.00 30.00 33.00 NOTE
r-oldrel-windows-ix86+x86_64 1.0 2.00 14.00 16.00 NOTE

Check Details

Version: 1.0
Check: DESCRIPTION meta-information
Result: NOTE
    Malformed Description field: should contain one or more complete sentences.
Flavors: r-devel-linux-x86_64-debian-gcc, r-devel-linux-x86_64-fedora-clang, r-devel-linux-x86_64-fedora-gcc, r-devel-osx-x86_64-clang, r-devel-windows-ix86+x86_64, r-patched-linux-x86_64, r-patched-solaris-sparc, r-patched-solaris-x86, r-release-linux-x86_64, r-release-osx-x86_64-mavericks, r-release-windows-ix86+x86_64, r-oldrel-windows-ix86+x86_64