CRAN Package Check Results for Package FI

Last updated on 2017-04-24 20:47:13.

Flavor Version Tinstall Tcheck Ttotal Status Flags
r-devel-linux-x86_64-debian-clang 1.0 0.62 10.39 11.00 NOTE
r-devel-linux-x86_64-debian-gcc 1.0 0.59 10.35 10.94 NOTE
r-devel-linux-x86_64-fedora-clang 1.0 18.06 NOTE --no-stop-on-test-error
r-devel-linux-x86_64-fedora-gcc 1.0 17.00 NOTE --no-stop-on-test-error
r-devel-windows-ix86+x86_64 1.0 NOTE
r-patched-linux-x86_64 1.0 0.63 10.15 10.78 NOTE
r-patched-solaris-sparc 1.0 118.50 NOTE
r-patched-solaris-x86 1.0 26.60 NOTE
r-release-linux-x86_64 1.0 0.53 10.29 10.82 NOTE
r-release-windows-ix86+x86_64 1.0 3.00 21.00 24.00 NOTE
r-release-osx-x86_64 1.0 NOTE
r-oldrel-windows-ix86+x86_64 1.0 2.00 23.00 25.00 NOTE
r-oldrel-osx-x86_64 1.0 NOTE

Check Details

Version: 1.0
Check: DESCRIPTION meta-information
Result: NOTE
    Malformed Description field: should contain one or more complete sentences.
Flavors: r-devel-linux-x86_64-debian-clang, r-devel-linux-x86_64-debian-gcc, r-devel-windows-ix86+x86_64, r-patched-linux-x86_64, r-patched-solaris-sparc, r-patched-solaris-x86, r-release-linux-x86_64, r-release-windows-ix86+x86_64, r-release-osx-x86_64, r-oldrel-windows-ix86+x86_64, r-oldrel-osx-x86_64

Version: 1.0
Flags: --no-stop-on-test-error
Check: DESCRIPTION meta-information
Result: NOTE
    Malformed Description field: should contain one or more complete sentences.
Flavors: r-devel-linux-x86_64-fedora-clang, r-devel-linux-x86_64-fedora-gcc