CRAN Package Check Results for Package FI

Last updated on 2015-05-25 11:48:21.

Flavor Version Tinstall Tcheck Ttotal Status Flags
r-devel-linux-x86_64-debian-clang 1.0 0.56 8.39 8.95 NOTE
r-devel-linux-x86_64-debian-gcc 1.0 0.52 8.26 8.78 NOTE
r-devel-linux-x86_64-fedora-clang 1.0 18.09 NOTE
r-devel-linux-x86_64-fedora-gcc 1.0 16.48 NOTE
r-devel-osx-x86_64-clang 1.0 20.93 NOTE
r-devel-windows-ix86+x86_64 1.0 2.00 15.00 17.00 NOTE
r-patched-linux-x86_64 1.0 0.52 8.35 8.87 NOTE
r-patched-solaris-sparc 1.0 108.70 NOTE
r-patched-solaris-x86 1.0 26.70 NOTE
r-release-linux-x86_64 1.0 0.51 8.24 8.75 NOTE
r-release-osx-x86_64-mavericks 1.0 NOTE
r-release-osx-x86_64-snowleopard 1.0 NOTE
r-release-windows-ix86+x86_64 1.0 2.00 16.00 18.00 NOTE
r-oldrel-windows-ix86+x86_64 1.0 4.00 21.00 25.00 OK

Check Details

Version: 1.0
Check: DESCRIPTION meta-information
Result: NOTE
    Malformed Description field: should contain one or more complete sentences.
Flavors: r-devel-linux-x86_64-debian-clang, r-devel-linux-x86_64-debian-gcc, r-devel-linux-x86_64-fedora-clang, r-devel-linux-x86_64-fedora-gcc, r-devel-osx-x86_64-clang, r-devel-windows-ix86+x86_64, r-patched-linux-x86_64, r-patched-solaris-sparc, r-patched-solaris-x86, r-release-linux-x86_64, r-release-osx-x86_64-mavericks, r-release-osx-x86_64-snowleopard, r-release-windows-ix86+x86_64