CRAN Package Check Results for Package FI

Last updated on 2016-07-30 23:47:27.

Flavor Version Tinstall Tcheck Ttotal Status Flags
r-devel-linux-x86_64-debian-clang 1.0 0.57 8.51 9.08 NOTE
r-devel-linux-x86_64-debian-gcc 1.0 0.51 8.69 9.19 NOTE
r-devel-linux-x86_64-fedora-clang 1.0 16.91 NOTE
r-devel-linux-x86_64-fedora-gcc 1.0 13.37 NOTE
r-devel-osx-x86_64-clang 1.0 13.64 NOTE
r-devel-windows-ix86+x86_64 1.0 2.00 22.00 24.00 NOTE
r-patched-linux-x86_64 1.0 0.61 8.23 8.84 NOTE
r-patched-solaris-sparc 1.0 95.30 NOTE
r-patched-solaris-x86 1.0 22.00 NOTE
r-release-linux-x86_64 1.0 0.76 10.12 10.89 NOTE
r-release-osx-x86_64-mavericks 1.0 NOTE
r-release-windows-ix86+x86_64 1.0 3.00 30.00 33.00 NOTE
r-oldrel-windows-ix86+x86_64 1.0 2.00 14.00 16.00 NOTE

Check Details

Version: 1.0
Check: DESCRIPTION meta-information
Result: NOTE
    Malformed Description field: should contain one or more complete sentences.
Flavors: r-devel-linux-x86_64-debian-clang, r-devel-linux-x86_64-debian-gcc, r-devel-linux-x86_64-fedora-clang, r-devel-linux-x86_64-fedora-gcc, r-devel-osx-x86_64-clang, r-devel-windows-ix86+x86_64, r-patched-linux-x86_64, r-patched-solaris-sparc, r-patched-solaris-x86, r-release-linux-x86_64, r-release-osx-x86_64-mavericks, r-release-windows-ix86+x86_64, r-oldrel-windows-ix86+x86_64