CRAN Package Check Results for Package FI

Last updated on 2017-12-11 20:46:49 CET.

Flavor Version Tinstall Tcheck Ttotal Status Flags
r-devel-linux-x86_64-debian-clang 1.0 0.70 12.69 13.39 NOTE
r-devel-linux-x86_64-debian-gcc 1.0 0.46 11.63 12.09 NOTE
r-devel-linux-x86_64-fedora-clang 1.0 17.59 NOTE
r-devel-linux-x86_64-fedora-gcc 1.0 16.47 NOTE
r-devel-windows-ix86+x86_64 1.0 3.00 30.00 33.00 NOTE
r-patched-linux-x86_64 1.0 0.68 14.07 14.75 NOTE
r-patched-solaris-x86 1.0 25.50 NOTE
r-release-linux-x86_64 1.0 0.77 14.18 14.95 NOTE
r-release-windows-ix86+x86_64 1.0 2.00 23.00 25.00 NOTE
r-release-osx-x86_64 1.0 NOTE
r-oldrel-windows-ix86+x86_64 1.0 2.00 23.00 25.00 NOTE
r-oldrel-osx-x86_64 1.0 NOTE

Check Details

Version: 1.0
Check: DESCRIPTION meta-information
Result: NOTE
    Malformed Description field: should contain one or more complete sentences.
Flavors: r-devel-linux-x86_64-debian-clang, r-devel-linux-x86_64-debian-gcc, r-devel-linux-x86_64-fedora-clang, r-devel-linux-x86_64-fedora-gcc, r-devel-windows-ix86+x86_64, r-patched-linux-x86_64, r-patched-solaris-x86, r-release-linux-x86_64, r-release-windows-ix86+x86_64, r-release-osx-x86_64, r-oldrel-windows-ix86+x86_64, r-oldrel-osx-x86_64