CRAN Package Check Results for Package FI

Last updated on 2016-09-30 09:48:04.

Flavor Version Tinstall Tcheck Ttotal Status Flags
r-devel-linux-x86_64-debian-clang 1.0 0.54 9.46 10.00 NOTE
r-devel-linux-x86_64-debian-gcc 1.0 0.84 9.52 10.36 NOTE
r-devel-linux-x86_64-fedora-clang 1.0 18.66 NOTE
r-devel-linux-x86_64-fedora-gcc 1.0 13.64 NOTE
r-devel-macos-x86_64-clang 1.0 13.72 NOTE
r-devel-windows-ix86+x86_64 1.0 4.00 20.00 24.00 NOTE
r-patched-linux-x86_64 1.0 0.56 8.73 9.30 NOTE
r-patched-solaris-sparc 1.0 95.30 NOTE
r-patched-solaris-x86 1.0 22.00 NOTE
r-release-linux-x86_64 1.0 0.56 8.70 9.26 NOTE
r-release-osx-x86_64-mavericks 1.0 NOTE
r-release-windows-ix86+x86_64 1.0 2.00 21.00 23.00 NOTE
r-oldrel-windows-ix86+x86_64 1.0 2.00 14.00 16.00 NOTE

Check Details

Version: 1.0
Check: DESCRIPTION meta-information
Result: NOTE
    Malformed Description field: should contain one or more complete sentences.
Flavors: r-devel-linux-x86_64-debian-clang, r-devel-linux-x86_64-debian-gcc, r-devel-linux-x86_64-fedora-clang, r-devel-linux-x86_64-fedora-gcc, r-devel-macos-x86_64-clang, r-devel-windows-ix86+x86_64, r-patched-linux-x86_64, r-patched-solaris-sparc, r-patched-solaris-x86, r-release-linux-x86_64, r-release-osx-x86_64-mavericks, r-release-windows-ix86+x86_64, r-oldrel-windows-ix86+x86_64