CRAN Package Check Results for Package FI

Last updated on 2016-12-11 14:47:28.

Flavor Version Tinstall Tcheck Ttotal Status Flags
r-devel-linux-x86_64-debian-clang 1.0 0.61 10.04 10.65 NOTE
r-devel-linux-x86_64-debian-gcc 1.0 0.67 10.23 10.90 NOTE
r-devel-linux-x86_64-fedora-clang 1.0 18.24 NOTE --no-stop-on-test-error
r-devel-linux-x86_64-fedora-gcc 1.0 16.44 NOTE --no-stop-on-test-error
r-devel-macos-x86_64-clang 1.0 16.19 NOTE --no-stop-on-test-error
r-devel-windows-ix86+x86_64 1.0 2.00 22.00 24.00 NOTE
r-patched-linux-x86_64 1.0 0.62 10.45 11.06 NOTE
r-patched-solaris-sparc 1.0 95.30 NOTE
r-patched-solaris-x86 1.0 22.00 NOTE
r-release-linux-x86_64 1.0 0.50 8.49 8.99 NOTE
r-release-osx-x86_64-mavericks 1.0 NOTE
r-release-windows-ix86+x86_64 1.0 2.00 23.00 25.00 NOTE
r-oldrel-windows-ix86+x86_64 1.0 2.00 19.00 21.00 NOTE

Check Details

Version: 1.0
Check: DESCRIPTION meta-information
Result: NOTE
    Malformed Description field: should contain one or more complete sentences.
Flavors: r-devel-linux-x86_64-debian-clang, r-devel-linux-x86_64-debian-gcc, r-devel-windows-ix86+x86_64, r-patched-linux-x86_64, r-patched-solaris-sparc, r-patched-solaris-x86, r-release-linux-x86_64, r-release-osx-x86_64-mavericks, r-release-windows-ix86+x86_64, r-oldrel-windows-ix86+x86_64

Version: 1.0
Flags: --no-stop-on-test-error
Check: DESCRIPTION meta-information
Result: NOTE
    Malformed Description field: should contain one or more complete sentences.
Flavors: r-devel-linux-x86_64-fedora-clang, r-devel-linux-x86_64-fedora-gcc, r-devel-macos-x86_64-clang