CRAN Package Check Results for Package FI

Last updated on 2017-05-22 18:51:41.

Flavor Version Tinstall Tcheck Ttotal Status Flags
r-devel-linux-x86_64-debian-clang 1.0 0.53 10.75 11.28 NOTE
r-devel-linux-x86_64-debian-gcc 1.0 0.65 10.66 11.31 NOTE
r-devel-linux-x86_64-fedora-clang 1.0 18.34 NOTE --no-stop-on-test-error
r-devel-linux-x86_64-fedora-gcc 1.0 17.30 NOTE --no-stop-on-test-error
r-devel-windows-ix86+x86_64 1.0 3.00 32.00 35.00 NOTE
r-patched-linux-x86_64 1.0 0.56 10.32 10.88 NOTE
r-patched-solaris-sparc 1.0 118.50 NOTE
r-patched-solaris-x86 1.0 27.30 NOTE
r-release-linux-x86_64 1.0 0.54 10.65 11.19 NOTE
r-release-windows-ix86+x86_64 1.0 3.00 21.00 24.00 NOTE
r-release-osx-x86_64 1.0 NOTE
r-oldrel-windows-ix86+x86_64 1.0 2.00 23.00 25.00 NOTE
r-oldrel-osx-x86_64 1.0 NOTE

Check Details

Version: 1.0
Check: DESCRIPTION meta-information
Result: NOTE
    Malformed Description field: should contain one or more complete sentences.
Flavors: r-devel-linux-x86_64-debian-clang, r-devel-linux-x86_64-debian-gcc, r-devel-windows-ix86+x86_64, r-patched-linux-x86_64, r-patched-solaris-sparc, r-patched-solaris-x86, r-release-linux-x86_64, r-release-windows-ix86+x86_64, r-release-osx-x86_64, r-oldrel-windows-ix86+x86_64, r-oldrel-osx-x86_64

Version: 1.0
Flags: --no-stop-on-test-error
Check: DESCRIPTION meta-information
Result: NOTE
    Malformed Description field: should contain one or more complete sentences.
Flavors: r-devel-linux-x86_64-fedora-clang, r-devel-linux-x86_64-fedora-gcc