CRAN Package Check Results for Package FI

Last updated on 2017-06-23 15:47:59.

Flavor Version Tinstall Tcheck Ttotal Status Flags
r-devel-linux-x86_64-debian-clang 1.0 0.61 10.53 11.14 NOTE
r-devel-linux-x86_64-debian-gcc 1.0 0.62 10.32 10.93 NOTE
r-devel-linux-x86_64-fedora-clang 1.0 18.00 NOTE
r-devel-linux-x86_64-fedora-gcc 1.0 19.07 NOTE
r-devel-windows-ix86+x86_64 1.0 2.00 27.00 29.00 NOTE
r-patched-linux-x86_64 1.0 0.57 10.50 11.07 NOTE
r-patched-solaris-sparc 1.0 118.50 NOTE
r-patched-solaris-x86 1.0 26.80 NOTE
r-release-linux-x86_64 1.0 0.56 11.06 11.62 NOTE
r-release-windows-ix86+x86_64 1.0 3.00 21.00 24.00 NOTE
r-release-osx-x86_64 1.0 NOTE
r-oldrel-windows-ix86+x86_64 1.0 2.00 23.00 25.00 NOTE
r-oldrel-osx-x86_64 1.0 NOTE

Check Details

Version: 1.0
Check: DESCRIPTION meta-information
Result: NOTE
    Malformed Description field: should contain one or more complete sentences.
Flavors: r-devel-linux-x86_64-debian-clang, r-devel-linux-x86_64-debian-gcc, r-devel-linux-x86_64-fedora-clang, r-devel-linux-x86_64-fedora-gcc, r-devel-windows-ix86+x86_64, r-patched-linux-x86_64, r-patched-solaris-sparc, r-patched-solaris-x86, r-release-linux-x86_64, r-release-windows-ix86+x86_64, r-release-osx-x86_64, r-oldrel-windows-ix86+x86_64, r-oldrel-osx-x86_64