CRAN Package Check Results for Package FI

Last updated on 2016-02-07 03:50:34.

Flavor Version Tinstall Tcheck Ttotal Status Flags
r-devel-linux-x86_64-debian-gcc 1.0 0.54 7.75 8.30 NOTE
r-devel-linux-x86_64-fedora-clang 1.0 14.66 NOTE
r-devel-linux-x86_64-fedora-gcc 1.0 13.25 NOTE
r-devel-osx-x86_64-clang 1.0 17.23 NOTE
r-devel-windows-ix86+x86_64 1.0 3.00 16.00 19.00 NOTE
r-patched-linux-x86_64 1.0 0.61 8.44 9.05 NOTE
r-patched-solaris-sparc 1.0 95.80 NOTE
r-patched-solaris-x86 1.0 22.20 NOTE
r-release-linux-x86_64 1.0 0.54 8.32 8.86 NOTE
r-release-osx-x86_64-mavericks 1.0 NOTE
r-release-windows-ix86+x86_64 1.0 2.00 14.00 16.00 NOTE
r-oldrel-windows-ix86+x86_64 1.0 4.00 21.00 25.00 OK

Check Details

Version: 1.0
Check: DESCRIPTION meta-information
Result: NOTE
    Malformed Description field: should contain one or more complete sentences.
Flavors: r-devel-linux-x86_64-debian-gcc, r-devel-linux-x86_64-fedora-clang, r-devel-linux-x86_64-fedora-gcc, r-devel-osx-x86_64-clang, r-devel-windows-ix86+x86_64, r-patched-linux-x86_64, r-patched-solaris-sparc, r-patched-solaris-x86, r-release-linux-x86_64, r-release-osx-x86_64-mavericks, r-release-windows-ix86+x86_64