CRAN Package Check Results for Package FI

Last updated on 2016-08-24 09:47:01.

Flavor Version Tinstall Tcheck Ttotal Status Flags
r-devel-linux-x86_64-debian-clang 1.0 0.53 8.42 8.95 NOTE
r-devel-linux-x86_64-debian-gcc 1.0 0.54 8.51 9.05 NOTE
r-devel-linux-x86_64-fedora-clang 1.0 15.27 NOTE
r-devel-linux-x86_64-fedora-gcc 1.0 14.20 NOTE
r-devel-osx-x86_64-clang 1.0 13.62 NOTE
r-devel-windows-ix86+x86_64 1.0 4.00 20.00 24.00 NOTE
r-patched-linux-x86_64 1.0 0.53 8.40 8.93 NOTE
r-patched-solaris-sparc 1.0 95.30 NOTE
r-patched-solaris-x86 1.0 22.50 NOTE
r-release-linux-x86_64 1.0 0.51 8.42 8.93 NOTE
r-release-osx-x86_64-mavericks 1.0 NOTE
r-release-windows-ix86+x86_64 1.0 3.00 30.00 33.00 NOTE
r-oldrel-windows-ix86+x86_64 1.0 2.00 14.00 16.00 NOTE

Check Details

Version: 1.0
Check: DESCRIPTION meta-information
Result: NOTE
    Malformed Description field: should contain one or more complete sentences.
Flavors: r-devel-linux-x86_64-debian-clang, r-devel-linux-x86_64-debian-gcc, r-devel-linux-x86_64-fedora-clang, r-devel-linux-x86_64-fedora-gcc, r-devel-osx-x86_64-clang, r-devel-windows-ix86+x86_64, r-patched-linux-x86_64, r-patched-solaris-sparc, r-patched-solaris-x86, r-release-linux-x86_64, r-release-osx-x86_64-mavericks, r-release-windows-ix86+x86_64, r-oldrel-windows-ix86+x86_64