Last updated on 2022-05-17 19:04:43 CEST.
Flavor | Version | Tinstall | Tcheck | Ttotal | Status | Flags |
---|---|---|---|---|---|---|
r-devel-linux-x86_64-debian-clang | 0.2.0 | 3.85 | 59.59 | 63.44 | OK | |
r-devel-linux-x86_64-debian-gcc | 0.2.0 | 2.43 | 47.08 | 49.51 | OK | |
r-devel-linux-x86_64-fedora-clang | 0.2.0 | 78.01 | NOTE | |||
r-devel-linux-x86_64-fedora-gcc | 0.2.0 | 77.23 | NOTE | |||
r-devel-windows-x86_64 | 0.2.0 | 14.00 | 82.00 | 96.00 | OK | |
r-patched-linux-x86_64 | 0.2.0 | 3.11 | 58.59 | 61.70 | OK | |
r-release-linux-x86_64 | 0.2.0 | 2.10 | 58.41 | 60.51 | OK | |
r-release-macos-arm64 | 0.2.0 | 29.00 | NOTE | |||
r-release-macos-x86_64 | 0.2.0 | 33.00 | NOTE | |||
r-release-windows-x86_64 | 0.2.0 | 15.00 | 82.00 | 97.00 | OK | |
r-oldrel-macos-arm64 | 0.2.0 | 25.00 | NOTE | |||
r-oldrel-macos-x86_64 | 0.2.0 | 32.00 | NOTE | |||
r-oldrel-windows-ix86+x86_64 | 0.2.0 | 11.00 | 82.00 | 93.00 | OK |
Version: 0.2.0
Check: dependencies in R code
Result: NOTE
Namespaces in Imports field not imported from:
‘Rdpack’ ‘curl’ ‘mathjaxr’
All declared Imports should be used.
Flavors: r-devel-linux-x86_64-fedora-clang, r-devel-linux-x86_64-fedora-gcc, r-release-macos-arm64, r-release-macos-x86_64, r-oldrel-macos-arm64, r-oldrel-macos-x86_64