CRAN Package Check Results for Package FKF

Last updated on 2015-05-24 08:48:29.

Flavor Version Tinstall Tcheck Ttotal Status Flags
r-devel-linux-x86_64-debian-clang 0.1.3 1.21 14.30 15.52 NOTE
r-devel-linux-x86_64-debian-gcc 0.1.3 1.13 14.01 15.14 NOTE
r-devel-linux-x86_64-fedora-clang 0.1.3 31.49 NOTE
r-devel-linux-x86_64-fedora-gcc 0.1.3 29.38 NOTE
r-devel-osx-x86_64-clang 0.1.3 32.74 NOTE
r-devel-windows-ix86+x86_64 0.1.3 6.00 36.00 42.00 NOTE
r-patched-linux-x86_64 0.1.3 1.17 13.83 15.00 NOTE
r-patched-solaris-sparc 0.1.3 207.90 NOTE
r-patched-solaris-x86 0.1.3 44.80 NOTE
r-release-linux-x86_64 0.1.3 1.24 14.19 15.43 NOTE
r-release-osx-x86_64-mavericks 0.1.3 NOTE
r-release-osx-x86_64-snowleopard 0.1.3 NOTE
r-release-windows-ix86+x86_64 0.1.3 4.00 39.00 43.00 NOTE
r-oldrel-windows-ix86+x86_64 0.1.3 11.00 50.00 61.00 NOTE

Memtest notes: valgrind valgrind

Check Details

Version: 0.1.3
Check: line endings in Makefiles
Result: NOTE
    Found the following Makefile(s) without a final LF:
     src/Makevars
    Some ‘make’ programs ignore lines not ending in LF.
Flavors: r-devel-linux-x86_64-debian-clang, r-devel-linux-x86_64-debian-gcc, r-devel-linux-x86_64-fedora-clang, r-devel-linux-x86_64-fedora-gcc, r-devel-osx-x86_64-clang, r-devel-windows-ix86+x86_64, r-patched-linux-x86_64, r-patched-solaris-sparc, r-patched-solaris-x86, r-release-linux-x86_64, r-release-osx-x86_64-mavericks, r-release-osx-x86_64-snowleopard, r-release-windows-ix86+x86_64, r-oldrel-windows-ix86+x86_64