CRAN Package Check Results for Package FKF

Last updated on 2014-04-16 15:49:27.

Flavor Version Tinstall Tcheck Ttotal Status Flags
r-devel-linux-x86_64-debian-clang 0.1.3 1.12 14.86 15.98 OK
r-devel-linux-x86_64-debian-gcc 0.1.3 1.17 14.99 16.16 OK
r-devel-linux-x86_64-fedora-clang 0.1.3 32.28 OK
r-devel-linux-x86_64-fedora-gcc 0.1.3 31.36 OK
r-devel-macosx-x86_64-clang 0.1.3 33.87 OK
r-devel-macosx-x86_64-gcc 0.1.3 NOTE
r-devel-windows-ix86+x86_64 0.1.3 6.00 47.00 53.00 OK
r-patched-linux-x86_64 0.1.3 1.22 15.24 16.46 OK
r-patched-solaris-sparc 0.1.3 198.70 OK
r-patched-solaris-x86 0.1.3 46.00 OK
r-release-linux-ix86 0.1.3 3.00 40.00 43.00 OK
r-release-linux-x86_64 0.1.3 1.17 15.30 16.47 OK
r-release-macosx-x86_64 0.1.3 OK
r-release-windows-ix86+x86_64 0.1.3 14.00 46.00 60.00 OK
r-oldrel-windows-ix86+x86_64 0.1.3 6.00 34.00 40.00 OK

Memtest notes: valgrind valgrind

Check Details

Version: 0.1.3
Check: Rd cross-references
Result: NOTE
    Package unavailable to check Rd xrefs: ‘dlm’
Flavor: r-devel-macosx-x86_64-gcc