CRAN Package Check Results for Package FKF

Last updated on 2015-07-30 07:47:05.

Flavor Version Tinstall Tcheck Ttotal Status Flags
r-devel-linux-x86_64-debian-clang 0.1.3 1.27 13.97 15.24 NOTE
r-devel-linux-x86_64-debian-gcc 0.1.3 1.18 13.46 14.63 NOTE
r-devel-linux-x86_64-fedora-clang 0.1.3 30.27 NOTE
r-devel-linux-x86_64-fedora-gcc 0.1.3 27.90 NOTE
r-devel-osx-x86_64-clang 0.1.3 29.32 NOTE
r-devel-windows-ix86+x86_64 0.1.3 7.00 36.00 43.00 NOTE
r-patched-linux-x86_64 0.1.3 1.16 13.86 15.02 NOTE
r-patched-solaris-sparc 0.1.3 202.90 NOTE
r-patched-solaris-x86 0.1.3 44.90 NOTE
r-release-linux-x86_64 0.1.3 1.13 14.62 15.75 NOTE
r-release-osx-x86_64-mavericks 0.1.3 NOTE
r-release-windows-ix86+x86_64 0.1.3 6.00 34.00 40.00 NOTE
r-oldrel-windows-ix86+x86_64 0.1.3 11.00 50.00 61.00 NOTE

Memtest notes: valgrind valgrind

Check Details

Version: 0.1.3
Check: R code for possible problems
Result: NOTE
    plot.fkf: no visible global function definition for ‘rainbow’
    plot.fkf: no visible global function definition for ‘qnorm’
    plot.fkf: no visible global function definition for ‘qqnorm’
    plot.fkf: no visible global function definition for ‘qchisq’
    plot.fkf: no visible global function definition for ‘ppoints’
    plot.fkf: no visible global function definition for ‘qqplot’
    plot.fkf: no visible global function definition for ‘acf’
    plot.fkf: no visible global function definition for ‘ccf’
    Undefined global functions or variables:
     acf ccf ppoints qchisq qnorm qqnorm qqplot rainbow
    Consider adding
     importFrom("grDevices", "rainbow")
     importFrom("stats", "acf", "ccf", "ppoints", "qchisq", "qnorm",
     "qqnorm", "qqplot")
    to your NAMESPACE.
Flavors: r-devel-linux-x86_64-debian-clang, r-devel-linux-x86_64-debian-gcc, r-devel-linux-x86_64-fedora-clang, r-devel-linux-x86_64-fedora-gcc, r-devel-windows-ix86+x86_64

Version: 0.1.3
Check: line endings in Makefiles
Result: NOTE
    Found the following Makefile(s) without a final LF:
     src/Makevars
    Some ‘make’ programs ignore lines not ending in LF.
Flavors: r-devel-linux-x86_64-debian-clang, r-devel-linux-x86_64-debian-gcc, r-devel-linux-x86_64-fedora-clang, r-devel-linux-x86_64-fedora-gcc, r-devel-osx-x86_64-clang, r-devel-windows-ix86+x86_64, r-patched-linux-x86_64, r-patched-solaris-sparc, r-patched-solaris-x86, r-release-linux-x86_64, r-release-osx-x86_64-mavericks, r-release-windows-ix86+x86_64, r-oldrel-windows-ix86+x86_64