CRAN Package Check Results for Package FKF

Last updated on 2017-09-21 17:48:05.

Flavor Version Tinstall Tcheck Ttotal Status Flags
r-devel-linux-x86_64-debian-clang 0.1.3 1.34 17.15 18.49 NOTE
r-devel-linux-x86_64-debian-gcc 0.1.3 1.24 17.15 18.39 NOTE
r-devel-linux-x86_64-fedora-clang 0.1.3 33.77 NOTE
r-devel-linux-x86_64-fedora-gcc 0.1.3 31.92 NOTE
r-devel-windows-ix86+x86_64 0.1.3 9.00 44.00 53.00 NOTE
r-patched-linux-x86_64 0.1.3 1.22 17.32 18.55 NOTE
r-patched-solaris-x86 0.1.3 44.10 NOTE
r-release-linux-x86_64 0.1.3 1.32 16.78 18.11 NOTE
r-release-windows-ix86+x86_64 0.1.3 6.00 49.00 55.00 NOTE
r-release-osx-x86_64 0.1.3 NOTE
r-oldrel-windows-ix86+x86_64 0.1.3 9.00 56.00 65.00 NOTE
r-oldrel-osx-x86_64 0.1.3 NOTE

Additional issues

clang-ASAN gcc-ASAN valgrind

Check Details

Version: 0.1.3
Check: R code for possible problems
Result: NOTE
    plot.fkf: no visible global function definition for ‘rainbow’
    plot.fkf: no visible global function definition for ‘qnorm’
    plot.fkf: no visible global function definition for ‘qqnorm’
    plot.fkf: no visible global function definition for ‘qchisq’
    plot.fkf: no visible global function definition for ‘ppoints’
    plot.fkf: no visible global function definition for ‘qqplot’
    plot.fkf: no visible global function definition for ‘acf’
    plot.fkf: no visible global function definition for ‘ccf’
    Undefined global functions or variables:
     acf ccf ppoints qchisq qnorm qqnorm qqplot rainbow
    Consider adding
     importFrom("grDevices", "rainbow")
     importFrom("stats", "acf", "ccf", "ppoints", "qchisq", "qnorm",
     "qqnorm", "qqplot")
    to your NAMESPACE file.
Flavors: r-devel-linux-x86_64-debian-clang, r-devel-linux-x86_64-debian-gcc, r-devel-linux-x86_64-fedora-clang, r-devel-linux-x86_64-fedora-gcc, r-devel-windows-ix86+x86_64, r-patched-linux-x86_64, r-patched-solaris-x86, r-release-linux-x86_64, r-release-windows-ix86+x86_64, r-release-osx-x86_64, r-oldrel-windows-ix86+x86_64, r-oldrel-osx-x86_64

Version: 0.1.3
Check: line endings in Makefiles
Result: NOTE
    Found the following Makefile(s) without a final LF:
     src/Makevars
    Some ‘make’ programs ignore lines not ending in LF.
Flavors: r-devel-linux-x86_64-debian-clang, r-devel-linux-x86_64-debian-gcc, r-devel-linux-x86_64-fedora-clang, r-devel-linux-x86_64-fedora-gcc, r-devel-windows-ix86+x86_64, r-patched-linux-x86_64, r-patched-solaris-x86, r-release-linux-x86_64, r-release-windows-ix86+x86_64, r-release-osx-x86_64, r-oldrel-windows-ix86+x86_64, r-oldrel-osx-x86_64

Version: 0.1.3
Check: compiled code
Result: NOTE
    File ‘FKF/libs/FKF.so’:
     Found no calls to: ‘R_registerRoutines’, ‘R_useDynamicSymbols’
    
    It is good practice to register native routines and to disable symbol
    search.
    
    See ‘Writing portable packages’ in the ‘Writing R Extensions’ manual.
Flavors: r-devel-linux-x86_64-debian-clang, r-devel-linux-x86_64-debian-gcc, r-devel-linux-x86_64-fedora-clang, r-devel-linux-x86_64-fedora-gcc, r-patched-linux-x86_64, r-release-linux-x86_64