CRAN Package Check Results for Package FKF

Last updated on 2015-01-30 14:48:47.

Flavor Version Tinstall Tcheck Ttotal Status Flags
r-devel-linux-x86_64-debian-clang 0.1.3 1.12 14.77 15.89 NOTE
r-devel-linux-x86_64-debian-gcc 0.1.3 1.16 13.98 15.14 NOTE
r-devel-linux-x86_64-fedora-clang 0.1.3 33.82 NOTE
r-devel-linux-x86_64-fedora-gcc 0.1.3 32.78 NOTE
r-devel-osx-x86_64-clang 0.1.3 36.58 NOTE
r-devel-windows-ix86+x86_64 0.1.3 6.00 34.00 40.00 NOTE
r-patched-linux-x86_64 0.1.3 1.36 15.44 16.80 NOTE
r-patched-solaris-sparc 0.1.3 215.20 OK
r-patched-solaris-x86 0.1.3 48.50 NOTE
r-release-linux-ix86 0.1.3 1.66 22.40 24.06 OK
r-release-linux-x86_64 0.1.3 1.16 15.39 16.55 OK
r-release-osx-x86_64-mavericks 0.1.3 NOTE
r-release-osx-x86_64-snowleopard 0.1.3 OK
r-release-windows-ix86+x86_64 0.1.3 8.00 41.00 49.00 OK
r-oldrel-windows-ix86+x86_64 0.1.3 7.00 37.00 44.00 OK

Memtest notes: valgrind

Check Details

Version: 0.1.3
Check: line endings in Makefiles
Result: NOTE
    Found the following Makefile(s) without a final LF:
     src/Makevars
    Some ‘make’ programs ignore lines not ending in LF.
Flavors: r-devel-linux-x86_64-debian-clang, r-devel-linux-x86_64-debian-gcc, r-devel-linux-x86_64-fedora-clang, r-devel-linux-x86_64-fedora-gcc, r-devel-osx-x86_64-clang, r-devel-windows-ix86+x86_64, r-patched-linux-x86_64, r-patched-solaris-x86, r-release-osx-x86_64-mavericks