CRAN Package Check Results for Package FKF

Last updated on 2017-03-26 21:47:47.

Flavor Version Tinstall Tcheck Ttotal Status Flags
r-devel-linux-x86_64-debian-clang 0.1.3 1.54 16.91 18.44 NOTE
r-devel-linux-x86_64-debian-gcc 0.1.3 1.19 16.73 17.93 NOTE
r-devel-linux-x86_64-fedora-clang 0.1.3 32.22 NOTE --no-stop-on-test-error
r-devel-linux-x86_64-fedora-gcc 0.1.3 31.66 NOTE --no-stop-on-test-error
r-devel-macos-x86_64-clang 0.1.3 27.39 NOTE --no-stop-on-test-error
r-devel-windows-ix86+x86_64 0.1.3 6.00 45.00 51.00 NOTE
r-patched-linux-x86_64 0.1.3 1.28 16.59 17.87 NOTE
r-patched-solaris-sparc 0.1.3 232.30 NOTE
r-patched-solaris-x86 0.1.3 45.10 NOTE
r-release-linux-x86_64 0.1.3 1.10 14.19 15.28 NOTE
r-release-osx-x86_64-mavericks 0.1.3 NOTE
r-release-windows-ix86+x86_64 0.1.3 14.00 101.00 115.00 NOTE
r-oldrel-windows-ix86+x86_64 0.1.3 14.00 53.00 67.00 NOTE

Memtest notes: valgrind valgrind

Check Details

Version: 0.1.3
Check: R code for possible problems
Result: NOTE
    plot.fkf: no visible global function definition for ‘rainbow’
    plot.fkf: no visible global function definition for ‘qnorm’
    plot.fkf: no visible global function definition for ‘qqnorm’
    plot.fkf: no visible global function definition for ‘qchisq’
    plot.fkf: no visible global function definition for ‘ppoints’
    plot.fkf: no visible global function definition for ‘qqplot’
    plot.fkf: no visible global function definition for ‘acf’
    plot.fkf: no visible global function definition for ‘ccf’
    Undefined global functions or variables:
     acf ccf ppoints qchisq qnorm qqnorm qqplot rainbow
    Consider adding
     importFrom("grDevices", "rainbow")
     importFrom("stats", "acf", "ccf", "ppoints", "qchisq", "qnorm",
     "qqnorm", "qqplot")
    to your NAMESPACE file.
Flavors: r-devel-linux-x86_64-debian-clang, r-devel-linux-x86_64-debian-gcc, r-devel-windows-ix86+x86_64, r-patched-linux-x86_64, r-patched-solaris-sparc, r-patched-solaris-x86, r-release-linux-x86_64, r-release-osx-x86_64-mavericks, r-release-windows-ix86+x86_64

Version: 0.1.3
Check: line endings in Makefiles
Result: NOTE
    Found the following Makefile(s) without a final LF:
     src/Makevars
    Some ‘make’ programs ignore lines not ending in LF.
Flavors: r-devel-linux-x86_64-debian-clang, r-devel-linux-x86_64-debian-gcc, r-devel-windows-ix86+x86_64, r-patched-linux-x86_64, r-patched-solaris-sparc, r-patched-solaris-x86, r-release-linux-x86_64, r-release-osx-x86_64-mavericks, r-release-windows-ix86+x86_64, r-oldrel-windows-ix86+x86_64

Version: 0.1.3
Check: compiled code
Result: NOTE
    File ‘FKF/libs/FKF.so’:
     Found no calls to: ‘R_registerRoutines’, ‘R_useDynamicSymbols’
    
    It is good practice to register native routines and to disable symbol
    search.
    
    See ‘Writing portable packages’ in the ‘Writing R Extensions’ manual.
Flavors: r-devel-linux-x86_64-debian-clang, r-devel-linux-x86_64-debian-gcc, r-patched-linux-x86_64

Version: 0.1.3
Flags: --no-stop-on-test-error
Check: R code for possible problems
Result: NOTE
    plot.fkf: no visible global function definition for ‘rainbow’
    plot.fkf: no visible global function definition for ‘qnorm’
    plot.fkf: no visible global function definition for ‘qqnorm’
    plot.fkf: no visible global function definition for ‘qchisq’
    plot.fkf: no visible global function definition for ‘ppoints’
    plot.fkf: no visible global function definition for ‘qqplot’
    plot.fkf: no visible global function definition for ‘acf’
    plot.fkf: no visible global function definition for ‘ccf’
    Undefined global functions or variables:
     acf ccf ppoints qchisq qnorm qqnorm qqplot rainbow
    Consider adding
     importFrom("grDevices", "rainbow")
     importFrom("stats", "acf", "ccf", "ppoints", "qchisq", "qnorm",
     "qqnorm", "qqplot")
    to your NAMESPACE file.
Flavors: r-devel-linux-x86_64-fedora-clang, r-devel-linux-x86_64-fedora-gcc, r-devel-macos-x86_64-clang

Version: 0.1.3
Flags: --no-stop-on-test-error
Check: line endings in Makefiles
Result: NOTE
    Found the following Makefile(s) without a final LF:
     src/Makevars
    Some ‘make’ programs ignore lines not ending in LF.
Flavors: r-devel-linux-x86_64-fedora-clang, r-devel-linux-x86_64-fedora-gcc, r-devel-macos-x86_64-clang

Version: 0.1.3
Flags: --no-stop-on-test-error
Check: compiled code
Result: NOTE
    File ‘FKF/libs/FKF.so’:
     Found no calls to: ‘R_registerRoutines’, ‘R_useDynamicSymbols’
    
    It is good practice to register native routines and to disable symbol
    search.
    
    See ‘Writing portable packages’ in the ‘Writing R Extensions’ manual.
Flavors: r-devel-linux-x86_64-fedora-clang, r-devel-linux-x86_64-fedora-gcc, r-devel-macos-x86_64-clang