CRAN Package Check Results for Package FKF

Last updated on 2015-03-26 21:46:55.

Flavor Version Tinstall Tcheck Ttotal Status Flags
r-devel-linux-x86_64-debian-clang 0.1.3 1.22 14.54 15.76 NOTE
r-devel-linux-x86_64-debian-gcc 0.1.3 1.09 14.17 15.26 NOTE
r-devel-linux-x86_64-fedora-clang 0.1.3 31.99 NOTE
r-devel-linux-x86_64-fedora-gcc 0.1.3 28.73 NOTE
r-devel-osx-x86_64-clang 0.1.3 35.99 NOTE
r-prerel-windows-ix86+x86_64 0.1.3 6.00 35.00 41.00 NOTE
r-prerel-linux-x86_64 0.1.3 1.14 13.95 15.10 NOTE
r-prerel-solaris-sparc 0.1.3 209.90 NOTE
r-prerel-solaris-x86 0.1.3 44.40 NOTE
r-release-linux-x86_64 0.1.3 1.24 15.65 16.89 NOTE
r-release-osx-x86_64-mavericks 0.1.3 NOTE
r-release-osx-x86_64-snowleopard 0.1.3 OK
r-release-windows-ix86+x86_64 0.1.3 11.00 50.00 61.00 NOTE
r-oldrel-windows-ix86+x86_64 0.1.3 7.00 37.00 44.00 OK

Memtest notes: valgrind valgrind

Check Details

Version: 0.1.3
Check: line endings in Makefiles
Result: NOTE
    Found the following Makefile(s) without a final LF:
     src/Makevars
    Some ‘make’ programs ignore lines not ending in LF.
Flavors: r-devel-linux-x86_64-debian-clang, r-devel-linux-x86_64-debian-gcc, r-devel-linux-x86_64-fedora-clang, r-devel-linux-x86_64-fedora-gcc, r-devel-osx-x86_64-clang, r-prerel-windows-ix86+x86_64, r-prerel-linux-x86_64, r-prerel-solaris-sparc, r-prerel-solaris-x86, r-release-linux-x86_64, r-release-osx-x86_64-mavericks, r-release-windows-ix86+x86_64