CRAN Package Check Results for Package FLLat

Last updated on 2015-01-25 04:47:03.

Flavor Version Tinstall Tcheck Ttotal Status Flags
r-devel-linux-x86_64-debian-clang 1.1 1.47 39.38 40.85 OK
r-devel-linux-x86_64-debian-gcc 1.1 1.57 37.32 38.89 OK
r-devel-linux-x86_64-fedora-clang 1.1 78.99 OK
r-devel-linux-x86_64-fedora-gcc 1.1 79.29 OK
r-devel-osx-x86_64-clang 1.1 65.19 OK
r-devel-windows-ix86+x86_64 1.1 9.00 64.00 73.00 OK
r-patched-linux-x86_64 1.1 1.70 35.70 37.40 OK
r-patched-solaris-sparc 1.1 736.10 OK
r-patched-solaris-x86 1.1 116.80 OK
r-release-linux-ix86 1.1 2.25 50.86 53.10 OK
r-release-linux-x86_64 1.1 1.65 36.60 38.26 OK
r-release-osx-x86_64-mavericks 1.1 OK
r-release-osx-x86_64-snowleopard 1.1 ERROR
r-release-windows-ix86+x86_64 1.1 9.00 62.00 71.00 OK
r-oldrel-windows-ix86+x86_64 1.1 10.00 70.00 80.00 OK

Check Details

Version: 1.1
Check: whether package can be installed
Result: ERROR
    Installation failed.
Flavor: r-release-osx-x86_64-snowleopard