CRAN Package Check Results for Package FLLat

Last updated on 2014-04-24 03:47:44.

Flavor Version Tinstall Tcheck Ttotal Status Flags
r-devel-linux-x86_64-debian-clang 1.1 1.47 31.42 32.88 OK
r-devel-linux-x86_64-debian-gcc 1.1 1.60 35.45 37.04 OK
r-devel-linux-x86_64-fedora-clang 1.1 70.25 OK
r-devel-linux-x86_64-fedora-gcc 1.1 74.11 OK
r-devel-osx-x86_64-clang 1.1 64.58 OK
r-devel-osx-x86_64-gcc 1.1 OK
r-devel-windows-ix86+x86_64 1.1 9.00 69.00 78.00 OK
r-patched-linux-x86_64 1.1 1.61 35.88 37.49 OK
r-patched-solaris-sparc 1.1 712.00 OK
r-patched-solaris-x86 1.1 115.30 OK
r-release-linux-ix86 1.1 3.00 69.00 72.00 OK
r-release-linux-x86_64 1.1 1.68 35.67 37.35 OK
r-release-osx-x86_64-mavericks 1.1 NOTE
r-release-osx-x86_64-snowleopard 1.1 ERROR
r-release-windows-ix86+x86_64 1.1 8.00 70.00 78.00 OK
r-oldrel-windows-ix86+x86_64 1.1 9.00 78.00 87.00 OK

Check Details

Version: 1.1
Check: re-building of vignette outputs
Result: NOTE
    Error in re-building vignettes:
     ...
    Loading required package: gplots
    KernSmooth 2.23 loaded
    Copyright M. P. Wand 1997-2009
    
    Attaching package: ‘gplots’
    
    The following object is masked from ‘package:stats’:
    
     lowess
    
    Error in texi2dvi(file = file, pdf = TRUE, clean = clean, quiet = quiet, :
     Running 'texi2dvi' on 'FLLat_tutorial.tex' failed.
    LaTeX errors:
    ! LaTeX Error: File `fullpage.sty' not found.
    
    Type X to quit or <RETURN> to proceed,
    or enter new name. (Default extension: sty)
    
    est/FLLat/vignettes/FLLat_tutorial.tex:5: ==> Fatal error occurred, no output
    PDF file produced!
    Calls: buildVignettes -> texi2pdf -> texi2dvi
    Execution halted
Flavor: r-release-osx-x86_64-mavericks

Version: 1.1
Check: whether package can be installed
Result: ERROR
    Installation failed.
    See ‘/Volumes/XT3/Builds/R-dev-web/QA/Simon/packages/snowleopard-x86_64/results/3.1/FLLat.Rcheck/00install.out’ for details.
Flavor: r-release-osx-x86_64-snowleopard