CRAN Package Check Results for Package FLLat

Last updated on 2015-07-02 23:47:09.

Flavor Version Tinstall Tcheck Ttotal Status Flags
r-devel-linux-x86_64-debian-clang 1.1 1.47 31.33 32.80 NOTE
r-devel-linux-x86_64-debian-gcc 1.1 1.49 32.66 34.15 NOTE
r-devel-linux-x86_64-fedora-clang 1.1 65.85 NOTE
r-devel-linux-x86_64-fedora-gcc 1.1 68.49 NOTE
r-devel-osx-x86_64-clang 1.1 66.11 OK
r-devel-windows-ix86+x86_64 1.1 9.00 50.00 59.00 NOTE
r-patched-linux-x86_64 1.1 1.48 34.12 35.60 OK
r-patched-solaris-sparc 1.1 696.70 OK
r-patched-solaris-x86 1.1 111.10 OK
r-release-linux-x86_64 1.1 1.44 34.04 35.48 OK
r-release-osx-x86_64-mavericks 1.1 OK
r-release-windows-ix86+x86_64 1.1 9.00 58.00 67.00 OK
r-oldrel-windows-ix86+x86_64 1.1 12.00 64.00 76.00 OK

Check Details

Version: 1.1
Check: R code for possible problems
Result: NOTE
    FLLat.FDR: no visible global function definition for ‘is’
    plot.FDR: no visible global function definition for ‘plot’
    plot.FLLat: no visible global function definition for ‘par’
    plot.FLLat: no visible global function definition for ‘plot’
    plot.FLLat: no visible global function definition for ‘layout’
    plot.FLLat: no visible global function definition for ‘frame’
    plot.FLLat: no visible global function definition for ‘hclust’
    plot.FLLat: no visible global function definition for ‘as.dist’
    plot.FLLat: no visible global function definition for ‘cor’
    plot.FLLat: no visible global function definition for ‘as.dendrogram’
    plot.FLLat: no visible global function definition for ‘image’
    plot.FLLat: no visible global function definition for ‘axis’
    plot.PVE: no visible global function definition for ‘plot’
    Undefined global functions or variables:
     as.dendrogram as.dist axis cor frame hclust image is layout par plot
Flavors: r-devel-linux-x86_64-debian-clang, r-devel-linux-x86_64-fedora-clang, r-devel-linux-x86_64-fedora-gcc, r-devel-windows-ix86+x86_64

Version: 1.1
Check: R code for possible problems
Result: NOTE
    FLLat.FDR: no visible global function definition for ‘is’
    plot.FDR: no visible global function definition for ‘plot’
    plot.FLLat: no visible global function definition for ‘par’
    plot.FLLat: no visible global function definition for ‘plot’
    plot.FLLat: no visible global function definition for ‘layout’
    plot.FLLat: no visible global function definition for ‘frame’
    plot.FLLat: no visible global function definition for ‘hclust’
    plot.FLLat: no visible global function definition for ‘as.dist’
    plot.FLLat: no visible global function definition for ‘cor’
    plot.FLLat: no visible global function definition for ‘as.dendrogram’
    plot.FLLat: no visible global function definition for ‘image’
    plot.FLLat: no visible global function definition for ‘axis’
    plot.PVE: no visible global function definition for ‘plot’
Flavor: r-devel-linux-x86_64-debian-gcc