CRAN Package Check Results for Package FLLat

Last updated on 2014-10-25 17:46:42.

Flavor Version Tinstall Tcheck Ttotal Status Flags
r-devel-linux-x86_64-debian-clang 1.1 1.54 35.44 36.98 OK
r-devel-linux-x86_64-debian-gcc 1.1 1.61 35.92 37.53 OK
r-devel-linux-x86_64-fedora-clang 1.1 78.10 OK
r-devel-linux-x86_64-fedora-gcc 1.1 75.13 OK
r-devel-osx-x86_64-clang 1.1 62.35 OK
r-devel-windows-ix86+x86_64 1.1 9.00 60.00 69.00 OK
r-patched-linux-x86_64 1.1 1.74 35.53 37.26 OK
r-patched-solaris-sparc 1.1 725.30 OK
r-patched-solaris-x86 1.1 119.50 OK
r-release-linux-ix86 1.1 2.30 52.71 55.01 OK
r-release-linux-x86_64 1.1 1.76 35.56 37.33 OK
r-release-osx-x86_64-mavericks 1.1 NOTE
r-release-osx-x86_64-snowleopard 1.1 ERROR
r-release-windows-ix86+x86_64 1.1 10.00 65.00 75.00 OK
r-oldrel-windows-ix86+x86_64 1.1 10.00 67.00 77.00 NOTE

Check Details

Version: 1.1
Check: re-building of vignette outputs
Result: NOTE
    Error in re-building vignettes:
     ...
    Loading required package: gplots
    KernSmooth 2.23 loaded
    Copyright M. P. Wand 1997-2009
    
    Attaching package: ‘gplots’
    
    The following object is masked from ‘package:stats’:
    
     lowess
    
    Error in texi2dvi(file = file, pdf = TRUE, clean = clean, quiet = quiet, :
     Running 'texi2dvi' on 'FLLat_tutorial.tex' failed.
    LaTeX errors:
    ! LaTeX Error: File `fullpage.sty' not found.
    
    Type X to quit or <RETURN> to proceed,
    or enter new name. (Default extension: sty)
    
    est/FLLat/vignettes/FLLat_tutorial.tex:5: ==> Fatal error occurred, no output
    PDF file produced!
    Calls: buildVignettes -> texi2pdf -> texi2dvi
    Execution halted
Flavor: r-release-osx-x86_64-mavericks

Version: 1.1
Check: whether package can be installed
Result: ERROR
    Installation failed.
Flavor: r-release-osx-x86_64-snowleopard

Version: 1.1
Check: re-building of vignette outputs
Result: NOTE
    Error in re-building vignettes:
     ...
    Loading required package: gplots
    
    Attaching package: 'gplots'
    
    The following object is masked from 'package:stats':
    
     lowess
    
    Warning: running command '"D:\compiler\texmf\miktex\bin\texi2dvi.exe" --quiet --pdf "FLLat_tutorial.tex" -I "D:/Rcompile/recent/R-3.0.3/share/texmf/tex/latex" -I "D:/Rcompile/recent/R-3.0.3/share/texmf/bibtex/bst"' had status 1
    Error in find_vignette_product(name, by = "texi2pdf", engine = engine) :
     Failed to locate the 'texi2pdf' output file (by engine 'utils::Sweave') for vignette with name 'FLLat_tutorial'. The following files exists in directory '.': 'FLLat_tutorial-001.pdf', 'FLLat_tutorial-003.pdf', 'FLLat_tutorial-004.pdf', 'FLLat_tutorial-005.pdf', 'FLLat_tutorial.rnw', 'FLLat_tutorial.tex'
    Calls: buildVignettes -> find_vignette_product
    Execution halted
Flavor: r-oldrel-windows-ix86+x86_64