CRAN Package Check Results for Package FLLat

Last updated on 2017-02-23 23:49:28.

Flavor Version Tinstall Tcheck Ttotal Status Flags
r-devel-linux-x86_64-debian-clang 1.2 1.91 28.80 30.70 NOTE
r-devel-linux-x86_64-debian-gcc 1.2 1.70 29.31 31.02 NOTE
r-devel-linux-x86_64-fedora-clang 1.2 57.61 NOTE --no-stop-on-test-error
r-devel-linux-x86_64-fedora-gcc 1.2 59.26 NOTE --no-stop-on-test-error
r-devel-macos-x86_64-clang 1.2 48.25 NOTE --no-stop-on-test-error
r-devel-windows-ix86+x86_64 1.2 12.00 99.00 111.00 OK
r-patched-linux-x86_64 1.2 1.61 27.54 29.15 OK
r-patched-solaris-sparc 1.2 524.40 OK
r-patched-solaris-x86 1.2 84.80 OK
r-release-linux-x86_64 1.2 1.60 27.26 28.86 OK
r-release-osx-x86_64-mavericks 1.2 OK
r-release-windows-ix86+x86_64 1.2 15.00 143.00 158.00 OK
r-oldrel-windows-ix86+x86_64 1.2 22.00 106.00 128.00 OK

Check Details

Version: 1.2
Check: compiled code
Result: NOTE
    File ‘FLLat/libs/FLLat.so’:
     Found no calls to: ‘R_registerRoutines’, ‘R_useDynamicSymbols’
    
    It is good practice to register native routines and to disable symbol
    search.
    
    See ‘Writing portable packages’ in the ‘Writing R Extensions’ manual.
Flavors: r-devel-linux-x86_64-debian-clang, r-devel-linux-x86_64-debian-gcc

Version: 1.2
Flags: --no-stop-on-test-error
Check: compiled code
Result: NOTE
    File ‘FLLat/libs/FLLat.so’:
     Found no calls to: ‘R_registerRoutines’, ‘R_useDynamicSymbols’
    
    It is good practice to register native routines and to disable symbol
    search.
    
    See ‘Writing portable packages’ in the ‘Writing R Extensions’ manual.
Flavors: r-devel-linux-x86_64-fedora-clang, r-devel-linux-x86_64-fedora-gcc, r-devel-macos-x86_64-clang