CRAN Package Check Results for Package FLLat

Last updated on 2015-03-06 14:46:55.

Flavor Version Tinstall Tcheck Ttotal Status Flags
r-devel-linux-x86_64-debian-clang 1.1 1.61 32.82 34.43 OK
r-devel-linux-x86_64-debian-gcc 1.1 1.55 33.25 34.80 OK
r-devel-linux-x86_64-fedora-clang 1.1 66.96 OK
r-devel-linux-x86_64-fedora-gcc 1.1 69.83 OK
r-devel-osx-x86_64-clang 1.1 58.80 OK
r-devel-windows-ix86+x86_64 1.1 8.00 56.00 64.00 OK
r-patched-linux-x86_64 1.1 1.91 36.01 37.92 OK
r-patched-solaris-sparc 1.1 744.80 OK
r-patched-solaris-x86 1.1 121.70 OK
r-release-linux-ix86 1.1 2.39 53.36 55.76 OK
r-release-linux-x86_64 1.1 1.94 35.94 37.88 OK
r-release-osx-x86_64-mavericks 1.1 OK
r-release-osx-x86_64-snowleopard 1.1 ERROR
r-release-windows-ix86+x86_64 1.1 9.00 64.00 73.00 OK
r-oldrel-windows-ix86+x86_64 1.1 9.00 105.00 114.00 OK

Check Details

Version: 1.1
Check: whether package can be installed
Result: ERROR
    Installation failed.
Flavor: r-release-osx-x86_64-snowleopard