CRAN Package Check Results for Package FLightR

Last updated on 2019-05-25 13:46:54 CEST.

Flavor Version Tinstall Tcheck Ttotal Status Flags
r-devel-linux-x86_64-debian-clang 0.4.8 9.49 161.38 170.87 OK
r-devel-linux-x86_64-debian-gcc 0.4.8 8.29 115.27 123.56 OK
r-devel-linux-x86_64-fedora-clang 0.4.8 194.32 NOTE
r-devel-linux-x86_64-fedora-gcc 0.4.8 187.58 NOTE
r-devel-windows-ix86+x86_64 0.4.8 15.00 181.00 196.00 OK
r-patched-linux-x86_64 0.4.8 OK
r-patched-solaris-x86 0.4.8 311.20 NOTE
r-release-linux-x86_64 0.4.8 7.23 158.38 165.61 OK
r-release-windows-ix86+x86_64 0.4.8 21.00 241.00 262.00 OK
r-release-osx-x86_64 0.4.8 NOTE
r-oldrel-windows-ix86+x86_64 0.4.8 15.00 251.00 266.00 OK
r-oldrel-osx-x86_64 0.4.8 NOTE

Check Details

Version: 0.4.8
Check: dependencies in R code
Result: NOTE
    Namespace in Imports field not imported from: ‘rgdal’
     All declared Imports should be used.
Flavors: r-devel-linux-x86_64-fedora-clang, r-devel-linux-x86_64-fedora-gcc, r-patched-solaris-x86, r-release-osx-x86_64, r-oldrel-osx-x86_64