CRAN Package Check Results for Package FLightR

Last updated on 2019-03-21 14:47:21 CET.

Flavor Version Tinstall Tcheck Ttotal Status Flags
r-devel-linux-x86_64-debian-clang 0.4.8 10.30 164.00 174.30 OK
r-devel-linux-x86_64-debian-gcc 0.4.8 7.95 118.97 126.92 OK
r-devel-linux-x86_64-fedora-clang 0.4.8 199.36 NOTE
r-devel-linux-x86_64-fedora-gcc 0.4.8 189.59 NOTE
r-devel-windows-ix86+x86_64 0.4.8 19.00 237.00 256.00 OK
r-patched-linux-x86_64 0.4.8 6.93 166.82 173.75 OK
r-patched-solaris-x86 0.4.8 332.90 NOTE
r-release-linux-x86_64 0.4.8 7.78 161.82 169.60 OK
r-release-windows-ix86+x86_64 0.4.8 9.00 184.00 193.00 OK
r-release-osx-x86_64 0.4.8 NOTE
r-oldrel-windows-ix86+x86_64 0.4.8 18.00 258.00 276.00 OK
r-oldrel-osx-x86_64 0.4.8 NOTE

Check Details

Version: 0.4.8
Check: dependencies in R code
Result: NOTE
    Namespace in Imports field not imported from: ‘rgdal’
     All declared Imports should be used.
Flavors: r-devel-linux-x86_64-fedora-clang, r-devel-linux-x86_64-fedora-gcc, r-patched-solaris-x86, r-release-osx-x86_64, r-oldrel-osx-x86_64