CRAN Package Check Results for Package FME

Last updated on 2017-06-23 06:48:18.

Flavor Version Tinstall Tcheck Ttotal Status Flags
r-devel-linux-x86_64-debian-clang 1.3.5 1.89 138.80 140.68 NOTE
r-devel-linux-x86_64-debian-gcc 1.3.5 2.01 136.51 138.52 NOTE
r-devel-linux-x86_64-fedora-clang 1.3.5 255.37 NOTE
r-devel-linux-x86_64-fedora-gcc 1.3.5 256.56 NOTE
r-devel-windows-ix86+x86_64 1.3.5 9.00 277.00 286.00 OK
r-patched-linux-x86_64 1.3.5 1.98 131.31 133.29 NOTE
r-patched-solaris-sparc 1.3.5 1470.40 OK
r-patched-solaris-x86 1.3.5 266.80 OK
r-release-linux-x86_64 1.3.5 2.11 134.72 136.83 NOTE
r-release-windows-ix86+x86_64 1.3.5 11.00 379.00 390.00 OK
r-release-osx-x86_64 1.3.5 OK
r-oldrel-windows-ix86+x86_64 1.3.5 12.00 261.00 273.00 OK
r-oldrel-osx-x86_64 1.3.5 OK

Check Details

Version: 1.3.5
Check: compiled code
Result: NOTE
    File ‘FME/libs/FME.so’:
     Found no calls to: ‘R_registerRoutines’, ‘R_useDynamicSymbols’
    
    It is good practice to register native routines and to disable symbol
    search.
    
    See ‘Writing portable packages’ in the ‘Writing R Extensions’ manual.
Flavors: r-devel-linux-x86_64-debian-clang, r-devel-linux-x86_64-debian-gcc, r-devel-linux-x86_64-fedora-clang, r-devel-linux-x86_64-fedora-gcc, r-patched-linux-x86_64, r-release-linux-x86_64