CRAN Package Check Results for Package FME

Last updated on 2017-10-21 00:51:42.

Flavor Version Tinstall Tcheck Ttotal Status Flags
r-devel-linux-x86_64-debian-clang 1.3.5 1.88 133.71 135.59 NOTE
r-devel-linux-x86_64-debian-gcc 1.3.5 2.20 130.67 132.87 NOTE
r-devel-linux-x86_64-fedora-clang 1.3.5 257.19 NOTE
r-devel-linux-x86_64-fedora-gcc 1.3.5 267.27 NOTE
r-devel-windows-ix86+x86_64 1.3.5 7.00 348.00 355.00 OK
r-patched-linux-x86_64 1.3.5 1.84 133.04 134.88 NOTE
r-patched-solaris-x86 1.3.5 261.30 OK
r-release-linux-x86_64 1.3.5 1.92 132.37 134.30 NOTE
r-release-windows-ix86+x86_64 1.3.5 12.00 257.00 269.00 OK
r-release-osx-x86_64 1.3.5 OK
r-oldrel-windows-ix86+x86_64 1.3.5 7.00 330.00 337.00 OK
r-oldrel-osx-x86_64 1.3.5 OK

Check Details

Version: 1.3.5
Check: compiled code
Result: NOTE
    File ‘FME/libs/FME.so’:
     Found no calls to: ‘R_registerRoutines’, ‘R_useDynamicSymbols’
    
    It is good practice to register native routines and to disable symbol
    search.
    
    See ‘Writing portable packages’ in the ‘Writing R Extensions’ manual.
Flavors: r-devel-linux-x86_64-debian-clang, r-devel-linux-x86_64-debian-gcc, r-devel-linux-x86_64-fedora-clang, r-devel-linux-x86_64-fedora-gcc, r-patched-linux-x86_64, r-release-linux-x86_64