CRAN Package Check Results for Package FME

Last updated on 2017-08-20 14:46:52.

Flavor Version Tinstall Tcheck Ttotal Status Flags
r-devel-linux-x86_64-debian-clang 1.3.5 1.88 132.94 134.82 NOTE
r-devel-linux-x86_64-debian-gcc 1.3.5 2.22 131.73 133.96 NOTE
r-devel-linux-x86_64-fedora-clang 1.3.5 260.72 NOTE
r-devel-linux-x86_64-fedora-gcc 1.3.5 252.97 NOTE
r-devel-windows-ix86+x86_64 1.3.5 8.00 257.00 265.00 WARN
r-patched-linux-x86_64 1.3.5 1.86 128.31 130.17 NOTE
r-patched-solaris-x86 1.3.5 259.60 OK
r-release-linux-x86_64 1.3.5 2.05 136.54 138.59 NOTE
r-release-windows-ix86+x86_64 1.3.5 16.00 345.00 361.00 OK
r-release-osx-x86_64 1.3.5 OK
r-oldrel-windows-ix86+x86_64 1.3.5 8.00 236.00 244.00 OK
r-oldrel-osx-x86_64 1.3.5 OK

Check Details

Version: 1.3.5
Check: compiled code
Result: NOTE
    File ‘FME/libs/FME.so’:
     Found no calls to: ‘R_registerRoutines’, ‘R_useDynamicSymbols’
    
    It is good practice to register native routines and to disable symbol
    search.
    
    See ‘Writing portable packages’ in the ‘Writing R Extensions’ manual.
Flavors: r-devel-linux-x86_64-debian-clang, r-devel-linux-x86_64-debian-gcc, r-devel-linux-x86_64-fedora-clang, r-devel-linux-x86_64-fedora-gcc, r-patched-linux-x86_64, r-release-linux-x86_64

Version: 1.3.5
Check: re-building of vignette outputs
Result: WARN
    Error in re-building vignettes:
     ...
    Loading required package: deSolve
    Loading required package: rootSolve
    Loading required package: coda
    Warning: running command '"D:\compiler\texmf\miktex\bin\texify.exe" --quiet --pdf "FMEsteady.tex" --max-iterations=20 -I "D:/RCompile/recent/R/share/texmf/tex/latex" -I "D:/RCompile/recent/R/share/texmf/bibtex/bst"' had status 1
    Error in find_vignette_product(name, by = "texi2pdf", engine = engine) :
     Failed to locate the 'texi2pdf' output file (by engine 'utils::Sweave') for vignette with name 'FMEsteady'. The following files exist in directory '.': 'FME-HIV.pdf', 'FME-collfig.pdf', 'FME-costfig.pdf', 'FME-crlfig.pdf', 'FME-fitfig.pdf', 'FME-mcmcfig.pdf', 'FME-mcmcfig2.pdf', 'FME-odefig.pdf', 'FME-sf.pdf', 'FME-sfunfig.pdf', 'FME-sfunpfig.pdf', 'FME-srfig.pdf', 'FME.Rnw', 'FME.aux', 'FME.bbl', 'FME.blg', 'FME.log', 'FME.out', 'FME.pdf', 'FME.tex', 'FMEdyna-collfig.pdf', 'FMEdyna-crl2fig.pdf', 'FMEdyna-crlfig.pdf', 'FMEdyna-cumuplot.pdf', 'FMEdyna-distfig.pdf', 'FMEdyna-fitfig.pdf', 'FMEdyna-mcmcfig.pdf', 'FMEdyna-mcmcfig2.pdf', 'FMEdyna-odefig.pdf', 'FMEdyna-pairsfig.pdf', 'FMEdyna-resfig.pdf', 'FMEdyna-sensfig.pdf', 'FMEdyna-sensfig2.pdf', 'FMEdyna-sfunfig.pdf', 'FMEdyna.Rnw', 'FMEdyna.aux', 'FMEdyna.bbl', 'FMEdyna.blg', 'FMEdyna.log', 'FMEdyna.out', 'FMEdyna.pdf', 'FMEdyna.tex', 'FMEmcmc-ABMCMC.pdf', 'FMEmcmc-ABMCMC2.pdf', 'FMEmcmc-ABMCMC3.pdf', 'FMEmcmc-Monmcmc.pdf', '
    Calls: buildVignettes -> find_vignette_product
    Execution halted
Flavor: r-devel-windows-ix86+x86_64