CRAN Package Check Results for Package FME

Last updated on 2017-12-12 04:47:49 CET.

Flavor Version Tinstall Tcheck Ttotal Status Flags
r-devel-linux-x86_64-debian-clang 1.3.5 2.47 196.86 199.33 NOTE
r-devel-linux-x86_64-debian-gcc 1.3.5 1.96 168.17 170.13 NOTE
r-devel-linux-x86_64-fedora-clang 1.3.5 247.43 NOTE
r-devel-linux-x86_64-fedora-gcc 1.3.5 248.75 NOTE
r-devel-windows-ix86+x86_64 1.3.5 20.00 294.00 314.00 OK
r-patched-linux-x86_64 1.3.5 2.80 215.48 218.28 NOTE
r-patched-solaris-x86 1.3.5 254.10 OK
r-release-linux-x86_64 1.3.5 2.46 218.63 221.09 NOTE
r-release-windows-ix86+x86_64 1.3.5 8.00 357.00 365.00 OK
r-release-osx-x86_64 1.3.5 OK
r-oldrel-windows-ix86+x86_64 1.3.5 14.00 341.00 355.00 OK
r-oldrel-osx-x86_64 1.3.5 OK

Check Details

Version: 1.3.5
Check: compiled code
Result: NOTE
    File ‘FME/libs/FME.so’:
     Found no calls to: ‘R_registerRoutines’, ‘R_useDynamicSymbols’
    
    It is good practice to register native routines and to disable symbol
    search.
    
    See ‘Writing portable packages’ in the ‘Writing R Extensions’ manual.
Flavors: r-devel-linux-x86_64-debian-clang, r-devel-linux-x86_64-debian-gcc, r-devel-linux-x86_64-fedora-clang, r-devel-linux-x86_64-fedora-gcc, r-patched-linux-x86_64, r-release-linux-x86_64