CRAN Package Check Results for Package FMStable

Last updated on 2017-06-23 20:48:19.

Flavor Version Tinstall Tcheck Ttotal Status Flags
r-devel-linux-x86_64-debian-clang 0.1-2 1.59 15.93 17.52 NOTE
r-devel-linux-x86_64-debian-gcc 0.1-2 1.40 15.26 16.66 NOTE
r-devel-linux-x86_64-fedora-clang 0.1-2 28.05 NOTE
r-devel-linux-x86_64-fedora-gcc 0.1-2 27.25 NOTE
r-devel-windows-ix86+x86_64 0.1-2 8.00 38.00 46.00 NOTE
r-patched-linux-x86_64 0.1-2 1.40 15.41 16.81 NOTE
r-patched-solaris-sparc 0.1-2 200.90 NOTE
r-patched-solaris-x86 0.1-2 37.40 NOTE
r-release-linux-x86_64 0.1-2 1.46 15.99 17.45 NOTE
r-release-windows-ix86+x86_64 0.1-2 8.00 33.00 41.00 NOTE
r-release-osx-x86_64 0.1-2 NOTE
r-oldrel-windows-ix86+x86_64 0.1-2 7.00 30.00 37.00 NOTE
r-oldrel-osx-x86_64 0.1-2 NOTE

Check Details

Version: 0.1-2
Check: R code for possible problems
Result: NOTE
    BSOptionValue: no visible global function definition for ‘pnorm’
    ImpliedVol: no visible global function definition for ‘uniroot’
    callFMstable: no visible global function definition for ‘integrate’
    fitGivenQuantile: no visible global function definition for ‘uniroot’
    matchQuartiles: no visible global function definition for ‘optim’
    putFMstable: no visible global function definition for ‘integrate’
    standardStableQuantile: no visible global function definition for
     ‘qnorm’
    tailsGstable: no visible global function definition for ‘integrate’
    Undefined global functions or variables:
     integrate optim pnorm qnorm uniroot
    Consider adding
     importFrom("stats", "integrate", "optim", "pnorm", "qnorm", "uniroot")
    to your NAMESPACE file.
Flavors: r-devel-linux-x86_64-debian-clang, r-devel-linux-x86_64-debian-gcc, r-devel-linux-x86_64-fedora-clang, r-devel-linux-x86_64-fedora-gcc, r-devel-windows-ix86+x86_64, r-patched-linux-x86_64, r-patched-solaris-sparc, r-patched-solaris-x86, r-release-linux-x86_64, r-release-windows-ix86+x86_64, r-release-osx-x86_64, r-oldrel-windows-ix86+x86_64, r-oldrel-osx-x86_64

Version: 0.1-2
Check: compiled code
Result: NOTE
    File ‘FMStable/libs/FMStable.so’:
     Found no calls to: ‘R_registerRoutines’, ‘R_useDynamicSymbols’
    
    It is good practice to register native routines and to disable symbol
    search.
    
    See ‘Writing portable packages’ in the ‘Writing R Extensions’ manual.
Flavors: r-devel-linux-x86_64-debian-clang, r-devel-linux-x86_64-debian-gcc, r-devel-linux-x86_64-fedora-clang, r-devel-linux-x86_64-fedora-gcc, r-patched-linux-x86_64, r-release-linux-x86_64