CRAN Package Check Results for Package FMStable

Last updated on 2016-02-10 09:47:21.

Flavor Version Tinstall Tcheck Ttotal Status Flags
r-devel-linux-x86_64-debian-gcc 0.1-2 1.26 11.50 12.76 NOTE
r-devel-linux-x86_64-fedora-clang 0.1-2 23.61 NOTE
r-devel-linux-x86_64-fedora-gcc 0.1-2 21.81 NOTE
r-devel-osx-x86_64-clang 0.1-2 26.09 NOTE
r-devel-windows-ix86+x86_64 0.1-2 11.00 25.00 36.00 NOTE
r-patched-linux-x86_64 0.1-2 1.41 12.71 14.13 OK
r-patched-solaris-sparc 0.1-2 138.30 OK
r-patched-solaris-x86 0.1-2 30.60 OK
r-release-linux-x86_64 0.1-2 1.35 12.40 13.75 OK
r-release-osx-x86_64-mavericks 0.1-2 OK
r-release-windows-ix86+x86_64 0.1-2 7.00 23.00 30.00 OK
r-oldrel-windows-ix86+x86_64 0.1-2 11.00 32.00 43.00 OK

Check Details

Version: 0.1-2
Check: R code for possible problems
Result: NOTE
    BSOptionValue: no visible global function definition for ‘pnorm’
    ImpliedVol: no visible global function definition for ‘uniroot’
    callFMstable: no visible global function definition for ‘integrate’
    fitGivenQuantile: no visible global function definition for ‘uniroot’
    matchQuartiles: no visible global function definition for ‘optim’
    putFMstable: no visible global function definition for ‘integrate’
    standardStableQuantile: no visible global function definition for
     ‘qnorm’
    tailsGstable: no visible global function definition for ‘integrate’
    Undefined global functions or variables:
     integrate optim pnorm qnorm uniroot
    Consider adding
     importFrom("stats", "integrate", "optim", "pnorm", "qnorm", "uniroot")
    to your NAMESPACE file.
Flavors: r-devel-linux-x86_64-debian-gcc, r-devel-linux-x86_64-fedora-clang, r-devel-linux-x86_64-fedora-gcc, r-devel-osx-x86_64-clang, r-devel-windows-ix86+x86_64