CRAN Package Check Results for Package FMStable

Last updated on 2015-08-05 11:47:57.

Flavor Version Tinstall Tcheck Ttotal Status Flags
r-devel-linux-x86_64-debian-clang 0.1-2 1.36 12.01 13.36 NOTE
r-devel-linux-x86_64-debian-gcc 0.1-2 1.22 12.11 13.33 NOTE
r-devel-linux-x86_64-fedora-clang 0.1-2 26.47 NOTE
r-devel-linux-x86_64-fedora-gcc 0.1-2 23.67 NOTE
r-devel-osx-x86_64-clang 0.1-2 23.22 OK
r-devel-windows-ix86+x86_64 0.1-2 8.00 23.00 31.00 NOTE
r-patched-linux-x86_64 0.1-2 1.28 12.16 13.45 OK
r-patched-solaris-sparc 0.1-2 161.70 OK
r-patched-solaris-x86 0.1-2 34.70 OK
r-release-linux-x86_64 0.1-2 1.34 12.98 14.33 OK
r-release-osx-x86_64-mavericks 0.1-2 OK
r-release-windows-ix86+x86_64 0.1-2 7.00 22.00 29.00 OK
r-oldrel-windows-ix86+x86_64 0.1-2 11.00 32.00 43.00 OK

Check Details

Version: 0.1-2
Check: R code for possible problems
Result: NOTE
    BSOptionValue: no visible global function definition for ‘pnorm’
    ImpliedVol: no visible global function definition for ‘uniroot’
    callFMstable: no visible global function definition for ‘integrate’
    fitGivenQuantile: no visible global function definition for ‘uniroot’
    matchQuartiles: no visible global function definition for ‘optim’
    putFMstable: no visible global function definition for ‘integrate’
    standardStableQuantile: no visible global function definition for
     ‘qnorm’
    tailsGstable: no visible global function definition for ‘integrate’
    Undefined global functions or variables:
     integrate optim pnorm qnorm uniroot
    Consider adding
     importFrom("stats", "integrate", "optim", "pnorm", "qnorm", "uniroot")
    to your NAMESPACE.
Flavors: r-devel-linux-x86_64-debian-clang, r-devel-linux-x86_64-debian-gcc, r-devel-linux-x86_64-fedora-clang, r-devel-linux-x86_64-fedora-gcc, r-devel-windows-ix86+x86_64