CRAN Package Check Results for Package FMStable

Last updated on 2017-01-21 16:48:33.

Flavor Version Tinstall Tcheck Ttotal Status Flags
r-devel-linux-x86_64-debian-clang 0.1-2 1.39 15.02 16.41 NOTE
r-devel-linux-x86_64-debian-gcc 0.1-2 1.48 14.89 16.37 NOTE
r-devel-linux-x86_64-fedora-clang 0.1-2 27.92 NOTE --no-stop-on-test-error
r-devel-linux-x86_64-fedora-gcc 0.1-2 28.20 NOTE --no-stop-on-test-error
r-devel-macos-x86_64-clang 0.1-2 22.50 NOTE --no-stop-on-test-error
r-devel-windows-ix86+x86_64 0.1-2 16.00 35.00 51.00 NOTE
r-patched-linux-x86_64 0.1-2 1.34 12.80 14.14 NOTE
r-patched-solaris-sparc 0.1-2 135.90 NOTE
r-patched-solaris-x86 0.1-2 30.20 NOTE
r-release-linux-x86_64 0.1-2 1.32 12.63 13.95 NOTE
r-release-osx-x86_64-mavericks 0.1-2 NOTE
r-release-windows-ix86+x86_64 0.1-2 7.00 30.00 37.00 NOTE
r-oldrel-windows-ix86+x86_64 0.1-2 9.00 28.00 37.00 OK

Check Details

Version: 0.1-2
Check: R code for possible problems
Result: NOTE
    BSOptionValue: no visible global function definition for ‘pnorm’
    ImpliedVol: no visible global function definition for ‘uniroot’
    callFMstable: no visible global function definition for ‘integrate’
    fitGivenQuantile: no visible global function definition for ‘uniroot’
    matchQuartiles: no visible global function definition for ‘optim’
    putFMstable: no visible global function definition for ‘integrate’
    standardStableQuantile: no visible global function definition for
     ‘qnorm’
    tailsGstable: no visible global function definition for ‘integrate’
    Undefined global functions or variables:
     integrate optim pnorm qnorm uniroot
    Consider adding
     importFrom("stats", "integrate", "optim", "pnorm", "qnorm", "uniroot")
    to your NAMESPACE file.
Flavors: r-devel-linux-x86_64-debian-clang, r-devel-linux-x86_64-debian-gcc, r-devel-windows-ix86+x86_64, r-patched-linux-x86_64, r-patched-solaris-sparc, r-patched-solaris-x86, r-release-linux-x86_64, r-release-osx-x86_64-mavericks, r-release-windows-ix86+x86_64

Version: 0.1-2
Flags: --no-stop-on-test-error
Check: R code for possible problems
Result: NOTE
    BSOptionValue: no visible global function definition for ‘pnorm’
    ImpliedVol: no visible global function definition for ‘uniroot’
    callFMstable: no visible global function definition for ‘integrate’
    fitGivenQuantile: no visible global function definition for ‘uniroot’
    matchQuartiles: no visible global function definition for ‘optim’
    putFMstable: no visible global function definition for ‘integrate’
    standardStableQuantile: no visible global function definition for
     ‘qnorm’
    tailsGstable: no visible global function definition for ‘integrate’
    Undefined global functions or variables:
     integrate optim pnorm qnorm uniroot
    Consider adding
     importFrom("stats", "integrate", "optim", "pnorm", "qnorm", "uniroot")
    to your NAMESPACE file.
Flavors: r-devel-linux-x86_64-fedora-clang, r-devel-linux-x86_64-fedora-gcc, r-devel-macos-x86_64-clang