CRAN Package Check Results for Package FMStable

Last updated on 2016-07-30 04:49:03.

Flavor Version Tinstall Tcheck Ttotal Status Flags
r-devel-linux-x86_64-debian-clang 0.1-2 1.15 12.83 13.98 NOTE
r-devel-linux-x86_64-debian-gcc 0.1-2 1.32 12.59 13.91 NOTE
r-devel-linux-x86_64-fedora-clang 0.1-2 25.94 NOTE
r-devel-linux-x86_64-fedora-gcc 0.1-2 22.02 NOTE
r-devel-osx-x86_64-clang 0.1-2 19.44 NOTE
r-devel-windows-ix86+x86_64 0.1-2 7.00 32.00 39.00 NOTE
r-patched-linux-x86_64 0.1-2 1.72 14.61 16.33 NOTE
r-patched-solaris-sparc 0.1-2 133.80 NOTE
r-patched-solaris-x86 0.1-2 28.40 NOTE
r-release-linux-x86_64 0.1-2 1.62 14.85 16.47 NOTE
r-release-osx-x86_64-mavericks 0.1-2 NOTE
r-release-windows-ix86+x86_64 0.1-2 8.00 31.00 39.00 NOTE
r-oldrel-windows-ix86+x86_64 0.1-2 7.00 23.00 30.00 OK

Check Details

Version: 0.1-2
Check: R code for possible problems
Result: NOTE
    BSOptionValue: no visible global function definition for ‘pnorm’
    ImpliedVol: no visible global function definition for ‘uniroot’
    callFMstable: no visible global function definition for ‘integrate’
    fitGivenQuantile: no visible global function definition for ‘uniroot’
    matchQuartiles: no visible global function definition for ‘optim’
    putFMstable: no visible global function definition for ‘integrate’
    standardStableQuantile: no visible global function definition for
     ‘qnorm’
    tailsGstable: no visible global function definition for ‘integrate’
    Undefined global functions or variables:
     integrate optim pnorm qnorm uniroot
    Consider adding
     importFrom("stats", "integrate", "optim", "pnorm", "qnorm", "uniroot")
    to your NAMESPACE file.
Flavors: r-devel-linux-x86_64-debian-clang, r-devel-linux-x86_64-debian-gcc, r-devel-linux-x86_64-fedora-clang, r-devel-linux-x86_64-fedora-gcc, r-devel-osx-x86_64-clang, r-devel-windows-ix86+x86_64, r-patched-linux-x86_64, r-patched-solaris-sparc, r-patched-solaris-x86, r-release-linux-x86_64, r-release-osx-x86_64-mavericks, r-release-windows-ix86+x86_64