CRAN Package Check Results for Package FMStable

Last updated on 2017-03-27 03:49:40.

Flavor Version Tinstall Tcheck Ttotal Status Flags
r-devel-linux-x86_64-debian-clang 0.1-2 1.36 15.33 16.70 NOTE
r-devel-linux-x86_64-debian-gcc 0.1-2 1.44 15.01 16.44 NOTE
r-devel-linux-x86_64-fedora-clang 0.1-2 27.99 NOTE --no-stop-on-test-error
r-devel-linux-x86_64-fedora-gcc 0.1-2 28.65 NOTE --no-stop-on-test-error
r-devel-macos-x86_64-clang 0.1-2 22.10 NOTE --no-stop-on-test-error
r-devel-windows-ix86+x86_64 0.1-2 8.00 33.00 41.00 NOTE
r-patched-linux-x86_64 0.1-2 1.43 15.42 16.85 NOTE
r-patched-solaris-sparc 0.1-2 200.90 NOTE
r-patched-solaris-x86 0.1-2 36.80 NOTE
r-release-linux-x86_64 0.1-2 1.25 12.71 13.96 NOTE
r-release-osx-x86_64-mavericks 0.1-2 NOTE
r-release-windows-ix86+x86_64 0.1-2 7.00 30.00 37.00 NOTE
r-oldrel-windows-ix86+x86_64 0.1-2 9.00 28.00 37.00 OK

Check Details

Version: 0.1-2
Check: R code for possible problems
Result: NOTE
    BSOptionValue: no visible global function definition for ‘pnorm’
    ImpliedVol: no visible global function definition for ‘uniroot’
    callFMstable: no visible global function definition for ‘integrate’
    fitGivenQuantile: no visible global function definition for ‘uniroot’
    matchQuartiles: no visible global function definition for ‘optim’
    putFMstable: no visible global function definition for ‘integrate’
    standardStableQuantile: no visible global function definition for
     ‘qnorm’
    tailsGstable: no visible global function definition for ‘integrate’
    Undefined global functions or variables:
     integrate optim pnorm qnorm uniroot
    Consider adding
     importFrom("stats", "integrate", "optim", "pnorm", "qnorm", "uniroot")
    to your NAMESPACE file.
Flavors: r-devel-linux-x86_64-debian-clang, r-devel-linux-x86_64-debian-gcc, r-devel-windows-ix86+x86_64, r-patched-linux-x86_64, r-patched-solaris-sparc, r-patched-solaris-x86, r-release-linux-x86_64, r-release-osx-x86_64-mavericks, r-release-windows-ix86+x86_64

Version: 0.1-2
Check: compiled code
Result: NOTE
    File ‘FMStable/libs/FMStable.so’:
     Found no calls to: ‘R_registerRoutines’, ‘R_useDynamicSymbols’
    
    It is good practice to register native routines and to disable symbol
    search.
    
    See ‘Writing portable packages’ in the ‘Writing R Extensions’ manual.
Flavors: r-devel-linux-x86_64-debian-clang, r-devel-linux-x86_64-debian-gcc, r-patched-linux-x86_64

Version: 0.1-2
Flags: --no-stop-on-test-error
Check: R code for possible problems
Result: NOTE
    BSOptionValue: no visible global function definition for ‘pnorm’
    ImpliedVol: no visible global function definition for ‘uniroot’
    callFMstable: no visible global function definition for ‘integrate’
    fitGivenQuantile: no visible global function definition for ‘uniroot’
    matchQuartiles: no visible global function definition for ‘optim’
    putFMstable: no visible global function definition for ‘integrate’
    standardStableQuantile: no visible global function definition for
     ‘qnorm’
    tailsGstable: no visible global function definition for ‘integrate’
    Undefined global functions or variables:
     integrate optim pnorm qnorm uniroot
    Consider adding
     importFrom("stats", "integrate", "optim", "pnorm", "qnorm", "uniroot")
    to your NAMESPACE file.
Flavors: r-devel-linux-x86_64-fedora-clang, r-devel-linux-x86_64-fedora-gcc, r-devel-macos-x86_64-clang

Version: 0.1-2
Flags: --no-stop-on-test-error
Check: compiled code
Result: NOTE
    File ‘FMStable/libs/FMStable.so’:
     Found no calls to: ‘R_registerRoutines’, ‘R_useDynamicSymbols’
    
    It is good practice to register native routines and to disable symbol
    search.
    
    See ‘Writing portable packages’ in the ‘Writing R Extensions’ manual.
Flavors: r-devel-linux-x86_64-fedora-clang, r-devel-linux-x86_64-fedora-gcc, r-devel-macos-x86_64-clang