CRAN Package Check Results for Package FMStable

Last updated on 2015-07-02 03:46:48.

Flavor Version Tinstall Tcheck Ttotal Status Flags
r-devel-linux-x86_64-debian-clang 0.1-2 1.28 11.78 13.06 NOTE
r-devel-linux-x86_64-debian-gcc 0.1-2 1.22 11.69 12.91 NOTE
r-devel-linux-x86_64-fedora-clang 0.1-2 25.76 NOTE
r-devel-linux-x86_64-fedora-gcc 0.1-2 23.75 NOTE
r-devel-osx-x86_64-clang 0.1-2 23.87 OK
r-devel-windows-ix86+x86_64 0.1-2 11.00 20.00 31.00 OK
r-patched-linux-x86_64 0.1-2 1.24 12.29 13.54 OK
r-patched-solaris-sparc 0.1-2 146.00 OK
r-patched-solaris-x86 0.1-2 35.40 OK
r-release-linux-x86_64 0.1-2 1.20 12.38 13.58 OK
r-release-osx-x86_64-mavericks 0.1-2 OK
r-release-windows-ix86+x86_64 0.1-2 7.00 22.00 29.00 OK
r-oldrel-windows-ix86+x86_64 0.1-2 11.00 32.00 43.00 OK

Check Details

Version: 0.1-2
Check: R code for possible problems
Result: NOTE
    BSOptionValue: no visible global function definition for ‘pnorm’
    ImpliedVol: no visible global function definition for ‘uniroot’
    callFMstable: no visible global function definition for ‘integrate’
    fitGivenQuantile: no visible global function definition for ‘uniroot’
    matchQuartiles: no visible global function definition for ‘optim’
    putFMstable: no visible global function definition for ‘integrate’
    standardStableQuantile: no visible global function definition for
     ‘qnorm’
    tailsGstable: no visible global function definition for ‘integrate’
Flavors: r-devel-linux-x86_64-debian-clang, r-devel-linux-x86_64-debian-gcc, r-devel-linux-x86_64-fedora-clang, r-devel-linux-x86_64-fedora-gcc