CRAN Package Check Results for Package FNN

Last updated on 2014-12-18 11:50:05.

Flavor Version Tinstall Tcheck Ttotal Status Flags
r-devel-linux-x86_64-debian-clang 1.1 10.56 12.22 22.77 NOTE
r-devel-linux-x86_64-debian-gcc 1.1 11.83 11.71 23.54 NOTE
r-devel-linux-x86_64-fedora-clang 1.1 60.69 NOTE
r-devel-linux-x86_64-fedora-gcc 1.1 43.09 NOTE
r-devel-osx-x86_64-clang 1.1 46.71 NOTE
r-devel-windows-ix86+x86_64 1.1 86.00 30.00 116.00 NOTE
r-patched-linux-x86_64 1.1 12.03 12.15 24.18 NOTE
r-patched-solaris-sparc 1.1 205.90 NOTE
r-patched-solaris-x86 1.1 59.40 NOTE
r-release-linux-ix86 1.1 14.66 17.55 32.21 NOTE
r-release-linux-x86_64 1.1 11.78 12.13 23.92 NOTE
r-release-osx-x86_64-mavericks 1.1 NOTE
r-release-windows-ix86+x86_64 1.1 61.00 29.00 90.00 NOTE
r-oldrel-windows-ix86+x86_64 1.1 63.00 35.00 98.00 OK

Check Details

Version: 1.1
Check: foreign function calls
Result: NOTE
    Calls with DUP:
     .C("KL_dist", t(X), t(Y), as.integer(k), d, n, m, KLD = double(k),
     DUP = FALSE)
     .C("KL_divergence", t(X), t(Y), as.integer(k), d, n, m, KL = double(k),
     DUP = FALSE)
     .C(Cname, t(X), as.integer(k), p, n, MLD = double(k), DUP = FALSE)
     .C(Cname, t(data), as.integer(k), d, n, nn.index = integer(n *
     k), nn.dist = double(n * k), DUP = FALSE)
     .C(Cname, t(data), t(query), as.integer(k), d, n, m, nn.index = integer(m *
     k), nn.dist = double(m * k), DUP = FALSE)
     .C("mdmutinfo", t(X), t(Y), as.integer(p1), as.integer(p2), as.integer(k),
     n, nx = integer(n), ny = integer(n), DUP = FALSE)
    DUP is no longer supported and will be ignored.
Flavors: r-devel-linux-x86_64-debian-clang, r-devel-linux-x86_64-debian-gcc, r-devel-linux-x86_64-fedora-clang, r-devel-linux-x86_64-fedora-gcc, r-devel-osx-x86_64-clang, r-devel-windows-ix86+x86_64

Version: 1.1
Check: foreign function calls
Result: NOTE
    Calls with DUP != TRUE:
     .C("KL_dist", t(X), t(Y), as.integer(k), d, n, m, KLD = double(k),
     DUP = FALSE)
     .C("KL_divergence", t(X), t(Y), as.integer(k), d, n, m, KL = double(k),
     DUP = FALSE)
     .C(Cname, t(X), as.integer(k), p, n, MLD = double(k), DUP = FALSE)
     .C(Cname, t(data), as.integer(k), d, n, nn.index = integer(n *
     k), nn.dist = double(n * k), DUP = FALSE)
     .C(Cname, t(data), t(query), as.integer(k), d, n, m, nn.index = integer(m *
     k), nn.dist = double(m * k), DUP = FALSE)
     .C("mdmutinfo", t(X), t(Y), as.integer(p1), as.integer(p2), as.integer(k),
     n, nx = integer(n), ny = integer(n), DUP = FALSE)
    DUP = FALSE is deprecated and will be disabled in future versions of R.
Flavors: r-patched-linux-x86_64, r-patched-solaris-sparc, r-patched-solaris-x86, r-release-linux-ix86, r-release-linux-x86_64, r-release-windows-ix86+x86_64

Version: 1.1
Check: foreign function calls
Result: NOTE
    Calls with DUP = FALSE:
     .C("KL_dist", t(X), t(Y), as.integer(k), d, n, m, KLD = double(k),
     DUP = FALSE)
     .C("KL_divergence", t(X), t(Y), as.integer(k), d, n, m, KL = double(k),
     DUP = FALSE)
     .C(Cname, t(X), as.integer(k), p, n, MLD = double(k), DUP = FALSE)
     .C(Cname, t(data), as.integer(k), d, n, nn.index = integer(n *
     k), nn.dist = double(n * k), DUP = FALSE)
     .C(Cname, t(data), t(query), as.integer(k), d, n, m, nn.index = integer(m *
     k), nn.dist = double(m * k), DUP = FALSE)
     .C("mdmutinfo", t(X), t(Y), as.integer(p1), as.integer(p2), as.integer(k),
     n, nx = integer(n), ny = integer(n), DUP = FALSE)
    DUP = FALSE is deprecated and may be disabled in future versions of R.
Flavor: r-release-osx-x86_64-mavericks