CRAN Package Check Results for Package FNN

Last updated on 2015-01-25 09:51:27.

Flavor Version Tinstall Tcheck Ttotal Status Flags
r-devel-linux-x86_64-debian-clang 1.1 10.72 11.90 22.62 NOTE
r-devel-linux-x86_64-debian-gcc 1.1 11.46 11.67 23.12 NOTE
r-devel-linux-x86_64-fedora-clang 1.1 62.69 NOTE
r-devel-linux-x86_64-fedora-gcc 1.1 44.52 NOTE
r-devel-osx-x86_64-clang 1.1 49.14 NOTE
r-devel-windows-ix86+x86_64 1.1 69.00 30.00 99.00 NOTE
r-patched-linux-x86_64 1.1 11.76 11.98 23.75 NOTE
r-patched-solaris-sparc 1.1 230.70 NOTE
r-patched-solaris-x86 1.1 59.60 NOTE
r-release-linux-ix86 1.1 14.64 17.79 32.42 NOTE
r-release-linux-x86_64 1.1 11.76 12.44 24.19 NOTE
r-release-osx-x86_64-mavericks 1.1 NOTE
r-release-windows-ix86+x86_64 1.1 59.00 32.00 91.00 NOTE
r-oldrel-windows-ix86+x86_64 1.1 59.00 38.00 97.00 OK

Check Details

Version: 1.1
Check: foreign function calls
Result: NOTE
    Calls with DUP:
     .C("KL_dist", t(X), t(Y), as.integer(k), d, n, m, KLD = double(k),
     DUP = FALSE)
     .C("KL_divergence", t(X), t(Y), as.integer(k), d, n, m, KL = double(k),
     DUP = FALSE)
     .C(Cname, t(X), as.integer(k), p, n, MLD = double(k), DUP = FALSE)
     .C(Cname, t(data), as.integer(k), d, n, nn.index = integer(n *
     k), nn.dist = double(n * k), DUP = FALSE)
     .C(Cname, t(data), t(query), as.integer(k), d, n, m, nn.index = integer(m *
     k), nn.dist = double(m * k), DUP = FALSE)
     .C("mdmutinfo", t(X), t(Y), as.integer(p1), as.integer(p2), as.integer(k),
     n, nx = integer(n), ny = integer(n), DUP = FALSE)
    DUP is no longer supported and will be ignored.
Flavors: r-devel-linux-x86_64-debian-clang, r-devel-linux-x86_64-debian-gcc, r-devel-linux-x86_64-fedora-clang, r-devel-linux-x86_64-fedora-gcc, r-devel-osx-x86_64-clang, r-devel-windows-ix86+x86_64

Version: 1.1
Check: foreign function calls
Result: NOTE
    Calls with DUP != TRUE:
     .C("KL_dist", t(X), t(Y), as.integer(k), d, n, m, KLD = double(k),
     DUP = FALSE)
     .C("KL_divergence", t(X), t(Y), as.integer(k), d, n, m, KL = double(k),
     DUP = FALSE)
     .C(Cname, t(X), as.integer(k), p, n, MLD = double(k), DUP = FALSE)
     .C(Cname, t(data), as.integer(k), d, n, nn.index = integer(n *
     k), nn.dist = double(n * k), DUP = FALSE)
     .C(Cname, t(data), t(query), as.integer(k), d, n, m, nn.index = integer(m *
     k), nn.dist = double(m * k), DUP = FALSE)
     .C("mdmutinfo", t(X), t(Y), as.integer(p1), as.integer(p2), as.integer(k),
     n, nx = integer(n), ny = integer(n), DUP = FALSE)
    DUP = FALSE is deprecated and will be disabled in future versions of R.
Flavors: r-patched-linux-x86_64, r-patched-solaris-sparc, r-patched-solaris-x86, r-release-linux-ix86, r-release-linux-x86_64, r-release-osx-x86_64-mavericks, r-release-windows-ix86+x86_64