CRAN Package Check Results for Package FNN

Last updated on 2014-09-02 08:47:14.

Flavor Version Tinstall Tcheck Ttotal Status Flags
r-devel-linux-x86_64-debian-clang 1.1 9.50 11.14 20.64 NOTE
r-devel-linux-x86_64-debian-gcc 1.1 11.33 10.97 22.30 NOTE
r-devel-linux-x86_64-fedora-clang 1.1 56.19 NOTE
r-devel-linux-x86_64-fedora-gcc 1.1 41.74 NOTE
r-devel-osx-x86_64-clang 1.1 50.56 NOTE
r-devel-windows-ix86+x86_64 1.1 63.00 30.00 93.00 NOTE
r-patched-linux-x86_64 1.1 11.24 12.06 23.30 NOTE
r-patched-solaris-sparc 1.1 231.90 NOTE
r-patched-solaris-x86 1.1 60.30 NOTE
r-release-linux-ix86 1.1 16.04 18.77 34.81 NOTE
r-release-linux-x86_64 1.1 11.34 12.70 24.04 NOTE
r-release-osx-x86_64-mavericks 1.1 NOTE
r-release-windows-ix86+x86_64 1.1 65.00 32.00 97.00 NOTE
r-oldrel-windows-ix86+x86_64 1.1 76.00 33.00 109.00 OK

Check Details

Version: 1.1
Check: foreign function calls
Result: NOTE
    Calls with DUP = FALSE:
     .C("KL_dist", t(X), t(Y), as.integer(k), d, n, m, KLD = double(k),
     DUP = FALSE)
     .C("KL_divergence", t(X), t(Y), as.integer(k), d, n, m, KL = double(k),
     DUP = FALSE)
     .C(Cname, t(X), as.integer(k), p, n, MLD = double(k), DUP = FALSE)
     .C(Cname, t(data), as.integer(k), d, n, nn.index = integer(n *
     k), nn.dist = double(n * k), DUP = FALSE)
     .C(Cname, t(data), t(query), as.integer(k), d, n, m, nn.index = integer(m *
     k), nn.dist = double(m * k), DUP = FALSE)
     .C("mdmutinfo", t(X), t(Y), as.integer(p1), as.integer(p2), as.integer(k),
     n, nx = integer(n), ny = integer(n), DUP = FALSE)
    DUP = FALSE is deprecated and may be disabled in future versions of R.
Flavors: r-devel-linux-x86_64-debian-clang, r-devel-linux-x86_64-debian-gcc, r-devel-linux-x86_64-fedora-clang, r-devel-linux-x86_64-fedora-gcc, r-devel-osx-x86_64-clang, r-devel-windows-ix86+x86_64, r-patched-linux-x86_64, r-patched-solaris-sparc, r-patched-solaris-x86, r-release-linux-ix86, r-release-linux-x86_64, r-release-osx-x86_64-mavericks, r-release-windows-ix86+x86_64