CRAN Package Check Results for Package FNN

Last updated on 2014-04-23 07:54:59.

Flavor Version Tinstall Tcheck Ttotal Status Flags
r-devel-linux-x86_64-debian-clang 1.1 9.59 13.40 22.99 NOTE
r-devel-linux-x86_64-debian-gcc 1.1 11.18 13.56 24.74 NOTE
r-devel-linux-x86_64-fedora-clang 1.1 57.74 NOTE
r-devel-linux-x86_64-fedora-gcc 1.1 43.44 NOTE
r-devel-osx-x86_64-clang 1.1 51.80 NOTE
r-devel-osx-x86_64-gcc 1.1 NOTE
r-devel-windows-ix86+x86_64 1.1 59.00 33.00 92.00 NOTE
r-patched-linux-x86_64 1.1 11.30 13.14 24.45 NOTE
r-patched-solaris-sparc 1.1 227.30 NOTE
r-patched-solaris-x86 1.1 60.40 NOTE
r-release-linux-ix86 1.1 18.00 27.00 45.00 NOTE
r-release-linux-x86_64 1.1 11.27 12.81 24.08 NOTE
r-release-osx-x86_64-mavericks 1.1 WARN
r-release-windows-ix86+x86_64 1.1 55.00 31.00 86.00 NOTE
r-oldrel-windows-ix86+x86_64 1.1 55.00 38.00 93.00 OK

Check Details

Version: 1.1
Check: foreign function calls
Result: NOTE
    Calls with DUP = FALSE:
     .C("KL_dist", t(X), t(Y), as.integer(k), d, n, m, KLD = double(k),
     DUP = FALSE)
     .C("KL_divergence", t(X), t(Y), as.integer(k), d, n, m, KL = double(k),
     DUP = FALSE)
     .C(Cname, t(X), as.integer(k), p, n, MLD = double(k), DUP = FALSE)
     .C(Cname, t(data), as.integer(k), d, n, nn.index = integer(n *
     k), nn.dist = double(n * k), DUP = FALSE)
     .C(Cname, t(data), t(query), as.integer(k), d, n, m, nn.index = integer(m *
     k), nn.dist = double(m * k), DUP = FALSE)
     .C("mdmutinfo", t(X), t(Y), as.integer(p1), as.integer(p2), as.integer(k),
     n, nx = integer(n), ny = integer(n), DUP = FALSE)
    DUP = FALSE is deprecated and may be disabled in future versions of R.
Flavors: r-devel-linux-x86_64-debian-clang, r-devel-linux-x86_64-debian-gcc, r-devel-linux-x86_64-fedora-clang, r-devel-linux-x86_64-fedora-gcc, r-devel-osx-x86_64-clang, r-devel-osx-x86_64-gcc, r-devel-windows-ix86+x86_64, r-patched-linux-x86_64, r-patched-solaris-sparc, r-patched-solaris-x86, r-release-linux-ix86, r-release-linux-x86_64, r-release-osx-x86_64-mavericks, r-release-windows-ix86+x86_64

Version: 1.1
Check: package dependencies
Result: NOTE
    Package suggested but not available for checking: ‘chemometrics’
Flavor: r-devel-osx-x86_64-gcc

Version: 1.1
Check: PDF version of manual
Result: WARNING
    LaTeX errors when creating PDF version.
    This typically indicates Rd problems.
    LaTeX errors found:
    ! LaTeX Error: File `upquote.sty' not found.
    
    Type X to quit or <RETURN> to proceed,
    or enter new name. (Default extension: sty)
    
    a431a/Rd2.tex:8: ==> Fatal error occurred, no output PDF file produced!
Flavor: r-release-osx-x86_64-mavericks