CRAN Package Check Results for Package FNN

Last updated on 2016-07-26 13:48:56.

Flavor Version Tinstall Tcheck Ttotal Status Flags
r-devel-linux-x86_64-debian-clang 1.1 23.28 13.10 36.37 WARN
r-devel-linux-x86_64-debian-gcc 1.1 21.78 12.60 34.38 NOTE
r-devel-linux-x86_64-fedora-clang 1.1 67.23 NOTE
r-devel-linux-x86_64-fedora-gcc 1.1 37.26 NOTE
r-devel-osx-x86_64-clang 1.1 43.17 NOTE
r-devel-windows-ix86+x86_64 1.1 65.00 32.00 97.00 NOTE
r-patched-linux-x86_64 1.1 13.84 13.14 26.98 NOTE
r-patched-solaris-sparc 1.1 208.20 NOTE
r-patched-solaris-x86 1.1 52.30 NOTE
r-release-linux-x86_64 1.1 14.03 13.21 27.24 NOTE
r-release-osx-x86_64-mavericks 1.1 NOTE
r-release-windows-ix86+x86_64 1.1 63.00 30.00 93.00 NOTE
r-oldrel-windows-ix86+x86_64 1.1 63.00 47.00 110.00 NOTE

Check Details

Version: 1.1
Check: whether package can be installed
Result: WARN
    Found the following significant warnings:
     ANN.cpp:51:2: warning: 'register' storage class specifier is deprecated and incompatible with C++1z [-Wdeprecated-register]
     ANN.cpp:52:2: warning: 'register' storage class specifier is deprecated and incompatible with C++1z [-Wdeprecated-register]
     ANN.cpp:53:2: warning: 'register' storage class specifier is deprecated and incompatible with C++1z [-Wdeprecated-register]
     KNN_ANN.cpp:30:2: warning: 'register' storage class specifier is deprecated and incompatible with C++1z [-Wdeprecated-register]
     KNN_ANN.cpp:93:3: warning: 'register' storage class specifier is deprecated and incompatible with C++1z [-Wdeprecated-register]
     KNN_ANN.cpp:132:2: warning: 'register' storage class specifier is deprecated and incompatible with C++1z [-Wdeprecated-register]
     KNN_ANN.cpp:195:3: warning: 'register' storage class specifier is deprecated and incompatible with C++1z [-Wdeprecated-register]
     ./cover_tree.h:418:3: warning: 'register' storage class specifier is deprecated and incompatible with C++1z [-Wdeprecated-register]
     KNN_cover_tree.cpp:21:3: warning: 'register' storage class specifier is deprecated and incompatible with C++1z [-Wdeprecated-register]
     KNN_cover_tree.cpp:129:2: warning: 'register' storage class specifier is deprecated and incompatible with C++1z [-Wdeprecated-register]
     KNN_cover_tree.cpp:196:2: warning: 'register' storage class specifier is deprecated and incompatible with C++1z [-Wdeprecated-register]
     ./pr_queue_k.h:103:4: warning: 'register' storage class specifier is deprecated and incompatible with C++1z [-Wdeprecated-register]
     ./pr_queue.h:89:4: warning: 'register' storage class specifier is deprecated and incompatible with C++1z [-Wdeprecated-register]
     ./pr_queue.h:91:5: warning: 'register' storage class specifier is deprecated and incompatible with C++1z [-Wdeprecated-register]
     ./pr_queue.h:108:4: warning: 'register' storage class specifier is deprecated and incompatible with C++1z [-Wdeprecated-register]
     ./pr_queue.h:109:4: warning: 'register' storage class specifier is deprecated and incompatible with C++1z [-Wdeprecated-register]
     ./pr_queue.h:110:4: warning: 'register' storage class specifier is deprecated and incompatible with C++1z [-Wdeprecated-register]
     kd_fix_rad_search.cpp:150:2: warning: 'register' storage class specifier is deprecated and incompatible with C++1z [-Wdeprecated-register]
     kd_fix_rad_search.cpp:151:2: warning: 'register' storage class specifier is deprecated and incompatible with C++1z [-Wdeprecated-register]
     kd_fix_rad_search.cpp:152:2: warning: 'register' storage class specifier is deprecated and incompatible with C++1z [-Wdeprecated-register]
     kd_fix_rad_search.cpp:153:2: warning: 'register' storage class specifier is deprecated and incompatible with C++1z [-Wdeprecated-register]
     kd_fix_rad_search.cpp:154:2: warning: 'register' storage class specifier is deprecated and incompatible with C++1z [-Wdeprecated-register]
     kd_pr_search.cpp:183:2: warning: 'register' storage class specifier is deprecated and incompatible with C++1z [-Wdeprecated-register]
     kd_pr_search.cpp:184:2: warning: 'register' storage class specifier is deprecated and incompatible with C++1z [-Wdeprecated-register]
     kd_pr_search.cpp:185:2: warning: 'register' storage class specifier is deprecated and incompatible with C++1z [-Wdeprecated-register]
     kd_pr_search.cpp:186:2: warning: 'register' storage class specifier is deprecated and incompatible with C++1z [-Wdeprecated-register]
     kd_pr_search.cpp:187:2: warning: 'register' storage class specifier is deprecated and incompatible with C++1z [-Wdeprecated-register]
     kd_pr_search.cpp:188:2: warning: 'register' storage class specifier is deprecated and incompatible with C++1z [-Wdeprecated-register]
     kd_search.cpp:174:2: warning: 'register' storage class specifier is deprecated and incompatible with C++1z [-Wdeprecated-register]
     kd_search.cpp:175:2: warning: 'register' storage class specifier is deprecated and incompatible with C++1z [-Wdeprecated-register]
     kd_search.cpp:176:2: warning: 'register' storage class specifier is deprecated and incompatible with C++1z [-Wdeprecated-register]
     kd_search.cpp:177:2: warning: 'register' storage class specifier is deprecated and incompatible with C++1z [-Wdeprecated-register]
     kd_search.cpp:178:2: warning: 'register' storage class specifier is deprecated and incompatible with C++1z [-Wdeprecated-register]
     kd_search.cpp:179:2: warning: 'register' storage class specifier is deprecated and incompatible with C++1z [-Wdeprecated-register]
     kd_util.cpp:130:2: warning: 'register' storage class specifier is deprecated and incompatible with C++1z [-Wdeprecated-register]
     kd_util.cpp:131:2: warning: 'register' storage class specifier is deprecated and incompatible with C++1z [-Wdeprecated-register]
     kd_util.cpp:133:7: warning: 'register' storage class specifier is deprecated and incompatible with C++1z [-Wdeprecated-register]
     kd_util.cpp:241:3: warning: 'register' storage class specifier is deprecated and incompatible with C++1z [-Wdeprecated-register]
     kd_util.cpp:242:3: warning: 'register' storage class specifier is deprecated and incompatible with C++1z [-Wdeprecated-register]
     label_point.cpp:14:3: warning: 'register' storage class specifier is deprecated and incompatible with C++1z [-Wdeprecated-register]
     label_point.cpp:15:3: warning: 'register' storage class specifier is deprecated and incompatible with C++1z [-Wdeprecated-register]
     label_point.cpp:16:3: warning: 'register' storage class specifier is deprecated and incompatible with C++1z [-Wdeprecated-register]
Flavor: r-devel-linux-x86_64-debian-clang

Version: 1.1
Check: foreign function calls
Result: NOTE
    Calls with DUP:
     .C("KL_dist", t(X), t(Y), as.integer(k), d, n, m, KLD = double(k),
     DUP = FALSE)
     .C("KL_divergence", t(X), t(Y), as.integer(k), d, n, m, KL = double(k),
     DUP = FALSE)
     .C(Cname, t(X), as.integer(k), p, n, MLD = double(k), DUP = FALSE)
     .C(Cname, t(data), as.integer(k), d, n, nn.index = integer(n *
     k), nn.dist = double(n * k), DUP = FALSE)
     .C(Cname, t(data), t(query), as.integer(k), d, n, m, nn.index = integer(m *
     k), nn.dist = double(m * k), DUP = FALSE)
     .C("mdmutinfo", t(X), t(Y), as.integer(p1), as.integer(p2), as.integer(k),
     n, nx = integer(n), ny = integer(n), DUP = FALSE)
    DUP is no longer supported and will be ignored.
Flavors: r-devel-linux-x86_64-debian-clang, r-devel-linux-x86_64-debian-gcc, r-devel-linux-x86_64-fedora-clang, r-devel-linux-x86_64-fedora-gcc, r-devel-osx-x86_64-clang, r-devel-windows-ix86+x86_64, r-patched-linux-x86_64, r-patched-solaris-sparc, r-patched-solaris-x86, r-release-linux-x86_64, r-release-osx-x86_64-mavericks, r-release-windows-ix86+x86_64, r-oldrel-windows-ix86+x86_64