CRAN Package Check Results for Package FNN

Last updated on 2017-03-24 06:48:10.

Flavor Version Tinstall Tcheck Ttotal Status Flags
r-devel-linux-x86_64-debian-clang 1.1 15.40 13.30 28.70 NOTE
r-devel-linux-x86_64-debian-gcc 1.1 12.84 13.37 26.21 NOTE
r-devel-linux-x86_64-fedora-clang 1.1 69.48 NOTE --no-stop-on-test-error
r-devel-linux-x86_64-fedora-gcc 1.1 45.45 NOTE --no-stop-on-test-error
r-devel-macos-x86_64-clang 1.1 44.95 NOTE --no-stop-on-test-error
r-devel-windows-ix86+x86_64 1.1 77.00 56.00 133.00 NOTE
r-patched-linux-x86_64 1.1 10.96 11.47 22.43 NOTE
r-patched-solaris-sparc 1.1 342.40 NOTE
r-patched-solaris-x86 1.1 73.80 NOTE
r-release-linux-x86_64 1.1 11.28 11.19 22.47 NOTE
r-release-osx-x86_64-mavericks 1.1 NOTE
r-release-windows-ix86+x86_64 1.1 105.00 38.00 143.00 NOTE
r-oldrel-windows-ix86+x86_64 1.1 92.00 45.00 137.00 NOTE

Check Details

Version: 1.1
Check: foreign function calls
Result: NOTE
    Calls with DUP:
     .C("KL_dist", t(X), t(Y), as.integer(k), d, n, m, KLD = double(k),
     DUP = FALSE)
     .C("KL_divergence", t(X), t(Y), as.integer(k), d, n, m, KL = double(k),
     DUP = FALSE)
     .C(Cname, t(X), as.integer(k), p, n, MLD = double(k), DUP = FALSE)
     .C(Cname, t(data), as.integer(k), d, n, nn.index = integer(n *
     k), nn.dist = double(n * k), DUP = FALSE)
     .C(Cname, t(data), t(query), as.integer(k), d, n, m, nn.index = integer(m *
     k), nn.dist = double(m * k), DUP = FALSE)
     .C("mdmutinfo", t(X), t(Y), as.integer(p1), as.integer(p2), as.integer(k),
     n, nx = integer(n), ny = integer(n), DUP = FALSE)
    DUP is no longer supported and will be ignored.
Flavors: r-devel-linux-x86_64-debian-clang, r-devel-linux-x86_64-debian-gcc, r-devel-windows-ix86+x86_64, r-patched-linux-x86_64, r-patched-solaris-sparc, r-patched-solaris-x86, r-release-linux-x86_64, r-release-osx-x86_64-mavericks, r-release-windows-ix86+x86_64, r-oldrel-windows-ix86+x86_64

Version: 1.1
Check: compiled code
Result: NOTE
    File ‘FNN/libs/FNN.so’:
     Found no calls to: ‘R_registerRoutines’, ‘R_useDynamicSymbols’
    
    It is good practice to register native routines and to disable symbol
    search.
    
    See ‘Writing portable packages’ in the ‘Writing R Extensions’ manual.
Flavors: r-devel-linux-x86_64-debian-clang, r-devel-linux-x86_64-debian-gcc

Version: 1.1
Flags: --no-stop-on-test-error
Check: foreign function calls
Result: NOTE
    Calls with DUP:
     .C("KL_dist", t(X), t(Y), as.integer(k), d, n, m, KLD = double(k),
     DUP = FALSE)
     .C("KL_divergence", t(X), t(Y), as.integer(k), d, n, m, KL = double(k),
     DUP = FALSE)
     .C(Cname, t(X), as.integer(k), p, n, MLD = double(k), DUP = FALSE)
     .C(Cname, t(data), as.integer(k), d, n, nn.index = integer(n *
     k), nn.dist = double(n * k), DUP = FALSE)
     .C(Cname, t(data), t(query), as.integer(k), d, n, m, nn.index = integer(m *
     k), nn.dist = double(m * k), DUP = FALSE)
     .C("mdmutinfo", t(X), t(Y), as.integer(p1), as.integer(p2), as.integer(k),
     n, nx = integer(n), ny = integer(n), DUP = FALSE)
    DUP is no longer supported and will be ignored.
Flavors: r-devel-linux-x86_64-fedora-clang, r-devel-linux-x86_64-fedora-gcc, r-devel-macos-x86_64-clang

Version: 1.1
Flags: --no-stop-on-test-error
Check: compiled code
Result: NOTE
    File ‘FNN/libs/FNN.so’:
     Found no calls to: ‘R_registerRoutines’, ‘R_useDynamicSymbols’
    
    It is good practice to register native routines and to disable symbol
    search.
    
    See ‘Writing portable packages’ in the ‘Writing R Extensions’ manual.
Flavors: r-devel-linux-x86_64-fedora-clang, r-devel-linux-x86_64-fedora-gcc, r-devel-macos-x86_64-clang