CRAN Package Check Results for Package FNN

Last updated on 2016-08-31 08:49:20.

Flavor Version Tinstall Tcheck Ttotal Status Flags
r-devel-linux-x86_64-debian-clang 1.1 14.86 11.41 26.27 NOTE
r-devel-linux-x86_64-debian-gcc 1.1 13.17 10.97 24.14 NOTE
r-devel-linux-x86_64-fedora-clang 1.1 63.33 NOTE
r-devel-linux-x86_64-fedora-gcc 1.1 40.81 NOTE
r-devel-osx-x86_64-clang 1.1 42.54 NOTE
r-devel-windows-ix86+x86_64 1.1 105.00 35.00 140.00 NOTE
r-patched-linux-x86_64 1.1 10.77 11.10 21.88 NOTE
r-patched-solaris-sparc 1.1 208.20 NOTE
r-patched-solaris-x86 1.1 52.00 NOTE
r-release-linux-x86_64 1.1 10.82 11.17 21.99 NOTE
r-release-osx-x86_64-mavericks 1.1 NOTE
r-release-windows-ix86+x86_64 1.1 99.00 43.00 142.00 NOTE
r-oldrel-windows-ix86+x86_64 1.1 109.00 54.00 163.00 NOTE

Check Details

Version: 1.1
Check: foreign function calls
Result: NOTE
    Calls with DUP:
     .C("KL_dist", t(X), t(Y), as.integer(k), d, n, m, KLD = double(k),
     DUP = FALSE)
     .C("KL_divergence", t(X), t(Y), as.integer(k), d, n, m, KL = double(k),
     DUP = FALSE)
     .C(Cname, t(X), as.integer(k), p, n, MLD = double(k), DUP = FALSE)
     .C(Cname, t(data), as.integer(k), d, n, nn.index = integer(n *
     k), nn.dist = double(n * k), DUP = FALSE)
     .C(Cname, t(data), t(query), as.integer(k), d, n, m, nn.index = integer(m *
     k), nn.dist = double(m * k), DUP = FALSE)
     .C("mdmutinfo", t(X), t(Y), as.integer(p1), as.integer(p2), as.integer(k),
     n, nx = integer(n), ny = integer(n), DUP = FALSE)
    DUP is no longer supported and will be ignored.
Flavors: r-devel-linux-x86_64-debian-clang, r-devel-linux-x86_64-debian-gcc, r-devel-linux-x86_64-fedora-clang, r-devel-linux-x86_64-fedora-gcc, r-devel-osx-x86_64-clang, r-devel-windows-ix86+x86_64, r-patched-linux-x86_64, r-patched-solaris-sparc, r-patched-solaris-x86, r-release-linux-x86_64, r-release-osx-x86_64-mavericks, r-release-windows-ix86+x86_64, r-oldrel-windows-ix86+x86_64