CRAN Package Check Results for Package FNN

Last updated on 2016-09-27 11:48:45.

Flavor Version Tinstall Tcheck Ttotal Status Flags
r-devel-linux-x86_64-debian-clang 1.1 14.62 11.27 25.89 NOTE
r-devel-linux-x86_64-debian-gcc 1.1 13.73 11.70 25.44 NOTE
r-devel-linux-x86_64-fedora-clang 1.1 62.60 NOTE
r-devel-linux-x86_64-fedora-gcc 1.1 40.67 NOTE
r-devel-macos-x86_64-clang 1.1 43.36 NOTE
r-devel-windows-ix86+x86_64 1.1 90.00 41.00 131.00 NOTE
r-patched-linux-x86_64 1.1 11.25 11.08 22.32 NOTE
r-patched-solaris-sparc 1.1 208.20 NOTE
r-patched-solaris-x86 1.1 51.70 NOTE
r-release-linux-x86_64 1.1 11.31 11.79 23.10 NOTE
r-release-osx-x86_64-mavericks 1.1 NOTE
r-release-windows-ix86+x86_64 1.1 93.00 41.00 134.00 NOTE
r-oldrel-windows-ix86+x86_64 1.1 101.00 54.00 155.00 NOTE

Check Details

Version: 1.1
Check: foreign function calls
Result: NOTE
    Calls with DUP:
     .C("KL_dist", t(X), t(Y), as.integer(k), d, n, m, KLD = double(k),
     DUP = FALSE)
     .C("KL_divergence", t(X), t(Y), as.integer(k), d, n, m, KL = double(k),
     DUP = FALSE)
     .C(Cname, t(X), as.integer(k), p, n, MLD = double(k), DUP = FALSE)
     .C(Cname, t(data), as.integer(k), d, n, nn.index = integer(n *
     k), nn.dist = double(n * k), DUP = FALSE)
     .C(Cname, t(data), t(query), as.integer(k), d, n, m, nn.index = integer(m *
     k), nn.dist = double(m * k), DUP = FALSE)
     .C("mdmutinfo", t(X), t(Y), as.integer(p1), as.integer(p2), as.integer(k),
     n, nx = integer(n), ny = integer(n), DUP = FALSE)
    DUP is no longer supported and will be ignored.
Flavors: r-devel-linux-x86_64-debian-clang, r-devel-linux-x86_64-debian-gcc, r-devel-linux-x86_64-fedora-clang, r-devel-linux-x86_64-fedora-gcc, r-devel-macos-x86_64-clang, r-devel-windows-ix86+x86_64, r-patched-linux-x86_64, r-patched-solaris-sparc, r-patched-solaris-x86, r-release-linux-x86_64, r-release-osx-x86_64-mavericks, r-release-windows-ix86+x86_64, r-oldrel-windows-ix86+x86_64