CRAN Package Check Results for Package FNN

Last updated on 2014-07-23 04:48:24.

Flavor Version Tinstall Tcheck Ttotal Status Flags
r-devel-linux-x86_64-debian-clang 1.1 9.49 11.99 21.48 NOTE
r-devel-linux-x86_64-debian-gcc 1.1 11.24 11.99 23.23 NOTE
r-devel-linux-x86_64-fedora-clang 1.1 56.96 NOTE
r-devel-linux-x86_64-fedora-gcc 1.1 43.20 NOTE
r-devel-osx-x86_64-clang 1.1 50.52 NOTE
r-devel-windows-ix86+x86_64 1.1 55.00 34.00 89.00 NOTE
r-patched-linux-x86_64 1.1 11.39 12.22 23.61 NOTE
r-patched-solaris-sparc 1.1 227.30 NOTE
r-patched-solaris-x86 1.1 60.10 NOTE
r-release-linux-ix86 1.1 15.30 20.46 35.76 NOTE
r-release-linux-x86_64 1.1 11.77 12.14 23.91 NOTE
r-release-osx-x86_64-mavericks 1.1 NOTE
r-release-windows-ix86+x86_64 1.1 56.00 34.00 90.00 NOTE
r-oldrel-windows-ix86+x86_64 1.1 56.00 35.00 91.00 OK

Check Details

Version: 1.1
Check: foreign function calls
Result: NOTE
    Calls with DUP = FALSE:
     .C("KL_dist", t(X), t(Y), as.integer(k), d, n, m, KLD = double(k),
     DUP = FALSE)
     .C("KL_divergence", t(X), t(Y), as.integer(k), d, n, m, KL = double(k),
     DUP = FALSE)
     .C(Cname, t(X), as.integer(k), p, n, MLD = double(k), DUP = FALSE)
     .C(Cname, t(data), as.integer(k), d, n, nn.index = integer(n *
     k), nn.dist = double(n * k), DUP = FALSE)
     .C(Cname, t(data), t(query), as.integer(k), d, n, m, nn.index = integer(m *
     k), nn.dist = double(m * k), DUP = FALSE)
     .C("mdmutinfo", t(X), t(Y), as.integer(p1), as.integer(p2), as.integer(k),
     n, nx = integer(n), ny = integer(n), DUP = FALSE)
    DUP = FALSE is deprecated and may be disabled in future versions of R.
Flavors: r-devel-linux-x86_64-debian-clang, r-devel-linux-x86_64-debian-gcc, r-devel-linux-x86_64-fedora-clang, r-devel-linux-x86_64-fedora-gcc, r-devel-osx-x86_64-clang, r-devel-windows-ix86+x86_64, r-patched-linux-x86_64, r-patched-solaris-sparc, r-patched-solaris-x86, r-release-linux-ix86, r-release-linux-x86_64, r-release-osx-x86_64-mavericks, r-release-windows-ix86+x86_64