CRAN Package Check Results for Package FPLdata

Last updated on 2024-06-12 23:58:17 CEST.

Flavor Version Tinstall Tcheck Ttotal Status Flags
r-devel-linux-x86_64-debian-clang 0.1.0 2.01 21.07 23.08 OK
r-devel-linux-x86_64-debian-gcc 0.1.0 0.31 1.70 2.01 ERROR
r-devel-linux-x86_64-fedora-clang 0.1.0 28.72 NOTE
r-devel-linux-x86_64-fedora-gcc 0.1.0 27.49 NOTE
r-devel-windows-x86_64 0.1.0 3.00 38.00 41.00 OK
r-patched-linux-x86_64 0.1.0 1.61 19.72 21.33 OK
r-release-linux-x86_64 0.1.0 1.88 20.42 22.30 OK
r-release-macos-arm64 0.1.0 15.00 OK
r-release-macos-x86_64 0.1.0 27.00 OK
r-release-windows-x86_64 0.1.0 3.00 51.00 54.00 OK
r-oldrel-macos-arm64 0.1.0 21.00 OK
r-oldrel-macos-x86_64 0.1.0 19.00 OK
r-oldrel-windows-x86_64 0.1.0 3.00 39.00 42.00 OK

Check Details

Version: 0.1.0
Check: package dependencies
Result: ERROR Packages required but not available: 'readr', 'dplyr' See section ‘The DESCRIPTION file’ in the ‘Writing R Extensions’ manual. Flavor: r-devel-linux-x86_64-debian-gcc

Version: 0.1.0
Check: dependencies in R code
Result: NOTE Namespace in Imports field not imported from: ‘dplyr’ All declared Imports should be used. Flavors: r-devel-linux-x86_64-fedora-clang, r-devel-linux-x86_64-fedora-gcc