CRAN Package Check Results for Package FRAPO

Last updated on 2014-04-25 05:47:15.

Flavor Version Tinstall Tcheck Ttotal Status Flags
r-devel-linux-x86_64-debian-clang 0.3-8 5.51 40.12 45.63 NOTE
r-devel-linux-x86_64-debian-gcc 0.3-8 5.75 39.74 45.48 NOTE
r-devel-linux-x86_64-fedora-clang 0.3-8 96.78 NOTE
r-devel-linux-x86_64-fedora-gcc 0.3-8 93.59 NOTE
r-devel-osx-x86_64-clang 0.3-8 80.77 NOTE
r-devel-osx-x86_64-gcc 0.3-8 NOTE
r-devel-windows-ix86+x86_64 0.3-8 14.00 69.00 83.00 NOTE
r-patched-linux-x86_64 0.3-8 5.50 40.61 46.11 NOTE
r-patched-solaris-sparc 0.3-8 515.90 NOTE
r-patched-solaris-x86 0.3-8 118.30 NOTE
r-release-linux-ix86 0.3-8 9.00 68.00 77.00 NOTE
r-release-linux-x86_64 0.3-8 5.78 40.61 46.39 NOTE
r-release-osx-x86_64-mavericks 0.3-8 WARN
r-release-windows-ix86+x86_64 0.3-8 16.00 75.00 91.00 NOTE
r-oldrel-windows-ix86+x86_64 0.3-8 17.00 71.00 88.00 NOTE

Check Details

Version: 0.3-8
Check: dependencies in R code
Result: NOTE
    Packages in Depends field not imported from:
     ‘Rglpk’ ‘quadprog’
     These packages need to be imported from (in the NAMESPACE file)
     for when this namespace is loaded but not attached.
    See the information on DESCRIPTION files in the chapter ‘Creating R
    packages’ of the ‘Writing R Extensions’ manual.
Flavors: r-devel-linux-x86_64-debian-clang, r-devel-linux-x86_64-debian-gcc, r-devel-linux-x86_64-fedora-clang, r-devel-linux-x86_64-fedora-gcc, r-devel-osx-x86_64-clang, r-devel-osx-x86_64-gcc, r-devel-windows-ix86+x86_64, r-patched-linux-x86_64, r-patched-solaris-sparc, r-patched-solaris-x86, r-release-linux-ix86, r-release-linux-x86_64, r-release-osx-x86_64-mavericks, r-release-windows-ix86+x86_64, r-oldrel-windows-ix86+x86_64

Version: 0.3-8
Check: package dependencies
Result: NOTE
    Packages suggested but not available for checking: ‘xts’ ‘zoo’
Flavor: r-devel-osx-x86_64-gcc

Version: 0.3-8
Check: R code for possible problems
Result: NOTE
    capser,xts: no visible global function definition for ‘coredata’
    capser,zoo: no visible global function definition for ‘coredata’
    returnconvert,xts: no visible global function definition for ‘coredata’
    returnconvert,zoo: no visible global function definition for ‘coredata’
    returnseries,xts: no visible global function definition for ‘coredata’
    returnseries,xts: no visible global function definition for ‘index’
    returnseries,zoo: no visible global function definition for ‘coredata’
    returnseries,zoo: no visible global function definition for ‘index’
    trdbilson,xts: no visible global function definition for ‘coredata’
    trdbilson,zoo: no visible global function definition for ‘coredata’
    trdbinary,xts: no visible global function definition for ‘coredata’
    trdbinary,zoo: no visible global function definition for ‘coredata’
    trdes,xts: no visible global function definition for ‘coredata’
    trdes,zoo: no visible global function definition for ‘coredata’
    trdhp,xts: no visible global function definition for ‘coredata’
    trdsma,xts: no visible global function definition for ‘coredata’
    trdsma,xts: no visible global function definition for ‘index’
    trdsma,zoo: no visible global function definition for ‘coredata’
    trdsma,zoo: no visible global function definition for ‘index’
    trdwma,xts: no visible global function definition for ‘coredata’
    trdwma,xts: no visible global function definition for ‘index’
    trdwma,zoo: no visible global function definition for ‘coredata’
    trdwma,zoo: no visible global function definition for ‘index’
Flavor: r-devel-osx-x86_64-gcc

Version: 0.3-8
Check: PDF version of manual
Result: WARNING
    LaTeX errors when creating PDF version.
    This typically indicates Rd problems.
    LaTeX errors found:
    ! LaTeX Error: File `upquote.sty' not found.
    
    Type X to quit or <RETURN> to proceed,
    or enter new name. (Default extension: sty)
    
    fd35fa6/Rd2.tex:8: ==> Fatal error occurred, no output PDF file produced!
Flavor: r-release-osx-x86_64-mavericks