CRAN Package Check Results for Package FRAPO

Last updated on 2017-05-24 10:48:07.

Flavor Version Tinstall Tcheck Ttotal Status Flags
r-devel-linux-x86_64-debian-clang 0.4-1 5.22 41.20 46.42 OK
r-devel-linux-x86_64-debian-gcc 0.4-1 4.84 41.27 46.10 OK
r-devel-linux-x86_64-fedora-clang 0.4-1 88.27 OK --no-stop-on-test-error
r-devel-linux-x86_64-fedora-gcc 0.4-1 84.75 OK --no-stop-on-test-error
r-devel-windows-ix86+x86_64 0.4-1 12.00 74.00 86.00 OK
r-patched-linux-x86_64 0.4-1 4.82 39.87 44.69 OK
r-patched-solaris-sparc 0.4-1 509.60 OK
r-patched-solaris-x86 0.4-1 111.80 OK
r-release-linux-x86_64 0.4-1 5.11 39.87 44.98 OK
r-release-windows-ix86+x86_64 0.4-1 14.00 104.00 118.00 OK
r-release-osx-x86_64 0.4-1 ERROR
r-oldrel-windows-ix86+x86_64 0.4-1 16.00 135.00 151.00 OK
r-oldrel-osx-x86_64 0.4-1 OK

Check Details

Version: 0.4-1
Check: package dependencies
Result: ERROR
    Package required but not available: ‘Rglpk’
    
    See section ‘The DESCRIPTION file’ in the ‘Writing R Extensions’
    manual.
Flavor: r-release-osx-x86_64