CRAN Package Check Results for Package FRAPO

Last updated on 2014-11-27 21:46:31.

Flavor Version Tinstall Tcheck Ttotal Status Flags
r-devel-linux-x86_64-debian-clang 0.3-8 5.06 38.80 43.86 NOTE
r-devel-linux-x86_64-debian-gcc 0.3-8 5.20 38.35 43.55 NOTE
r-devel-linux-x86_64-fedora-clang 0.3-8 100.42 NOTE
r-devel-linux-x86_64-fedora-gcc 0.3-8 95.89 NOTE
r-devel-osx-x86_64-clang 0.3-8 81.29 NOTE
r-devel-windows-ix86+x86_64 0.3-8 15.00 71.00 86.00 NOTE
r-patched-linux-x86_64 0.3-8 5.29 39.57 44.86 NOTE
r-patched-solaris-sparc 0.3-8 509.40 NOTE
r-patched-solaris-x86 0.3-8 112.30 NOTE
r-release-linux-ix86 0.3-8 6.74 46.28 53.02 NOTE
r-release-linux-x86_64 0.3-8 5.42 40.42 45.84 NOTE
r-release-osx-x86_64-mavericks 0.3-8 NOTE
r-release-windows-ix86+x86_64 0.3-8 17.00 74.00 91.00 NOTE
r-oldrel-windows-ix86+x86_64 0.3-8 18.00 73.00 91.00 NOTE

Check Details

Version: 0.3-8
Check: dependencies in R code
Result: NOTE
    Packages in Depends field not imported from:
     ‘Rglpk’ ‘quadprog’
     These packages need to be imported from (in the NAMESPACE file)
     for when this namespace is loaded but not attached.
    See the information on DESCRIPTION files in the chapter ‘Creating R
    packages’ of the ‘Writing R Extensions’ manual.
Flavors: r-devel-linux-x86_64-debian-clang, r-devel-linux-x86_64-debian-gcc, r-devel-linux-x86_64-fedora-clang, r-devel-linux-x86_64-fedora-gcc, r-devel-osx-x86_64-clang, r-devel-windows-ix86+x86_64, r-patched-linux-x86_64, r-patched-solaris-sparc, r-patched-solaris-x86, r-release-linux-ix86, r-release-linux-x86_64, r-release-osx-x86_64-mavericks, r-release-windows-ix86+x86_64, r-oldrel-windows-ix86+x86_64

Version: 0.3-8
Check: R code for possible problems
Result: NOTE
    PAveDD: no visible global function definition for ‘Rglpk_solve_LP’
    PCDaR: no visible global function definition for ‘Rglpk_solve_LP’
    PCDaR: no visible global function definition for ‘as.timeSeries’
    PERC2: no visible global function definition for ‘solnp’
    PGMV: no visible global function definition for ‘solve.QP’
    PMD: no visible global function definition for ‘solve.QP’
    PMTD: no visible global function definition for ‘solve.QP’
    PMaxDD: no visible global function definition for ‘Rglpk_solve_LP’
    PMaxDD: no visible global function definition for ‘as.timeSeries’
    PMinCDaR: no visible global function definition for ‘Rglpk_solve_LP’
    PMinCDaR: no visible global function definition for ‘as.timeSeries’
    capser,xts: no visible global function definition for ‘coredata’
    capser,zoo: no visible global function definition for ‘coredata’
    returnconvert,xts: no visible global function definition for ‘coredata’
    returnconvert,zoo: no visible global function definition for ‘coredata’
    returnseries,xts: no visible global function definition for ‘coredata’
    returnseries,xts: no visible global function definition for ‘index’
    returnseries,zoo: no visible global function definition for ‘coredata’
    returnseries,zoo: no visible global function definition for ‘index’
    trdbilson,xts: no visible global function definition for ‘coredata’
    trdbilson,zoo: no visible global function definition for ‘coredata’
    trdbinary,xts: no visible global function definition for ‘coredata’
    trdbinary,zoo: no visible global function definition for ‘coredata’
    trdes,xts: no visible global function definition for ‘coredata’
    trdes,zoo: no visible global function definition for ‘coredata’
    trdhp,xts: no visible global function definition for ‘coredata’
    trdsma,xts: no visible global function definition for ‘coredata’
    trdsma,xts: no visible global function definition for ‘index’
    trdsma,zoo: no visible global function definition for ‘coredata’
    trdsma,zoo: no visible global function definition for ‘index’
    trdwma,xts: no visible global function definition for ‘coredata’
    trdwma,xts: no visible global function definition for ‘index’
    trdwma,zoo: no visible global function definition for ‘coredata’
    trdwma,zoo: no visible global function definition for ‘index’
Flavors: r-devel-linux-x86_64-debian-clang, r-devel-linux-x86_64-debian-gcc, r-devel-linux-x86_64-fedora-clang, r-devel-linux-x86_64-fedora-gcc, r-devel-osx-x86_64-clang, r-devel-windows-ix86+x86_64, r-patched-linux-x86_64, r-patched-solaris-sparc, r-patched-solaris-x86, r-release-linux-ix86, r-release-linux-x86_64, r-release-windows-ix86+x86_64