CRAN Package Check Results for Package FRAPO

Last updated on 2018-06-19 09:47:51 CEST.

Flavor Version Tinstall Tcheck Ttotal Status Flags
r-devel-linux-x86_64-debian-clang 0.4-1 7.48 71.60 79.08 OK
r-devel-linux-x86_64-debian-gcc 0.4-1 7.10 59.15 66.25 OK
r-devel-linux-x86_64-fedora-clang 0.4-1 100.39 OK
r-devel-linux-x86_64-fedora-gcc 0.4-1 96.79 OK
r-devel-windows-ix86+x86_64 0.4-1 22.00 82.00 104.00 OK
r-patched-linux-x86_64 0.4-1 9.09 63.71 72.80 OK
r-patched-solaris-x86 0.4-1 115.50 OK
r-release-linux-x86_64 0.4-1 8.50 63.13 71.63 OK
r-release-windows-ix86+x86_64 0.4-1 14.00 98.00 112.00 OK
r-release-osx-x86_64 0.4-1 ERROR
r-oldrel-windows-ix86+x86_64 0.4-1 13.00 101.00 114.00 OK
r-oldrel-osx-x86_64 0.4-1 ERROR

Check Details

Version: 0.4-1
Check: package dependencies
Result: ERROR
    Package required but not available: ‘Rglpk’
    
    See section ‘The DESCRIPTION file’ in the ‘Writing R Extensions’
    manual.
Flavors: r-release-osx-x86_64, r-oldrel-osx-x86_64