CRAN Package Check Results for Package FRAPO

Last updated on 2017-10-17 19:47:53.

Flavor Version Tinstall Tcheck Ttotal Status Flags
r-devel-linux-x86_64-debian-clang 0.4-1 5.24 40.70 45.94 OK
r-devel-linux-x86_64-debian-gcc 0.4-1 5.73 46.79 52.52 OK
r-devel-linux-x86_64-fedora-clang 0.4-1 93.57 OK
r-devel-linux-x86_64-fedora-gcc 0.4-1 90.74 OK
r-devel-windows-ix86+x86_64 0.4-1 12.00 67.00 79.00 OK
r-patched-linux-x86_64 0.4-1 5.31 40.01 45.32 OK
r-patched-solaris-x86 0.4-1 108.50 OK
r-release-linux-x86_64 0.4-1 5.84 40.40 46.23 OK
r-release-windows-ix86+x86_64 0.4-1 20.00 94.00 114.00 OK
r-release-osx-x86_64 0.4-1 ERROR
r-oldrel-windows-ix86+x86_64 0.4-1 16.00 93.00 109.00 OK
r-oldrel-osx-x86_64 0.4-1 OK

Check Details

Version: 0.4-1
Check: package dependencies
Result: ERROR
    Package required but not available: ‘Rglpk’
    
    See section ‘The DESCRIPTION file’ in the ‘Writing R Extensions’
    manual.
Flavor: r-release-osx-x86_64