CRAN Package Check Results for Package FRAPO

Last updated on 2018-04-22 00:46:38 CEST.

Flavor Version Tinstall Tcheck Ttotal Status Flags
r-devel-linux-x86_64-debian-clang 0.4-1 6.80 64.26 71.06 OK
r-devel-linux-x86_64-debian-gcc 0.4-1 8.19 50.26 58.45 OK
r-devel-linux-x86_64-fedora-clang 0.4-1 91.54 OK
r-devel-linux-x86_64-fedora-gcc 0.4-1 89.11 OK
r-devel-windows-ix86+x86_64 0.4-1 23.00 74.00 97.00 OK
r-devel-osx-x86_64 0.4-1 ERROR
r-patched-linux-x86_64 0.4-1 8.23 63.30 71.53 OK
r-patched-solaris-x86 0.4-1 115.70 OK
r-release-linux-x86_64 0.4-1 6.17 64.42 70.59 OK
r-release-windows-ix86+x86_64 0.4-1 12.00 102.00 114.00 OK
r-release-osx-x86_64 0.4-1 ERROR
r-oldrel-windows-ix86+x86_64 0.4-1 20.00 68.00 88.00 OK

Check Details

Version: 0.4-1
Check: package dependencies
Result: ERROR
    Package required but not available: ‘Rglpk’
    
    See section ‘The DESCRIPTION file’ in the ‘Writing R Extensions’
    manual.
Flavors: r-devel-osx-x86_64, r-release-osx-x86_64