CRAN Package Check Results for Package FRAPO

Last updated on 2017-04-24 08:47:52.

Flavor Version Tinstall Tcheck Ttotal Status Flags
r-devel-linux-x86_64-debian-clang 0.4-1 4.76 39.76 44.52 OK
r-devel-linux-x86_64-debian-gcc 0.4-1 4.99 40.57 45.56 OK
r-devel-linux-x86_64-fedora-clang 0.4-1 86.55 OK --no-stop-on-test-error
r-devel-linux-x86_64-fedora-gcc 0.4-1 82.89 OK --no-stop-on-test-error
r-devel-windows-ix86+x86_64 0.4-1 19.00 97.00 116.00 OK
r-patched-linux-x86_64 0.4-1 5.21 40.86 46.07 OK
r-patched-solaris-sparc 0.4-1 509.60 OK
r-patched-solaris-x86 0.4-1 112.10 OK
r-release-linux-x86_64 0.4-1 4.81 40.05 44.86 OK
r-release-windows-ix86+x86_64 0.4-1 12.00 71.00 83.00 OK
r-release-osx-x86_64 0.4-1 ERROR
r-oldrel-windows-ix86+x86_64 0.4-1 11.00 66.00 77.00 OK
r-oldrel-osx-x86_64 0.4-1 OK

Check Details

Version: 0.4-1
Check: package dependencies
Result: ERROR
    Package required but not available: ‘Rglpk’
    
    See section ‘The DESCRIPTION file’ in the ‘Writing R Extensions’
    manual.
Flavor: r-release-osx-x86_64