CRAN Package Check Results for Package FRAPO

Last updated on 2017-06-23 01:47:05.

Flavor Version Tinstall Tcheck Ttotal Status Flags
r-devel-linux-x86_64-debian-clang 0.4-1 4.69 42.48 47.17 OK
r-devel-linux-x86_64-debian-gcc 0.4-1 5.14 41.03 46.17 OK
r-devel-linux-x86_64-fedora-clang 0.4-1 88.73 OK
r-devel-linux-x86_64-fedora-gcc 0.4-1 88.69 OK
r-devel-windows-ix86+x86_64 0.4-1 17.00 98.00 115.00 OK
r-patched-linux-x86_64 0.4-1 4.97 41.47 46.44 OK
r-patched-solaris-sparc 0.4-1 509.60 OK
r-patched-solaris-x86 0.4-1 113.50 OK
r-release-linux-x86_64 0.4-1 4.97 41.37 46.34 OK
r-release-windows-ix86+x86_64 0.4-1 18.00 82.00 100.00 OK
r-release-osx-x86_64 0.4-1 ERROR
r-oldrel-windows-ix86+x86_64 0.4-1 17.00 69.00 86.00 OK
r-oldrel-osx-x86_64 0.4-1 OK

Check Details

Version: 0.4-1
Check: package dependencies
Result: ERROR
    Package required but not available: ‘Rglpk’
    
    See section ‘The DESCRIPTION file’ in the ‘Writing R Extensions’
    manual.
Flavor: r-release-osx-x86_64