CRAN Package Check Results for Package FRAPO

Last updated on 2014-07-22 23:48:18.

Flavor Version Tinstall Tcheck Ttotal Status Flags
r-devel-linux-x86_64-debian-clang 0.3-8 5.26 39.54 44.80 NOTE
r-devel-linux-x86_64-debian-gcc 0.3-8 5.21 36.70 41.90 NOTE
r-devel-linux-x86_64-fedora-clang 0.3-8 100.12 NOTE
r-devel-linux-x86_64-fedora-gcc 0.3-8 93.63 NOTE
r-devel-osx-x86_64-clang 0.3-8 77.07 NOTE
r-devel-windows-ix86+x86_64 0.3-8 15.00 72.00 87.00 NOTE
r-patched-linux-x86_64 0.3-8 5.55 37.32 42.87 NOTE
r-patched-solaris-sparc 0.3-8 515.90 NOTE
r-patched-solaris-x86 0.3-8 117.60 NOTE
r-release-linux-ix86 0.3-8 7.28 50.73 58.00 NOTE
r-release-linux-x86_64 0.3-8 5.56 39.86 45.42 NOTE
r-release-osx-x86_64-mavericks 0.3-8 NOTE
r-release-windows-ix86+x86_64 0.3-8 15.00 74.00 89.00 NOTE
r-oldrel-windows-ix86+x86_64 0.3-8 15.00 71.00 86.00 NOTE

Check Details

Version: 0.3-8
Check: dependencies in R code
Result: NOTE
    Packages in Depends field not imported from:
     ‘Rglpk’ ‘quadprog’
     These packages need to be imported from (in the NAMESPACE file)
     for when this namespace is loaded but not attached.
    See the information on DESCRIPTION files in the chapter ‘Creating R
    packages’ of the ‘Writing R Extensions’ manual.
Flavors: r-devel-linux-x86_64-debian-clang, r-devel-linux-x86_64-debian-gcc, r-devel-linux-x86_64-fedora-clang, r-devel-linux-x86_64-fedora-gcc, r-devel-osx-x86_64-clang, r-devel-windows-ix86+x86_64, r-patched-linux-x86_64, r-patched-solaris-sparc, r-patched-solaris-x86, r-release-linux-ix86, r-release-linux-x86_64, r-release-osx-x86_64-mavericks, r-release-windows-ix86+x86_64, r-oldrel-windows-ix86+x86_64