CRAN Package Check Results for Package FRAPO

Last updated on 2017-12-14 15:48:22 CET.

Flavor Version Tinstall Tcheck Ttotal Status Flags
r-devel-linux-x86_64-debian-clang 0.4-1 6.47 58.49 64.96 OK
r-devel-linux-x86_64-debian-gcc 0.4-1 6.23 52.84 59.07 OK
r-devel-linux-x86_64-fedora-clang 0.4-1 83.93 OK
r-devel-linux-x86_64-fedora-gcc 0.4-1 79.82 OK
r-devel-windows-ix86+x86_64 0.4-1 16.00 99.00 115.00 OK
r-patched-linux-x86_64 0.4-1 7.99 66.24 74.23 OK
r-patched-solaris-x86 0.4-1 105.00 OK
r-release-linux-x86_64 0.4-1 7.04 67.77 74.81 OK
r-release-windows-ix86+x86_64 0.4-1 11.00 70.00 81.00 OK
r-release-osx-x86_64 0.4-1 ERROR
r-oldrel-windows-ix86+x86_64 0.4-1 10.00 91.00 101.00 OK
r-oldrel-osx-x86_64 0.4-1 OK

Check Details

Version: 0.4-1
Check: package dependencies
Result: ERROR
    Package required but not available: ‘Rglpk’
    
    See section ‘The DESCRIPTION file’ in the ‘Writing R Extensions’
    manual.
Flavor: r-release-osx-x86_64