CRAN Package Check Results for Package FRAPO

Last updated on 2015-05-27 05:47:39.

Flavor Version Tinstall Tcheck Ttotal Status Flags
r-devel-linux-x86_64-debian-clang 0.3-8 4.29 31.76 36.05 NOTE
r-devel-linux-x86_64-debian-gcc 0.3-8 4.26 31.94 36.20 NOTE
r-devel-linux-x86_64-fedora-clang 0.3-8 76.58 NOTE
r-devel-linux-x86_64-fedora-gcc 0.3-8 71.34 NOTE
r-devel-osx-x86_64-clang 0.3-8 63.27 NOTE
r-devel-windows-ix86+x86_64 0.3-8 14.00 57.00 71.00 NOTE
r-patched-linux-x86_64 0.3-8 4.33 30.65 34.98 NOTE
r-patched-solaris-sparc 0.3-8 407.90 NOTE
r-patched-solaris-x86 0.3-8 93.10 NOTE
r-release-linux-x86_64 0.3-8 4.26 31.49 35.75 NOTE
r-release-osx-x86_64-mavericks 0.3-8 NOTE
r-release-osx-x86_64-snowleopard 0.3-8 NOTE
r-release-windows-ix86+x86_64 0.3-8 17.00 61.00 78.00 NOTE
r-oldrel-windows-ix86+x86_64 0.3-8 19.00 75.00 94.00 NOTE

Check Details

Version: 0.3-8
Check: dependencies in R code
Result: NOTE
    Packages in Depends field not imported from:
     ‘Rglpk’ ‘quadprog’
     These packages need to be imported from (in the NAMESPACE file)
     for when this namespace is loaded but not attached.
Flavors: r-devel-linux-x86_64-debian-clang, r-devel-linux-x86_64-debian-gcc, r-devel-linux-x86_64-fedora-clang, r-devel-linux-x86_64-fedora-gcc, r-devel-osx-x86_64-clang, r-devel-windows-ix86+x86_64, r-patched-linux-x86_64, r-patched-solaris-sparc, r-patched-solaris-x86, r-release-linux-x86_64, r-release-osx-x86_64-mavericks, r-release-osx-x86_64-snowleopard, r-release-windows-ix86+x86_64, r-oldrel-windows-ix86+x86_64

Version: 0.3-8
Check: R code for possible problems
Result: NOTE
    PAveDD: no visible global function definition for ‘Rglpk_solve_LP’
    PCDaR: no visible global function definition for ‘Rglpk_solve_LP’
    PCDaR: no visible global function definition for ‘as.timeSeries’
    PERC2: no visible global function definition for ‘solnp’
    PGMV: no visible global function definition for ‘solve.QP’
    PMD: no visible global function definition for ‘solve.QP’
    PMTD: no visible global function definition for ‘solve.QP’
    PMaxDD: no visible global function definition for ‘Rglpk_solve_LP’
    PMaxDD: no visible global function definition for ‘as.timeSeries’
    PMinCDaR: no visible global function definition for ‘Rglpk_solve_LP’
    PMinCDaR: no visible global function definition for ‘as.timeSeries’
    capser,xts: no visible global function definition for ‘coredata’
    capser,zoo: no visible global function definition for ‘coredata’
    returnconvert,xts: no visible global function definition for ‘coredata’
    returnconvert,zoo: no visible global function definition for ‘coredata’
    returnseries,xts: no visible global function definition for ‘coredata’
    returnseries,xts: no visible global function definition for ‘index’
    returnseries,zoo: no visible global function definition for ‘coredata’
    returnseries,zoo: no visible global function definition for ‘index’
    trdbilson,xts: no visible global function definition for ‘coredata’
    trdbilson,zoo: no visible global function definition for ‘coredata’
    trdbinary,xts: no visible global function definition for ‘coredata’
    trdbinary,zoo: no visible global function definition for ‘coredata’
    trdes,xts: no visible global function definition for ‘coredata’
    trdes,zoo: no visible global function definition for ‘coredata’
    trdhp,xts: no visible global function definition for ‘coredata’
    trdsma,xts: no visible global function definition for ‘coredata’
    trdsma,xts: no visible global function definition for ‘index’
    trdsma,zoo: no visible global function definition for ‘coredata’
    trdsma,zoo: no visible global function definition for ‘index’
    trdwma,xts: no visible global function definition for ‘coredata’
    trdwma,xts: no visible global function definition for ‘index’
    trdwma,zoo: no visible global function definition for ‘coredata’
    trdwma,zoo: no visible global function definition for ‘index’
Flavors: r-devel-linux-x86_64-debian-clang, r-devel-linux-x86_64-debian-gcc, r-devel-linux-x86_64-fedora-clang, r-devel-linux-x86_64-fedora-gcc, r-devel-osx-x86_64-clang, r-devel-windows-ix86+x86_64, r-patched-linux-x86_64, r-patched-solaris-sparc, r-patched-solaris-x86, r-release-linux-x86_64, r-release-osx-x86_64-mavericks, r-release-osx-x86_64-snowleopard, r-release-windows-ix86+x86_64, r-oldrel-windows-ix86+x86_64

Version: 0.3-8
Check: package dependencies
Result: NOTE
    Packages suggested but not available for checking: ‘xts’ ‘zoo’
Flavor: r-release-osx-x86_64-snowleopard