CRAN Package Check Results for Package FRAPO

Last updated on 2015-08-31 16:51:46.

Flavor Version Tinstall Tcheck Ttotal Status Flags
r-devel-linux-x86_64-debian-clang 0.3-8 4.18 30.10 34.28 NOTE
r-devel-linux-x86_64-debian-gcc 0.3-8 4.21 29.62 33.83 NOTE
r-devel-linux-x86_64-fedora-clang 0.3-8 69.41 NOTE
r-devel-linux-x86_64-fedora-gcc 0.3-8 66.08 NOTE
r-devel-osx-x86_64-clang 0.3-8 57.99 NOTE
r-devel-windows-ix86+x86_64 0.3-8 18.00 66.00 84.00 NOTE
r-patched-linux-x86_64 0.3-8 4.60 31.34 35.94 NOTE
r-patched-solaris-sparc 0.3-8 433.90 NOTE
r-patched-solaris-x86 0.3-8 94.00 NOTE
r-release-linux-x86_64 0.3-8 4.24 33.55 37.79 NOTE
r-release-osx-x86_64-mavericks 0.3-8 NOTE
r-release-windows-ix86+x86_64 0.3-8 19.00 103.00 122.00 NOTE
r-oldrel-windows-ix86+x86_64 0.3-8 24.00 86.00 110.00 NOTE

Check Details

Version: 0.3-8
Check: dependencies in R code
Result: NOTE
    Packages in Depends field not imported from:
     ‘Rglpk’ ‘quadprog’
     These packages need to be imported from (in the NAMESPACE file)
     for when this namespace is loaded but not attached.
Flavors: r-devel-linux-x86_64-debian-clang, r-devel-linux-x86_64-debian-gcc, r-devel-linux-x86_64-fedora-clang, r-devel-linux-x86_64-fedora-gcc, r-devel-osx-x86_64-clang, r-devel-windows-ix86+x86_64, r-patched-linux-x86_64, r-patched-solaris-sparc, r-patched-solaris-x86, r-release-linux-x86_64, r-release-osx-x86_64-mavericks, r-release-windows-ix86+x86_64, r-oldrel-windows-ix86+x86_64

Version: 0.3-8
Check: R code for possible problems
Result: NOTE
    PAveDD: no visible global function definition for ‘embed’
    PAveDD: no visible global function definition for ‘Rglpk_solve_LP’
    PCDaR: no visible global function definition for ‘embed’
    PCDaR: no visible global function definition for ‘Rglpk_solve_LP’
    PCDaR: no visible global function definition for ‘as.timeSeries’
    PERC : f: no visible global function definition for ‘sd’
    PERC: no visible global function definition for ‘nlminb’
    PERC2: no visible global function definition for ‘solnp’
    PGMV: no visible global function definition for ‘cov’
    PGMV: no visible global function definition for ‘solve.QP’
    PMD: no visible global function definition for ‘cov’
    PMD: no visible global function definition for ‘cov2cor’
    PMD: no visible global function definition for ‘solve.QP’
    PMTD: no visible global function definition for ‘solve.QP’
    PMTD: no visible global function definition for ‘cov’
    PMaxDD: no visible global function definition for ‘embed’
    PMaxDD: no visible global function definition for ‘Rglpk_solve_LP’
    PMaxDD: no visible global function definition for ‘as.timeSeries’
    PMinCDaR: no visible global function definition for ‘embed’
    PMinCDaR: no visible global function definition for ‘Rglpk_solve_LP’
    PMinCDaR: no visible global function definition for ‘as.timeSeries’
    editEx: no visible global function definition for ‘file.edit’
    rhow: no visible global function definition for ‘cov2cor’
    tdc: no visible global function definition for ‘combn’
    capser,xts: no visible global function definition for ‘coredata’
    capser,zoo: no visible global function definition for ‘coredata’
    plot,PortDD-missing: no visible global function definition for ‘abline’
    returnconvert,timeSeries: no visible global function definition for
     ‘time’
    returnconvert,xts: no visible global function definition for ‘coredata’
    returnconvert,zoo: no visible global function definition for ‘coredata’
    returnseries,mts: no visible global function definition for ‘window’
    returnseries,mts: no visible global function definition for ‘time’
    returnseries,numeric: no visible global function definition for
     ‘na.fail’
    returnseries,timeSeries: no visible global function definition for
     ‘time’
    returnseries,timeSeries: no visible global function definition for
     ‘window’
    returnseries,timeSeries: no visible global function definition for
     ‘end’
    returnseries,ts: no visible global function definition for ‘window’
    returnseries,ts: no visible global function definition for ‘time’
    returnseries,xts: no visible global function definition for ‘coredata’
    returnseries,xts: no visible global function definition for ‘window’
    returnseries,xts: no visible global function definition for ‘index’
    returnseries,zoo: no visible global function definition for ‘coredata’
    returnseries,zoo: no visible global function definition for ‘window’
    returnseries,zoo: no visible global function definition for ‘index’
    trdbilson,xts: no visible global function definition for ‘coredata’
    trdbilson,zoo: no visible global function definition for ‘coredata’
    trdbinary,xts: no visible global function definition for ‘coredata’
    trdbinary,zoo: no visible global function definition for ‘coredata’
    trdes,numeric: no visible global function definition for ‘filter’
    trdes,timeSeries: no visible global function definition for ‘time’
    trdes,xts: no visible global function definition for ‘coredata’
    trdes,zoo: no visible global function definition for ‘coredata’
    trdhp,xts: no visible global function definition for ‘coredata’
    trdsma,mts: no visible global function definition for ‘window’
    trdsma,mts: no visible global function definition for ‘time’
    trdsma,numeric: no visible global function definition for ‘filter’
    trdsma,numeric: no visible global function definition for ‘na.omit’
    trdsma,timeSeries: no visible global function definition for ‘time’
    trdsma,timeSeries: no visible global function definition for ‘window’
    trdsma,timeSeries: no visible global function definition for ‘end’
    trdsma,ts: no visible global function definition for ‘window’
    trdsma,ts: no visible global function definition for ‘time’
    trdsma,xts: no visible global function definition for ‘coredata’
    trdsma,xts: no visible global function definition for ‘window’
    trdsma,xts: no visible global function definition for ‘index’
    trdsma,zoo: no visible global function definition for ‘coredata’
    trdsma,zoo: no visible global function definition for ‘window’
    trdsma,zoo: no visible global function definition for ‘index’
    trdwma,mts: no visible global function definition for ‘window’
    trdwma,mts: no visible global function definition for ‘time’
    trdwma,numeric: no visible global function definition for ‘filter’
    trdwma,timeSeries: no visible global function definition for ‘window’
    trdwma,timeSeries: no visible global function definition for ‘time’
    trdwma,timeSeries: no visible global function definition for ‘end’
    trdwma,ts: no visible global function definition for ‘window’
    trdwma,ts: no visible global function definition for ‘time’
    trdwma,xts: no visible global function definition for ‘coredata’
    trdwma,xts: no visible global function definition for ‘window’
    trdwma,xts: no visible global function definition for ‘index’
    trdwma,zoo: no visible global function definition for ‘coredata’
    trdwma,zoo: no visible global function definition for ‘window’
    trdwma,zoo: no visible global function definition for ‘index’
    Undefined global functions or variables:
     Rglpk_solve_LP abline as.timeSeries combn coredata cov cov2cor embed
     end file.edit filter index na.fail na.omit nlminb sd solnp solve.QP
     time window
    Consider adding
     importFrom("graphics", "abline")
     importFrom("stats", "cov", "cov2cor", "embed", "end", "filter",
     "na.fail", "na.omit", "nlminb", "sd", "time", "window")
     importFrom("utils", "combn", "file.edit")
    to your NAMESPACE.
Flavors: r-devel-linux-x86_64-debian-clang, r-devel-linux-x86_64-debian-gcc, r-devel-linux-x86_64-fedora-clang, r-devel-linux-x86_64-fedora-gcc, r-devel-windows-ix86+x86_64

Version: 0.3-8
Check: R code for possible problems
Result: NOTE
    PAveDD: no visible global function definition for ‘Rglpk_solve_LP’
    PCDaR: no visible global function definition for ‘Rglpk_solve_LP’
    PCDaR: no visible global function definition for ‘as.timeSeries’
    PERC2: no visible global function definition for ‘solnp’
    PGMV: no visible global function definition for ‘solve.QP’
    PMD: no visible global function definition for ‘solve.QP’
    PMTD: no visible global function definition for ‘solve.QP’
    PMaxDD: no visible global function definition for ‘Rglpk_solve_LP’
    PMaxDD: no visible global function definition for ‘as.timeSeries’
    PMinCDaR: no visible global function definition for ‘Rglpk_solve_LP’
    PMinCDaR: no visible global function definition for ‘as.timeSeries’
    capser,xts: no visible global function definition for ‘coredata’
    capser,zoo: no visible global function definition for ‘coredata’
    returnconvert,xts: no visible global function definition for ‘coredata’
    returnconvert,zoo: no visible global function definition for ‘coredata’
    returnseries,xts: no visible global function definition for ‘coredata’
    returnseries,xts: no visible global function definition for ‘index’
    returnseries,zoo: no visible global function definition for ‘coredata’
    returnseries,zoo: no visible global function definition for ‘index’
    trdbilson,xts: no visible global function definition for ‘coredata’
    trdbilson,zoo: no visible global function definition for ‘coredata’
    trdbinary,xts: no visible global function definition for ‘coredata’
    trdbinary,zoo: no visible global function definition for ‘coredata’
    trdes,xts: no visible global function definition for ‘coredata’
    trdes,zoo: no visible global function definition for ‘coredata’
    trdhp,xts: no visible global function definition for ‘coredata’
    trdsma,xts: no visible global function definition for ‘coredata’
    trdsma,xts: no visible global function definition for ‘index’
    trdsma,zoo: no visible global function definition for ‘coredata’
    trdsma,zoo: no visible global function definition for ‘index’
    trdwma,xts: no visible global function definition for ‘coredata’
    trdwma,xts: no visible global function definition for ‘index’
    trdwma,zoo: no visible global function definition for ‘coredata’
    trdwma,zoo: no visible global function definition for ‘index’
    Undefined global functions or variables:
     Rglpk_solve_LP as.timeSeries coredata index solnp solve.QP
Flavor: r-devel-osx-x86_64-clang

Version: 0.3-8
Check: R code for possible problems
Result: NOTE
    PAveDD: no visible global function definition for ‘Rglpk_solve_LP’
    PCDaR: no visible global function definition for ‘Rglpk_solve_LP’
    PCDaR: no visible global function definition for ‘as.timeSeries’
    PERC2: no visible global function definition for ‘solnp’
    PGMV: no visible global function definition for ‘solve.QP’
    PMD: no visible global function definition for ‘solve.QP’
    PMTD: no visible global function definition for ‘solve.QP’
    PMaxDD: no visible global function definition for ‘Rglpk_solve_LP’
    PMaxDD: no visible global function definition for ‘as.timeSeries’
    PMinCDaR: no visible global function definition for ‘Rglpk_solve_LP’
    PMinCDaR: no visible global function definition for ‘as.timeSeries’
    capser,xts: no visible global function definition for ‘coredata’
    capser,zoo: no visible global function definition for ‘coredata’
    returnconvert,xts: no visible global function definition for ‘coredata’
    returnconvert,zoo: no visible global function definition for ‘coredata’
    returnseries,xts: no visible global function definition for ‘coredata’
    returnseries,xts: no visible global function definition for ‘index’
    returnseries,zoo: no visible global function definition for ‘coredata’
    returnseries,zoo: no visible global function definition for ‘index’
    trdbilson,xts: no visible global function definition for ‘coredata’
    trdbilson,zoo: no visible global function definition for ‘coredata’
    trdbinary,xts: no visible global function definition for ‘coredata’
    trdbinary,zoo: no visible global function definition for ‘coredata’
    trdes,xts: no visible global function definition for ‘coredata’
    trdes,zoo: no visible global function definition for ‘coredata’
    trdhp,xts: no visible global function definition for ‘coredata’
    trdsma,xts: no visible global function definition for ‘coredata’
    trdsma,xts: no visible global function definition for ‘index’
    trdsma,zoo: no visible global function definition for ‘coredata’
    trdsma,zoo: no visible global function definition for ‘index’
    trdwma,xts: no visible global function definition for ‘coredata’
    trdwma,xts: no visible global function definition for ‘index’
    trdwma,zoo: no visible global function definition for ‘coredata’
    trdwma,zoo: no visible global function definition for ‘index’
Flavors: r-patched-linux-x86_64, r-patched-solaris-sparc, r-patched-solaris-x86, r-release-linux-x86_64, r-release-osx-x86_64-mavericks, r-release-windows-ix86+x86_64, r-oldrel-windows-ix86+x86_64