CRAN Package Check Results for Package FRAPO

Last updated on 2017-08-16 20:47:59.

Flavor Version Tinstall Tcheck Ttotal Status Flags
r-devel-linux-x86_64-debian-clang 0.4-1 4.99 40.58 45.57 OK
r-devel-linux-x86_64-debian-gcc 0.4-1 5.06 41.23 46.28 OK
r-devel-linux-x86_64-fedora-clang 0.4-1 97.29 OK
r-devel-linux-x86_64-fedora-gcc 0.4-1 100.93 OK
r-devel-windows-ix86+x86_64 0.4-1 11.00 67.00 78.00 OK
r-patched-linux-x86_64 0.4-1 5.52 42.14 47.66 OK
r-patched-solaris-x86 0.4-1 107.10 OK
r-release-linux-x86_64 0.4-1 5.35 41.93 47.28 OK
r-release-windows-ix86+x86_64 0.4-1 13.00 95.00 108.00 OK
r-release-osx-x86_64 0.4-1 ERROR
r-oldrel-windows-ix86+x86_64 0.4-1 15.00 66.00 81.00 OK
r-oldrel-osx-x86_64 0.4-1 OK

Check Details

Version: 0.4-1
Check: package dependencies
Result: ERROR
    Package required but not available: ‘Rglpk’
    
    See section ‘The DESCRIPTION file’ in the ‘Writing R Extensions’
    manual.
Flavor: r-release-osx-x86_64