CRAN Package Check Results for Package FRB

Last updated on 2014-12-22 19:48:21.

Flavor Version Tinstall Tcheck Ttotal Status Flags
r-devel-linux-x86_64-debian-clang 1.8 2.08 90.14 92.22 NOTE
r-devel-linux-x86_64-debian-gcc 1.8 1.80 94.34 96.14 NOTE
r-devel-linux-x86_64-fedora-clang 1.8 189.19 NOTE
r-devel-linux-x86_64-fedora-gcc 1.8 186.20 NOTE
r-devel-osx-x86_64-clang 1.8 149.48 NOTE
r-devel-windows-ix86+x86_64 1.8 8.00 128.00 136.00 NOTE
r-patched-linux-x86_64 1.8 1.93 99.55 101.48 NOTE
r-patched-solaris-sparc 1.8 1137.00 NOTE
r-patched-solaris-x86 1.8 212.10 NOTE
r-release-linux-ix86 1.8 2.31 106.50 108.81 NOTE
r-release-linux-x86_64 1.8 1.87 97.15 99.02 NOTE
r-release-osx-x86_64-mavericks 1.8 NOTE
r-release-windows-ix86+x86_64 1.8 8.00 137.00 145.00 NOTE
r-oldrel-windows-ix86+x86_64 1.8 7.00 136.00 143.00 OK

Check Details

Version: 1.8
Check: R code for possible problems
Result: NOTE
    predict.FRBmultireg: no visible global function definition for
     ‘predict.mlm’
Flavors: r-devel-linux-x86_64-debian-clang, r-devel-linux-x86_64-debian-gcc, r-devel-linux-x86_64-fedora-clang, r-devel-linux-x86_64-fedora-gcc, r-devel-osx-x86_64-clang, r-devel-windows-ix86+x86_64, r-patched-linux-x86_64, r-patched-solaris-sparc, r-patched-solaris-x86, r-release-linux-ix86, r-release-linux-x86_64, r-release-osx-x86_64-mavericks, r-release-windows-ix86+x86_64