CRAN Package Check Results for Package FRB

Last updated on 2014-11-25 20:47:55.

Flavor Version Tinstall Tcheck Ttotal Status Flags
r-devel-linux-x86_64-debian-clang 1.8 1.82 87.41 89.23 NOTE
r-devel-linux-x86_64-debian-gcc 1.8 1.66 88.74 90.40 NOTE
r-devel-linux-x86_64-fedora-clang 1.8 193.27 NOTE
r-devel-linux-x86_64-fedora-gcc 1.8 176.12 NOTE
r-devel-osx-x86_64-clang 1.8 146.61 NOTE
r-devel-windows-ix86+x86_64 1.8 7.00 116.00 123.00 NOTE
r-patched-linux-x86_64 1.8 1.72 95.15 96.88 NOTE
r-patched-solaris-sparc 1.8 1098.10 NOTE
r-patched-solaris-x86 1.8 206.60 NOTE
r-release-linux-ix86 1.8 2.13 104.26 106.39 NOTE
r-release-linux-x86_64 1.8 1.72 93.80 95.52 NOTE
r-release-osx-x86_64-mavericks 1.8 NOTE
r-release-windows-ix86+x86_64 1.8 6.00 129.00 135.00 NOTE
r-oldrel-windows-ix86+x86_64 1.8 7.00 144.00 151.00 OK

Check Details

Version: 1.8
Check: R code for possible problems
Result: NOTE
    predict.FRBmultireg: no visible global function definition for
     ‘predict.mlm’
Flavors: r-devel-linux-x86_64-debian-clang, r-devel-linux-x86_64-debian-gcc, r-devel-linux-x86_64-fedora-clang, r-devel-linux-x86_64-fedora-gcc, r-devel-osx-x86_64-clang, r-devel-windows-ix86+x86_64, r-patched-linux-x86_64, r-patched-solaris-sparc, r-patched-solaris-x86, r-release-linux-ix86, r-release-linux-x86_64, r-release-osx-x86_64-mavericks, r-release-windows-ix86+x86_64