CRAN Package Check Results for Package FRB

Last updated on 2014-10-02 01:48:16.

Flavor Version Tinstall Tcheck Ttotal Status Flags
r-devel-linux-x86_64-debian-clang 1.8 1.70 94.45 96.15 NOTE
r-devel-linux-x86_64-debian-gcc 1.8 1.90 85.70 87.60 NOTE
r-devel-linux-x86_64-fedora-clang 1.8 190.37 NOTE
r-devel-linux-x86_64-fedora-gcc 1.8 206.50 NOTE
r-devel-osx-x86_64-clang 1.8 139.37 NOTE
r-devel-windows-ix86+x86_64 1.8 6.00 122.00 128.00 NOTE
r-patched-linux-x86_64 1.8 1.79 95.78 97.57 NOTE
r-patched-solaris-sparc 1.8 1108.80 NOTE
r-patched-solaris-x86 1.8 213.40 NOTE
r-release-linux-ix86 1.8 2.31 110.70 113.01 NOTE
r-release-linux-x86_64 1.8 1.79 94.83 96.62 NOTE
r-release-osx-x86_64-mavericks 1.8 NOTE
r-release-windows-ix86+x86_64 1.8 6.00 133.00 139.00 NOTE
r-oldrel-windows-ix86+x86_64 1.8 6.00 131.00 137.00 OK

Check Details

Version: 1.8
Check: R code for possible problems
Result: NOTE
    predict.FRBmultireg: no visible global function definition for
     ‘predict.mlm’
Flavors: r-devel-linux-x86_64-debian-clang, r-devel-linux-x86_64-debian-gcc, r-devel-linux-x86_64-fedora-clang, r-devel-linux-x86_64-fedora-gcc, r-devel-osx-x86_64-clang, r-devel-windows-ix86+x86_64, r-patched-linux-x86_64, r-patched-solaris-sparc, r-patched-solaris-x86, r-release-linux-ix86, r-release-linux-x86_64, r-release-osx-x86_64-mavericks, r-release-windows-ix86+x86_64