CRAN Package Check Results for Package FRB

Last updated on 2014-07-29 08:49:33.

Flavor Version Tinstall Tcheck Ttotal Status Flags
r-devel-linux-x86_64-debian-clang 1.8 1.77 93.27 95.04 NOTE
r-devel-linux-x86_64-debian-gcc 1.8 1.75 94.40 96.15 NOTE
r-devel-linux-x86_64-fedora-clang 1.8 203.97 NOTE
r-devel-linux-x86_64-fedora-gcc 1.8 190.47 NOTE
r-devel-osx-x86_64-clang 1.8 146.03 NOTE
r-devel-windows-ix86+x86_64 1.8 5.00 132.00 137.00 NOTE
r-patched-linux-x86_64 1.8 1.79 91.66 93.45 NOTE
r-patched-solaris-sparc 1.8 1089.20 NOTE
r-patched-solaris-x86 1.8 209.50 NOTE
r-release-linux-ix86 1.8 2.30 108.54 110.85 NOTE
r-release-linux-x86_64 1.8 1.78 103.03 104.81 NOTE
r-release-osx-x86_64-mavericks 1.8 NOTE
r-release-windows-ix86+x86_64 1.8 6.00 131.00 137.00 NOTE
r-oldrel-windows-ix86+x86_64 1.8 7.00 128.00 135.00 OK

Check Details

Version: 1.8
Check: R code for possible problems
Result: NOTE
    predict.FRBmultireg: no visible global function definition for
     predict.mlm
Flavors: r-devel-linux-x86_64-debian-clang, r-devel-linux-x86_64-debian-gcc, r-devel-linux-x86_64-fedora-clang, r-devel-linux-x86_64-fedora-gcc, r-devel-osx-x86_64-clang, r-devel-windows-ix86+x86_64, r-patched-linux-x86_64, r-patched-solaris-sparc, r-patched-solaris-x86, r-release-linux-ix86, r-release-linux-x86_64, r-release-osx-x86_64-mavericks, r-release-windows-ix86+x86_64