CRAN Package Check Results for Package FRB

Last updated on 2014-09-20 20:46:34.

Flavor Version Tinstall Tcheck Ttotal Status Flags
r-devel-linux-x86_64-debian-clang 1.8 1.82 89.24 91.06 NOTE
r-devel-linux-x86_64-debian-gcc 1.8 1.66 86.44 88.10 NOTE
r-devel-linux-x86_64-fedora-clang 1.8 187.01 NOTE
r-devel-linux-x86_64-fedora-gcc 1.8 194.69 NOTE
r-devel-osx-x86_64-clang 1.8 142.69 NOTE
r-devel-windows-ix86+x86_64 1.8 5.00 121.00 126.00 NOTE
r-patched-linux-x86_64 1.8 1.77 98.98 100.74 NOTE
r-patched-solaris-sparc 1.8 1108.80 NOTE
r-patched-solaris-x86 1.8 210.50 NOTE
r-release-linux-ix86 1.8 2.32 110.32 112.64 NOTE
r-release-linux-x86_64 1.8 1.78 100.45 102.24 NOTE
r-release-osx-x86_64-mavericks 1.8 NOTE
r-release-windows-ix86+x86_64 1.8 5.00 132.00 137.00 NOTE
r-oldrel-windows-ix86+x86_64 1.8 7.00 134.00 141.00 OK

Check Details

Version: 1.8
Check: R code for possible problems
Result: NOTE
    predict.FRBmultireg: no visible global function definition for
     ‘predict.mlm’
Flavors: r-devel-linux-x86_64-debian-clang, r-devel-linux-x86_64-debian-gcc, r-devel-linux-x86_64-fedora-clang, r-devel-linux-x86_64-fedora-gcc, r-devel-osx-x86_64-clang, r-devel-windows-ix86+x86_64, r-patched-linux-x86_64, r-patched-solaris-sparc, r-patched-solaris-x86, r-release-linux-ix86, r-release-linux-x86_64, r-release-osx-x86_64-mavericks, r-release-windows-ix86+x86_64