CRAN Package Check Results for Package FRBData

Last updated on 2014-07-26 01:49:44.

Flavor Version Tinstall Tcheck Ttotal Status Flags
r-devel-linux-x86_64-debian-clang 0.3 0.68 11.66 12.34 NOTE
r-devel-linux-x86_64-debian-gcc 0.3 0.68 16.65 17.33 NOTE
r-devel-linux-x86_64-fedora-clang 0.3 23.46 NOTE
r-devel-linux-x86_64-fedora-gcc 0.3 23.05 NOTE
r-devel-osx-x86_64-clang 0.3 27.71 NOTE
r-devel-windows-ix86+x86_64 0.3 3.00 21.00 24.00 NOTE
r-patched-linux-x86_64 0.3 0.70 11.92 12.62 NOTE
r-patched-solaris-sparc 0.3 135.60 NOTE
r-patched-solaris-x86 0.3 34.00 NOTE
r-release-linux-ix86 0.3 1.02 20.38 21.41 NOTE
r-release-linux-x86_64 0.3 0.73 12.09 12.82 NOTE
r-release-osx-x86_64-mavericks 0.3 NOTE
r-release-windows-ix86+x86_64 0.3 3.00 20.00 23.00 NOTE
r-oldrel-windows-ix86+x86_64 0.3 3.00 21.00 24.00 NOTE

Check Details

Version: 0.3
Check: DESCRIPTION meta-information
Result: NOTE
    Deprecated license: BSD
Flavors: r-devel-linux-x86_64-debian-clang, r-devel-linux-x86_64-debian-gcc, r-devel-linux-x86_64-fedora-clang, r-devel-linux-x86_64-fedora-gcc, r-devel-osx-x86_64-clang, r-patched-linux-x86_64, r-patched-solaris-sparc, r-patched-solaris-x86, r-release-linux-ix86, r-release-linux-x86_64, r-release-osx-x86_64-mavericks

Version: 0.3
Check: dependencies in R code
Result: NOTE
    Package in Depends field not imported from: ‘xts’
     These packages need to be imported from (in the NAMESPACE file)
     for when this namespace is loaded but not attached.
    See the information on DESCRIPTION files in the chapter ‘Creating R
    packages’ of the ‘Writing R Extensions’ manual.
Flavors: r-devel-linux-x86_64-debian-clang, r-devel-linux-x86_64-debian-gcc, r-devel-linux-x86_64-fedora-clang, r-devel-linux-x86_64-fedora-gcc, r-devel-osx-x86_64-clang, r-devel-windows-ix86+x86_64, r-patched-linux-x86_64, r-patched-solaris-sparc, r-patched-solaris-x86, r-release-linux-ix86, r-release-linux-x86_64, r-release-osx-x86_64-mavericks, r-release-windows-ix86+x86_64, r-oldrel-windows-ix86+x86_64