CRAN Package Check Results for Package FRBData

Last updated on 2014-04-19 03:49:20.

Flavor Version Tinstall Tcheck Ttotal Status Flags
r-devel-linux-x86_64-debian-clang 0.3 0.76 12.54 13.30 NOTE
r-devel-linux-x86_64-debian-gcc 0.3 0.80 32.60 33.40 NOTE
r-devel-linux-x86_64-fedora-clang 0.3 24.32 NOTE
r-devel-linux-x86_64-fedora-gcc 0.3 22.54 NOTE
r-devel-macosx-x86_64-clang 0.3 30.12 NOTE
r-devel-macosx-x86_64-gcc 0.3 ERROR
r-devel-windows-ix86+x86_64 0.3 3.00 19.00 22.00 NOTE
r-patched-linux-x86_64 0.3 0.84 12.44 13.28 NOTE
r-patched-solaris-sparc 0.3 135.60 NOTE
r-patched-solaris-x86 0.3 34.90 NOTE
r-release-linux-ix86 0.3 2.00 26.00 28.00 NOTE
r-release-linux-x86_64 0.3 0.78 16.70 17.47 NOTE
r-release-windows-ix86+x86_64 0.3 3.00 24.00 27.00 NOTE
r-oldrel-windows-ix86+x86_64 0.3 3.00 21.00 24.00 NOTE

Check Details

Version: 0.3
Check: DESCRIPTION meta-information
Result: NOTE
    Deprecated license: BSD
Flavors: r-devel-linux-x86_64-debian-clang, r-devel-linux-x86_64-debian-gcc, r-devel-linux-x86_64-fedora-clang, r-devel-linux-x86_64-fedora-gcc, r-devel-macosx-x86_64-clang, r-patched-linux-x86_64, r-patched-solaris-sparc, r-patched-solaris-x86, r-release-linux-ix86, r-release-linux-x86_64

Version: 0.3
Check: dependencies in R code
Result: NOTE
    Package in Depends field not imported from: ‘xts’
     These packages need to be imported from (in the NAMESPACE file)
     for when this namespace is loaded but not attached.
    See the information on DESCRIPTION files in the chapter ‘Creating R
    packages’ of the ‘Writing R Extensions’ manual.
Flavors: r-devel-linux-x86_64-debian-clang, r-devel-linux-x86_64-debian-gcc, r-devel-linux-x86_64-fedora-clang, r-devel-linux-x86_64-fedora-gcc, r-devel-macosx-x86_64-clang, r-devel-windows-ix86+x86_64, r-patched-linux-x86_64, r-patched-solaris-sparc, r-patched-solaris-x86, r-release-linux-ix86, r-release-linux-x86_64, r-release-windows-ix86+x86_64, r-oldrel-windows-ix86+x86_64

Version: 0.3
Check: package dependencies
Result: ERROR
    Package required but not available: ‘xts’
    
    See the information on DESCRIPTION files in the chapter ‘Creating R
    packages’ of the ‘Writing R Extensions’ manual.
Flavor: r-devel-macosx-x86_64-gcc