Last updated on 2023-09-24 15:56:51 CEST.
Flavor | Version | Tinstall | Tcheck | Ttotal | Status | Flags |
---|---|---|---|---|---|---|
r-devel-linux-x86_64-debian-clang | 0.1.1 | 112.87 | 27.33 | 140.20 | NOTE | |
r-devel-linux-x86_64-debian-gcc | 0.1.1 | 122.40 | 21.66 | 144.06 | NOTE | |
r-devel-linux-x86_64-fedora-clang | 0.1.1 | 242.80 | NOTE | |||
r-devel-linux-x86_64-fedora-gcc | 0.1.1 | 299.09 | NOTE | |||
r-devel-windows-x86_64 | 0.1.1 | 323.00 | 64.00 | 387.00 | NOTE | |
r-patched-linux-x86_64 | 0.1.1 | 388.21 | 27.31 | 415.52 | NOTE | |
r-release-linux-x86_64 | 0.1.1 | 389.69 | 27.13 | 416.82 | NOTE | |
r-release-macos-arm64 | 0.1.1 | 79.00 | NOTE | |||
r-release-macos-x86_64 | 0.1.1 | 96.00 | NOTE | |||
r-release-windows-x86_64 | 0.1.1 | 418.00 | 85.00 | 503.00 | NOTE | |
r-oldrel-macos-arm64 | 0.1.1 | 74.00 | OK | |||
r-oldrel-macos-x86_64 | 0.1.1 | 68.00 | OK | |||
r-oldrel-windows-x86_64 | 0.1.1 | 141.00 | 71.00 | 212.00 | OK |
Version: 0.1.1
Check: C++ specification
Result: NOTE
Specified C++11: please drop specification unless essential
Flavors: r-devel-linux-x86_64-debian-clang, r-devel-linux-x86_64-debian-gcc, r-devel-linux-x86_64-fedora-clang, r-devel-linux-x86_64-fedora-gcc, r-devel-windows-x86_64, r-patched-linux-x86_64, r-release-linux-x86_64, r-release-macos-arm64, r-release-macos-x86_64, r-release-windows-x86_64