CRAN Package Check Results for Package FSelector

Last updated on 2014-04-24 19:53:58.

Flavor Version Tinstall Tcheck Ttotal Status Flags
r-devel-linux-x86_64-debian-clang 0.19 2.09 34.88 36.97 NOTE
r-devel-linux-x86_64-debian-gcc 0.19 2.13 35.61 37.74 NOTE
r-devel-linux-x86_64-fedora-clang 0.19 75.37 NOTE
r-devel-linux-x86_64-fedora-gcc 0.19 72.32 NOTE
r-devel-osx-x86_64-clang 0.19 66.46 NOTE
r-devel-osx-x86_64-gcc 0.19 NOTE
r-devel-windows-ix86+x86_64 0.19 7.00 51.00 58.00 NOTE
r-patched-linux-x86_64 0.19 2.16 36.31 38.47 NOTE
r-patched-solaris-sparc 0.19 415.90 NOTE
r-patched-solaris-x86 0.19 92.00 NOTE
r-release-linux-ix86 0.19 3.00 59.00 62.00 NOTE
r-release-linux-x86_64 0.19 2.14 35.16 37.31 NOTE
r-release-osx-x86_64-mavericks 0.19 WARN
r-release-windows-ix86+x86_64 0.19 6.00 53.00 59.00 NOTE
r-oldrel-windows-ix86+x86_64 0.19 7.00 49.00 56.00 NOTE

Check Details

Version: 0.19
Check: top-level files
Result: NOTE
    File
     LICENSE
    is not mentioned in the DESCRIPTION file.
Flavors: r-devel-linux-x86_64-debian-clang, r-devel-linux-x86_64-debian-gcc, r-devel-linux-x86_64-fedora-clang, r-devel-linux-x86_64-fedora-gcc, r-devel-osx-x86_64-clang, r-devel-osx-x86_64-gcc, r-devel-windows-ix86+x86_64, r-patched-linux-x86_64, r-patched-solaris-sparc, r-patched-solaris-x86, r-release-linux-ix86, r-release-linux-x86_64, r-release-osx-x86_64-mavericks, r-release-windows-ix86+x86_64, r-oldrel-windows-ix86+x86_64

Version: 0.19
Check: PDF version of manual
Result: WARNING
    LaTeX errors when creating PDF version.
    This typically indicates Rd problems.
    LaTeX errors found:
    ! LaTeX Error: File `upquote.sty' not found.
    
    Type X to quit or <RETURN> to proceed,
    or enter new name. (Default extension: sty)
    
    472c0c72/Rd2.tex:8: ==> Fatal error occurred, no output PDF file produced!
Flavor: r-release-osx-x86_64-mavericks