CRAN Package Check Results for Package FSelector

Last updated on 2017-06-26 03:52:37.

Flavor Version Tinstall Tcheck Ttotal Status Flags
r-devel-linux-x86_64-debian-clang 0.21 2.84 38.31 41.16 OK
r-devel-linux-x86_64-debian-gcc 0.21 2.68 36.01 38.69 OK
r-devel-linux-x86_64-fedora-clang 0.21 100.87 OK
r-devel-linux-x86_64-fedora-gcc 0.21 99.44 OK
r-devel-windows-ix86+x86_64 0.21 9.00 90.00 99.00 OK
r-patched-linux-x86_64 0.21 2.70 37.96 40.66 OK
r-patched-solaris-sparc 0.21 256.90 OK --no-examples
r-patched-solaris-x86 0.21 83.50 OK --no-examples
r-release-linux-x86_64 0.21 2.65 37.65 40.30 OK
r-release-windows-ix86+x86_64 0.21 14.00 93.00 107.00 OK
r-release-osx-x86_64 0.21 OK
r-oldrel-windows-ix86+x86_64 0.21 7.00 85.00 92.00 OK
r-oldrel-osx-x86_64 0.21 ERROR

Check Details

Version: 0.21
Check: examples
Result: ERROR
    Running examples in ‘FSelector-Ex.R’ failed
    The error most likely occurred in:
    
    > ### Name: as.simple.formula
    > ### Title: Converting to formulas
    > ### Aliases: as.simple.formula
    >
    > ### ** Examples
    >
    > data(iris)
    > result <- cfs(Species ~ ., iris)
    Error in .jnew("weka/core/Attribute", attname[i], .jcast(levels, "java/util/List")) :
     java.lang.UnsupportedClassVersionError: weka/core/Attribute : Unsupported major.minor version 51.0
    Calls: cfs ... read_model_frame_into_Weka -> read_data_into_Weka -> .jnew -> .External
    Execution halted
Flavor: r-oldrel-osx-x86_64