CRAN Package Check Results for Package FSelector

Last updated on 2017-10-22 02:49:05.

Flavor Version Tinstall Tcheck Ttotal Status Flags
r-devel-linux-x86_64-debian-clang 0.21 2.56 38.55 41.11 OK
r-devel-linux-x86_64-debian-gcc 0.21 2.64 38.86 41.50 OK
r-devel-linux-x86_64-fedora-clang 0.21 103.47 OK
r-devel-linux-x86_64-fedora-gcc 0.21 101.42 OK
r-devel-windows-ix86+x86_64 0.21 8.00 95.00 103.00 OK
r-patched-linux-x86_64 0.21 2.72 38.10 40.82 OK
r-patched-solaris-x86 0.21 92.60 OK
r-release-linux-x86_64 0.21 2.60 38.82 41.43 OK
r-release-windows-ix86+x86_64 0.21 11.00 76.00 87.00 OK
r-release-osx-x86_64 0.21 OK
r-oldrel-windows-ix86+x86_64 0.21 8.00 79.00 87.00 OK
r-oldrel-osx-x86_64 0.21 ERROR

Check Details

Version: 0.21
Check: examples
Result: ERROR
    Running examples in ‘FSelector-Ex.R’ failed
    The error most likely occurred in:
    
    > ### Name: as.simple.formula
    > ### Title: Converting to formulas
    > ### Aliases: as.simple.formula
    >
    > ### ** Examples
    >
    > data(iris)
    > result <- cfs(Species ~ ., iris)
    Error in .jnew("weka/core/Attribute", attname[i], .jcast(levels, "java/util/List")) :
     java.lang.UnsupportedClassVersionError: weka/core/Attribute : Unsupported major.minor version 51.0
    Calls: cfs ... read_model_frame_into_Weka -> read_data_into_Weka -> .jnew -> .External
    Execution halted
Flavor: r-oldrel-osx-x86_64