CRAN Package Check Results for Package FSelector

Last updated on 2017-03-01 19:48:32.

Flavor Version Tinstall Tcheck Ttotal Status Flags
r-devel-linux-x86_64-debian-clang 0.21 1.56 28.37 29.93 OK
r-devel-linux-x86_64-debian-gcc 0.21 1.57 28.67 30.24 OK
r-devel-linux-x86_64-fedora-clang 0.21 59.60 OK --no-stop-on-test-error
r-devel-linux-x86_64-fedora-gcc 0.21 55.13 OK --no-stop-on-test-error
r-devel-macos-x86_64-clang 0.21 44.67 OK --no-stop-on-test-error
r-devel-windows-ix86+x86_64 0.21 4.00 70.00 74.00 OK
r-patched-linux-x86_64 0.21 1.57 23.08 24.66 OK
r-patched-solaris-sparc 0.21 230.60 OK --no-examples
r-patched-solaris-x86 0.21 50.70 OK --no-examples
r-release-linux-x86_64 0.21 1.54 24.18 25.71 OK
r-release-osx-x86_64-mavericks 0.21 ERROR
r-release-windows-ix86+x86_64 0.21 7.00 62.00 69.00 OK
r-oldrel-windows-ix86+x86_64 0.21 13.00 68.00 81.00 OK

Check Details

Version: 0.21
Check: examples
Result: ERROR
    Running examples in ‘FSelector-Ex.R’ failed
    The error most likely occurred in:
    
    > ### Name: as.simple.formula
    > ### Title: Converting to formulas
    > ### Aliases: as.simple.formula
    >
    > ### ** Examples
    >
    > data(iris)
    > result <- cfs(Species ~ ., iris)
    Error in .jnew("weka/core/Attribute", attname[i], .jcast(levels, "java/util/List")) :
     java.lang.UnsupportedClassVersionError: weka/core/Attribute : Unsupported major.minor version 51.0
    Calls: cfs ... read_model_frame_into_Weka -> read_data_into_Weka -> .jnew -> .External
    Execution halted
Flavor: r-release-osx-x86_64-mavericks