CRAN Package Check Results for Package FSelector

Last updated on 2016-04-29 03:53:17.

Flavor Version Tinstall Tcheck Ttotal Status Flags
r-devel-linux-x86_64-debian-gcc 0.20 1.36 22.32 23.68 NOTE
r-devel-linux-x86_64-fedora-clang 0.20 44.37 NOTE
r-devel-linux-x86_64-fedora-gcc 0.20 42.84 NOTE
r-devel-osx-x86_64-clang 0.20 50.81 NOTE
r-devel-windows-ix86+x86_64 0.20 5.00 49.00 54.00 NOTE
r-patched-linux-x86_64 0.20 1.45 22.46 23.91 NOTE
r-patched-solaris-sparc 0.20 223.60 NOTE --no-examples
r-patched-solaris-x86 0.20 48.90 NOTE --no-examples
r-release-linux-x86_64 0.20 1.61 24.11 25.72 OK
r-release-osx-x86_64-mavericks 0.20 OK
r-release-windows-ix86+x86_64 0.20 5.00 42.00 47.00 OK
r-oldrel-windows-ix86+x86_64 0.20 9.00 58.00 67.00 OK

Check Details

Version: 0.20
Check: R code for possible problems
Result: NOTE
    as.simple.formula: no visible global function definition for
     ‘as.formula’
    cfs : cont_correlation: no visible global function definition for
     ‘complete.cases’
    cfs : cont_correlation: no visible global function definition for ‘sd’
    cfs : cont_correlation: no visible global function definition for ‘cor’
    cfs : cont_correlation : <anonymous>: no visible global function
     definition for ‘complete.cases’
    cfs : cont_correlation : <anonymous> : <anonymous>: no visible global
     function definition for ‘complete.cases’
    cfs : cont_correlation : <anonymous> : <anonymous>: no visible global
     function definition for ‘sd’
    cfs : cont_correlation : <anonymous> : <anonymous>: no visible global
     function definition for ‘cor’
    cfs : cont_correlation : <anonymous>: no visible global function
     definition for ‘sd’
    cfs : cont_correlation : <anonymous>: no visible global function
     definition for ‘cor’
    consistency : evaluator: no visible global function definition for
     ‘aggregate’
    correlation.body: no visible global function definition for
     ‘complete.cases’
    correlation.body : <anonymous>: no visible global function definition
     for ‘complete.cases’
    correlation.body : <anonymous>: no visible global function definition
     for ‘sd’
    correlation.body : <anonymous>: no visible global function definition
     for ‘cor’
    equal.frequency.binning.discretization: no visible global function
     definition for ‘complete.cases’
    exhaustive.search: no visible global function definition for ‘combn’
    get.data.frame.from.formula: no visible global function definition for
     ‘model.frame’
    normalize.min.max: no visible global function definition for
     ‘complete.cases’
    random.forest.importance: no visible global function definition for
     ‘complete.cases’
    supervised.discretization: no visible global function definition for
     ‘complete.cases’
    supervised.discretization: no visible binding for global variable
     ‘na.pass’
    Undefined global functions or variables:
     aggregate as.formula combn complete.cases cor model.frame na.pass sd
    Consider adding
     importFrom("stats", "aggregate", "as.formula", "complete.cases", "cor",
     "model.frame", "na.pass", "sd")
     importFrom("utils", "combn")
    to your NAMESPACE file.
Flavors: r-devel-linux-x86_64-debian-gcc, r-devel-linux-x86_64-fedora-clang, r-devel-linux-x86_64-fedora-gcc, r-devel-osx-x86_64-clang, r-devel-windows-ix86+x86_64, r-patched-linux-x86_64

Version: 0.20
Flags: --no-examples
Check: R code for possible problems
Result: NOTE
    as.simple.formula: no visible global function definition for
     ‘as.formula’
    cfs : cont_correlation: no visible global function definition for
     ‘complete.cases’
    cfs : cont_correlation: no visible global function definition for ‘sd’
    cfs : cont_correlation: no visible global function definition for ‘cor’
    cfs : cont_correlation : <anonymous>: no visible global function
     definition for ‘complete.cases’
    cfs : cont_correlation : <anonymous> : <anonymous>: no visible global
     function definition for ‘complete.cases’
    cfs : cont_correlation : <anonymous> : <anonymous>: no visible global
     function definition for ‘sd’
    cfs : cont_correlation : <anonymous> : <anonymous>: no visible global
     function definition for ‘cor’
    cfs : cont_correlation : <anonymous>: no visible global function
     definition for ‘sd’
    cfs : cont_correlation : <anonymous>: no visible global function
     definition for ‘cor’
    consistency : evaluator: no visible global function definition for
     ‘aggregate’
    correlation.body: no visible global function definition for
     ‘complete.cases’
    correlation.body : <anonymous>: no visible global function definition
     for ‘complete.cases’
    correlation.body : <anonymous>: no visible global function definition
     for ‘sd’
    correlation.body : <anonymous>: no visible global function definition
     for ‘cor’
    equal.frequency.binning.discretization: no visible global function
     definition for ‘complete.cases’
    exhaustive.search: no visible global function definition for ‘combn’
    get.data.frame.from.formula: no visible global function definition for
     ‘model.frame’
    normalize.min.max: no visible global function definition for
     ‘complete.cases’
    random.forest.importance: no visible global function definition for
     ‘complete.cases’
    supervised.discretization: no visible global function definition for
     ‘complete.cases’
    supervised.discretization: no visible binding for global variable
     ‘na.pass’
    Undefined global functions or variables:
     aggregate as.formula combn complete.cases cor model.frame na.pass sd
    Consider adding
     importFrom("stats", "aggregate", "as.formula", "complete.cases", "cor",
     "model.frame", "na.pass", "sd")
     importFrom("utils", "combn")
    to your NAMESPACE file.
Flavors: r-patched-solaris-sparc, r-patched-solaris-x86