CRAN Package Check Results for Package FSelector

Last updated on 2014-10-21 05:47:58.

Flavor Version Tinstall Tcheck Ttotal Status Flags
r-devel-linux-x86_64-debian-clang 0.19 1.99 33.55 35.54 NOTE
r-devel-linux-x86_64-debian-gcc 0.19 1.95 32.44 34.38 NOTE
r-devel-linux-x86_64-fedora-clang 0.19 73.32 NOTE
r-devel-linux-x86_64-fedora-gcc 0.19 68.12 NOTE
r-devel-osx-x86_64-clang 0.19 69.48 NOTE
r-devel-windows-ix86+x86_64 0.19 6.00 45.00 51.00 NOTE
r-patched-linux-x86_64 0.19 2.01 33.87 35.88 NOTE
r-patched-solaris-sparc 0.19 319.50 NOTE --no-examples
r-patched-solaris-x86 0.19 70.70 NOTE --no-examples
r-release-linux-ix86 0.19 2.59 46.26 48.85 NOTE
r-release-linux-x86_64 0.19 2.08 34.83 36.91 NOTE
r-release-osx-x86_64-mavericks 0.19 NOTE
r-release-windows-ix86+x86_64 0.19 7.00 51.00 58.00 NOTE
r-oldrel-windows-ix86+x86_64 0.19 7.00 46.00 53.00 NOTE

Check Details

Version: 0.19
Check: top-level files
Result: NOTE
    File
     LICENSE
    is not mentioned in the DESCRIPTION file.
Flavors: r-devel-linux-x86_64-debian-clang, r-devel-linux-x86_64-debian-gcc, r-devel-linux-x86_64-fedora-clang, r-devel-linux-x86_64-fedora-gcc, r-devel-osx-x86_64-clang, r-devel-windows-ix86+x86_64, r-patched-linux-x86_64, r-release-linux-ix86, r-release-linux-x86_64, r-release-osx-x86_64-mavericks, r-release-windows-ix86+x86_64, r-oldrel-windows-ix86+x86_64

Version: 0.19
Flags: --no-examples
Check: top-level files
Result: NOTE
    File
     LICENSE
    is not mentioned in the DESCRIPTION file.
Flavors: r-patched-solaris-sparc, r-patched-solaris-x86