CRAN Package Check Results for Package FSelector

Last updated on 2016-07-24 15:46:40.

Flavor Version Tinstall Tcheck Ttotal Status Flags
r-devel-linux-x86_64-debian-clang 0.21 1.98 28.58 30.57 OK
r-devel-linux-x86_64-debian-gcc 0.21 1.86 30.02 31.88 OK
r-devel-linux-x86_64-fedora-clang 0.21 44.56 OK
r-devel-linux-x86_64-fedora-gcc 0.21 41.51 OK
r-devel-osx-x86_64-clang 0.21 39.18 OK
r-devel-windows-ix86+x86_64 0.21 4.00 48.00 52.00 OK
r-patched-linux-x86_64 0.21 1.69 28.66 30.35 OK
r-patched-solaris-sparc 0.21 223.30 OK --no-examples
r-patched-solaris-x86 0.21 47.10 OK --no-examples
r-release-linux-x86_64 0.21 1.85 29.60 31.45 OK
r-release-osx-x86_64-mavericks 0.21 ERROR
r-release-windows-ix86+x86_64 0.21 4.00 67.00 71.00 OK
r-oldrel-windows-ix86+x86_64 0.21 8.00 49.00 57.00 OK

Check Details

Version: 0.21
Check: examples
Result: ERROR
    Running examples in ‘FSelector-Ex.R’ failed
    The error most likely occurred in:
    
    > ### Name: as.simple.formula
    > ### Title: Converting to formulas
    > ### Aliases: as.simple.formula
    >
    > ### ** Examples
    >
    > data(iris)
    > result <- cfs(Species ~ ., iris)
    Error in .jnew("weka/core/Attribute", attname[i], .jcast(levels, "java/util/List")) :
     java.lang.UnsupportedClassVersionError: weka/core/Attribute : Unsupported major.minor version 51.0
    Calls: cfs ... read_model_frame_into_Weka -> read_data_into_Weka -> .jnew -> .External
    Execution halted
Flavor: r-release-osx-x86_64-mavericks