CRAN Package Check Results for Package FSelector

Last updated on 2016-08-24 23:48:28.

Flavor Version Tinstall Tcheck Ttotal Status Flags
r-devel-linux-x86_64-debian-clang 0.21 1.35 22.96 24.30 OK
r-devel-linux-x86_64-debian-gcc 0.21 1.60 22.72 24.32 OK
r-devel-linux-x86_64-fedora-clang 0.21 44.15 OK
r-devel-linux-x86_64-fedora-gcc 0.21 42.78 OK
r-devel-osx-x86_64-clang 0.21 38.97 OK
r-devel-windows-ix86+x86_64 0.21 7.00 45.00 52.00 OK
r-patched-linux-x86_64 0.21 1.36 22.36 23.72 OK
r-patched-solaris-sparc 0.21 223.30 OK --no-examples
r-patched-solaris-x86 0.21 47.70 OK --no-examples
r-release-linux-x86_64 0.21 1.47 22.88 24.35 OK
r-release-osx-x86_64-mavericks 0.21 ERROR
r-release-windows-ix86+x86_64 0.21 6.00 43.00 49.00 OK
r-oldrel-windows-ix86+x86_64 0.21 5.00 42.00 47.00 OK

Check Details

Version: 0.21
Check: examples
Result: ERROR
    Running examples in ‘FSelector-Ex.R’ failed
    The error most likely occurred in:
    
    > ### Name: as.simple.formula
    > ### Title: Converting to formulas
    > ### Aliases: as.simple.formula
    >
    > ### ** Examples
    >
    > data(iris)
    > result <- cfs(Species ~ ., iris)
    Error in .jnew("weka/core/Attribute", attname[i], .jcast(levels, "java/util/List")) :
     java.lang.UnsupportedClassVersionError: weka/core/Attribute : Unsupported major.minor version 51.0
    Calls: cfs ... read_model_frame_into_Weka -> read_data_into_Weka -> .jnew -> .External
    Execution halted
Flavor: r-release-osx-x86_64-mavericks