CRAN Package Check Results for Package FSelector

Last updated on 2017-01-22 17:47:14.

Flavor Version Tinstall Tcheck Ttotal Status Flags
r-devel-linux-x86_64-debian-clang 0.21 1.56 27.18 28.74 OK
r-devel-linux-x86_64-debian-gcc 0.21 1.64 27.04 28.68 OK
r-devel-linux-x86_64-fedora-clang 0.21 54.32 OK --no-stop-on-test-error
r-devel-linux-x86_64-fedora-gcc 0.21 52.69 OK --no-stop-on-test-error
r-devel-macos-x86_64-clang 0.21 41.34 OK --no-stop-on-test-error
r-devel-windows-ix86+x86_64 0.21 5.00 55.00 60.00 OK
r-patched-linux-x86_64 0.21 1.49 23.19 24.68 OK
r-patched-solaris-sparc 0.21 230.60 OK --no-examples
r-patched-solaris-x86 0.21 48.50 OK --no-examples
r-release-linux-x86_64 0.21 1.49 23.73 25.22 OK
r-release-osx-x86_64-mavericks 0.21 ERROR
r-release-windows-ix86+x86_64 0.21 11.00 49.00 60.00 OK
r-oldrel-windows-ix86+x86_64 0.21 12.00 99.00 111.00 OK

Check Details

Version: 0.21
Check: examples
Result: ERROR
    Running examples in ‘FSelector-Ex.R’ failed
    The error most likely occurred in:
    
    > ### Name: as.simple.formula
    > ### Title: Converting to formulas
    > ### Aliases: as.simple.formula
    >
    > ### ** Examples
    >
    > data(iris)
    > result <- cfs(Species ~ ., iris)
    Error in .jnew("weka/core/Attribute", attname[i], .jcast(levels, "java/util/List")) :
     java.lang.UnsupportedClassVersionError: weka/core/Attribute : Unsupported major.minor version 51.0
    Calls: cfs ... read_model_frame_into_Weka -> read_data_into_Weka -> .jnew -> .External
    Execution halted
Flavor: r-release-osx-x86_64-mavericks