CRAN Package Check Results for Package FSelector

Last updated on 2014-07-29 13:46:57.

Flavor Version Tinstall Tcheck Ttotal Status Flags
r-devel-linux-x86_64-debian-clang 0.19 2.04 34.24 36.28 NOTE
r-devel-linux-x86_64-debian-gcc 0.19 2.11 34.46 36.58 NOTE
r-devel-linux-x86_64-fedora-clang 0.19 75.52 NOTE
r-devel-linux-x86_64-fedora-gcc 0.19 71.26 NOTE
r-devel-osx-x86_64-clang 0.19 63.37 NOTE
r-devel-windows-ix86+x86_64 0.19 6.00 49.00 55.00 NOTE
r-patched-linux-x86_64 0.19 2.05 33.55 35.60 NOTE
r-patched-solaris-sparc 0.19 282.50 NOTE --no-examples
r-patched-solaris-x86 0.19 74.90 NOTE --no-examples
r-release-linux-ix86 0.19 2.46 42.66 45.11 NOTE
r-release-linux-x86_64 0.19 2.22 34.06 36.27 NOTE
r-release-osx-x86_64-mavericks 0.19 NOTE
r-release-windows-ix86+x86_64 0.19 6.00 52.00 58.00 NOTE
r-oldrel-windows-ix86+x86_64 0.19 6.00 50.00 56.00 NOTE

Check Details

Version: 0.19
Check: top-level files
Result: NOTE
    File
     LICENSE
    is not mentioned in the DESCRIPTION file.
Flavors: r-devel-linux-x86_64-debian-clang, r-devel-linux-x86_64-debian-gcc, r-devel-linux-x86_64-fedora-clang, r-devel-linux-x86_64-fedora-gcc, r-devel-osx-x86_64-clang, r-devel-windows-ix86+x86_64, r-patched-linux-x86_64, r-release-linux-ix86, r-release-linux-x86_64, r-release-osx-x86_64-mavericks, r-release-windows-ix86+x86_64, r-oldrel-windows-ix86+x86_64

Version: 0.19
Flags: --no-examples
Check: top-level files
Result: NOTE
    File
     LICENSE
    is not mentioned in the DESCRIPTION file.
Flavors: r-patched-solaris-sparc, r-patched-solaris-x86