CRAN Package Check Results for Package FSelector

Last updated on 2014-09-22 19:48:27.

Flavor Version Tinstall Tcheck Ttotal Status Flags
r-devel-linux-x86_64-debian-clang 0.19 1.99 33.20 35.18 NOTE
r-devel-linux-x86_64-debian-gcc 0.19 1.94 32.61 34.55 NOTE
r-devel-linux-x86_64-fedora-clang 0.19 72.47 NOTE
r-devel-linux-x86_64-fedora-gcc 0.19 75.09 NOTE
r-devel-osx-x86_64-clang 0.19 62.76 NOTE
r-devel-windows-ix86+x86_64 0.19 7.00 48.00 55.00 NOTE
r-patched-linux-x86_64 0.19 2.07 34.88 36.94 NOTE
r-patched-solaris-sparc 0.19 319.50 NOTE --no-examples
r-patched-solaris-x86 0.19 78.70 NOTE --no-examples
r-release-linux-ix86 0.19 2.54 43.06 45.60 NOTE
r-release-linux-x86_64 0.19 2.07 34.81 36.88 NOTE
r-release-osx-x86_64-mavericks 0.19 NOTE
r-release-windows-ix86+x86_64 0.19 6.00 55.00 61.00 NOTE
r-oldrel-windows-ix86+x86_64 0.19 6.00 50.00 56.00 NOTE

Check Details

Version: 0.19
Check: top-level files
Result: NOTE
    File
     LICENSE
    is not mentioned in the DESCRIPTION file.
Flavors: r-devel-linux-x86_64-debian-clang, r-devel-linux-x86_64-debian-gcc, r-devel-linux-x86_64-fedora-clang, r-devel-linux-x86_64-fedora-gcc, r-devel-osx-x86_64-clang, r-devel-windows-ix86+x86_64, r-patched-linux-x86_64, r-release-linux-ix86, r-release-linux-x86_64, r-release-osx-x86_64-mavericks, r-release-windows-ix86+x86_64, r-oldrel-windows-ix86+x86_64

Version: 0.19
Flags: --no-examples
Check: top-level files
Result: NOTE
    File
     LICENSE
    is not mentioned in the DESCRIPTION file.
Flavors: r-patched-solaris-sparc, r-patched-solaris-x86