CRAN Package Check Results for Package FSelector

Last updated on 2017-12-18 21:11:03 CET.

Flavor Version Tinstall Tcheck Ttotal Status Flags
r-devel-linux-x86_64-debian-clang 0.21 5.50 75.05 80.55 OK
r-devel-linux-x86_64-debian-gcc 0.21 4.44 61.60 66.04 OK
r-devel-linux-x86_64-fedora-clang 0.21 98.82 OK
r-devel-linux-x86_64-fedora-gcc 0.21 98.68 OK
r-devel-windows-ix86+x86_64 0.21 7.00 65.00 72.00 OK
r-patched-linux-x86_64 0.21 5.91 80.70 86.61 OK
r-patched-solaris-x86 0.21 86.10 OK
r-release-linux-x86_64 0.21 5.55 79.23 84.78 OK
r-release-windows-ix86+x86_64 0.21 8.00 66.00 74.00 OK
r-release-osx-x86_64 0.21 OK
r-oldrel-windows-ix86+x86_64 0.21 9.00 59.00 68.00 OK
r-oldrel-osx-x86_64 0.21 ERROR

Check Details

Version: 0.21
Check: examples
Result: ERROR
    Running examples in ‘FSelector-Ex.R’ failed
    The error most likely occurred in:
    
    > ### Name: as.simple.formula
    > ### Title: Converting to formulas
    > ### Aliases: as.simple.formula
    >
    > ### ** Examples
    >
    > data(iris)
    > result <- cfs(Species ~ ., iris)
    Error in .jnew("weka/core/Attribute", attname[i], .jcast(levels, "java/util/List")) :
     java.lang.UnsupportedClassVersionError: weka/core/Attribute : Unsupported major.minor version 51.0
    Calls: cfs ... read_model_frame_into_Weka -> read_data_into_Weka -> .jnew -> .External
    Execution halted
Flavor: r-oldrel-osx-x86_64