CRAN Package Check Results for Package FSelector

Last updated on 2015-09-02 03:48:25.

Flavor Version Tinstall Tcheck Ttotal Status Flags
r-devel-linux-x86_64-debian-clang 0.20 1.47 22.62 24.09 NOTE
r-devel-linux-x86_64-debian-gcc 0.20 1.41 21.46 22.87 NOTE
r-devel-linux-x86_64-fedora-clang 0.20 48.43 NOTE
r-devel-linux-x86_64-fedora-gcc 0.20 44.51 NOTE
r-devel-osx-x86_64-clang 0.20 43.12 OK
r-devel-windows-ix86+x86_64 0.20 7.00 44.00 51.00 NOTE
r-patched-linux-x86_64 0.20 1.57 22.30 23.87 OK
r-patched-solaris-sparc 0.20 255.30 OK --no-examples
r-patched-solaris-x86 0.20 68.80 OK --no-examples
r-release-linux-x86_64 0.20 1.42 23.92 25.34 OK
r-release-osx-x86_64-mavericks 0.20 OK
r-release-windows-ix86+x86_64 0.20 6.00 36.00 42.00 OK
r-oldrel-windows-ix86+x86_64 0.20 10.00 53.00 63.00 OK

Check Details

Version: 0.20
Check: R code for possible problems
Result: NOTE
    as.simple.formula: no visible global function definition for
     ‘as.formula’
    cfs : cont_correlation: no visible global function definition for
     ‘complete.cases’
    cfs : cont_correlation: no visible global function definition for ‘sd’
    cfs : cont_correlation: no visible global function definition for ‘cor’
    cfs : cont_correlation : <anonymous>: no visible global function
     definition for ‘complete.cases’
    cfs : cont_correlation : <anonymous> : <anonymous>: no visible global
     function definition for ‘complete.cases’
    cfs : cont_correlation : <anonymous> : <anonymous>: no visible global
     function definition for ‘sd’
    cfs : cont_correlation : <anonymous> : <anonymous>: no visible global
     function definition for ‘cor’
    cfs : cont_correlation : <anonymous>: no visible global function
     definition for ‘sd’
    cfs : cont_correlation : <anonymous>: no visible global function
     definition for ‘cor’
    consistency : evaluator: no visible global function definition for
     ‘aggregate’
    correlation.body: no visible global function definition for
     ‘complete.cases’
    correlation.body : <anonymous>: no visible global function definition
     for ‘complete.cases’
    correlation.body : <anonymous>: no visible global function definition
     for ‘sd’
    correlation.body : <anonymous>: no visible global function definition
     for ‘cor’
    equal.frequency.binning.discretization: no visible global function
     definition for ‘complete.cases’
    exhaustive.search: no visible global function definition for ‘combn’
    get.data.frame.from.formula: no visible global function definition for
     ‘model.frame’
    normalize.min.max: no visible global function definition for
     ‘complete.cases’
    random.forest.importance: no visible global function definition for
     ‘complete.cases’
    supervised.discretization: no visible global function definition for
     ‘complete.cases’
    supervised.discretization: no visible binding for global variable
     ‘na.pass’
    Undefined global functions or variables:
     aggregate as.formula combn complete.cases cor model.frame na.pass sd
    Consider adding
     importFrom("stats", "aggregate", "as.formula", "complete.cases", "cor",
     "model.frame", "na.pass", "sd")
     importFrom("utils", "combn")
    to your NAMESPACE.
Flavors: r-devel-linux-x86_64-debian-clang, r-devel-linux-x86_64-debian-gcc, r-devel-linux-x86_64-fedora-clang, r-devel-linux-x86_64-fedora-gcc, r-devel-windows-ix86+x86_64