CRAN Package Check Results for Package FSelector

Last updated on 2017-04-28 17:47:34.

Flavor Version Tinstall Tcheck Ttotal Status Flags
r-devel-linux-x86_64-debian-clang 0.21 2.67 38.43 41.10 OK
r-devel-linux-x86_64-debian-gcc 0.21 2.86 38.01 40.87 OK
r-devel-linux-x86_64-fedora-clang 0.21 100.15 OK --no-stop-on-test-error
r-devel-linux-x86_64-fedora-gcc 0.21 97.32 OK --no-stop-on-test-error
r-devel-windows-ix86+x86_64 0.21 9.00 87.00 96.00 OK
r-patched-linux-x86_64 0.21 2.87 37.49 40.36 OK
r-patched-solaris-sparc 0.21 256.90 OK --no-examples
r-patched-solaris-x86 0.21 85.70 OK --no-examples
r-release-linux-x86_64 0.21 2.68 37.79 40.47 OK
r-release-windows-ix86+x86_64 0.21 11.00 87.00 98.00 OK
r-release-osx-x86_64 0.21 OK
r-oldrel-windows-ix86+x86_64 0.21 10.00 81.00 91.00 OK
r-oldrel-osx-x86_64 0.21 ERROR

Check Details

Version: 0.21
Check: examples
Result: ERROR
    Running examples in ‘FSelector-Ex.R’ failed
    The error most likely occurred in:
    
    > ### Name: as.simple.formula
    > ### Title: Converting to formulas
    > ### Aliases: as.simple.formula
    >
    > ### ** Examples
    >
    > data(iris)
    > result <- cfs(Species ~ ., iris)
    Error in .jnew("weka/core/Attribute", attname[i], .jcast(levels, "java/util/List")) :
     java.lang.UnsupportedClassVersionError: weka/core/Attribute : Unsupported major.minor version 51.0
    Calls: cfs ... read_model_frame_into_Weka -> read_data_into_Weka -> .jnew -> .External
    Execution halted
Flavor: r-oldrel-osx-x86_64