CRAN Package Check Results for Package FSelector

Last updated on 2016-12-09 17:53:57.

Flavor Version Tinstall Tcheck Ttotal Status Flags
r-devel-linux-x86_64-debian-clang 0.21 1.71 27.00 28.71 OK
r-devel-linux-x86_64-debian-gcc 0.21 1.72 26.33 28.06 OK
r-devel-linux-x86_64-fedora-clang 0.21 53.30 OK --no-stop-on-test-error
r-devel-linux-x86_64-fedora-gcc 0.21 52.97 OK --no-stop-on-test-error
r-devel-macos-x86_64-clang 0.21 43.20 OK --no-stop-on-test-error
r-devel-windows-ix86+x86_64 0.21 5.00 75.00 80.00 OK
r-patched-linux-x86_64 0.21 1.33 23.27 24.60 OK
r-patched-solaris-sparc 0.21 223.30 OK --no-examples
r-patched-solaris-x86 0.21 47.40 OK --no-examples
r-release-linux-x86_64 0.21 1.40 22.36 23.76 OK
r-release-osx-x86_64-mavericks 0.21 ERROR
r-release-windows-ix86+x86_64 0.21 5.00 42.00 47.00 OK
r-oldrel-windows-ix86+x86_64 0.21 8.00 41.00 49.00 OK

Check Details

Version: 0.21
Check: examples
Result: ERROR
    Running examples in ‘FSelector-Ex.R’ failed
    The error most likely occurred in:
    
    > ### Name: as.simple.formula
    > ### Title: Converting to formulas
    > ### Aliases: as.simple.formula
    >
    > ### ** Examples
    >
    > data(iris)
    > result <- cfs(Species ~ ., iris)
    Error in .jnew("weka/core/Attribute", attname[i], .jcast(levels, "java/util/List")) :
     java.lang.UnsupportedClassVersionError: weka/core/Attribute : Unsupported major.minor version 51.0
    Calls: cfs ... read_model_frame_into_Weka -> read_data_into_Weka -> .jnew -> .External
    Execution halted
Flavor: r-release-osx-x86_64-mavericks