CRAN Package Check Results for Package FSelector

Last updated on 2016-09-29 17:50:18.

Flavor Version Tinstall Tcheck Ttotal Status Flags
r-devel-linux-x86_64-debian-clang 0.21 1.63 23.16 24.78 OK
r-devel-linux-x86_64-debian-gcc 0.21 1.48 22.43 23.91 OK
r-devel-linux-x86_64-fedora-clang 0.21 52.87 OK
r-devel-linux-x86_64-fedora-gcc 0.21 40.48 OK
r-devel-macos-x86_64-clang 0.21 36.23 OK
r-devel-windows-ix86+x86_64 0.21 5.00 65.00 70.00 OK
r-patched-linux-x86_64 0.21 1.39 23.35 24.74 OK
r-patched-solaris-sparc 0.21 223.30 OK --no-examples
r-patched-solaris-x86 0.21 46.90 OK --no-examples
r-release-linux-x86_64 0.21 1.48 23.98 25.47 OK
r-release-osx-x86_64-mavericks 0.21 ERROR
r-release-windows-ix86+x86_64 0.21 5.00 44.00 49.00 OK
r-oldrel-windows-ix86+x86_64 0.21 8.00 59.00 67.00 OK

Check Details

Version: 0.21
Check: examples
Result: ERROR
    Running examples in ‘FSelector-Ex.R’ failed
    The error most likely occurred in:
    
    > ### Name: as.simple.formula
    > ### Title: Converting to formulas
    > ### Aliases: as.simple.formula
    >
    > ### ** Examples
    >
    > data(iris)
    > result <- cfs(Species ~ ., iris)
    Error in .jnew("weka/core/Attribute", attname[i], .jcast(levels, "java/util/List")) :
     java.lang.UnsupportedClassVersionError: weka/core/Attribute : Unsupported major.minor version 51.0
    Calls: cfs ... read_model_frame_into_Weka -> read_data_into_Weka -> .jnew -> .External
    Execution halted
Flavor: r-release-osx-x86_64-mavericks