Last updated on 2022-08-13 22:49:59 CEST.
Flavor | Version | Tinstall | Tcheck | Ttotal | Status | Flags |
---|---|---|---|---|---|---|
r-devel-linux-x86_64-debian-clang | 0.3.8 | 105.76 | 73.98 | 179.74 | NOTE | |
r-devel-linux-x86_64-debian-gcc | 0.3.8 | 88.58 | 57.13 | 145.71 | NOTE | |
r-devel-linux-x86_64-fedora-clang | 0.3.8 | 268.27 | NOTE | |||
r-devel-linux-x86_64-fedora-gcc | 0.3.8 | 250.92 | NOTE | |||
r-devel-windows-x86_64 | 0.3.8 | 113.00 | 144.00 | 257.00 | NOTE | |
r-patched-linux-x86_64 | 0.3.8 | 84.83 | 71.69 | 156.52 | NOTE | |
r-release-linux-x86_64 | 0.3.8 | 70.80 | 72.22 | 143.02 | NOTE | |
r-release-macos-arm64 | 0.3.8 | 69.00 | NOTE | |||
r-release-macos-x86_64 | 0.3.8 | 124.00 | NOTE | |||
r-release-windows-x86_64 | 0.3.8 | 131.00 | 151.00 | 282.00 | NOTE | |
r-oldrel-macos-arm64 | 0.3.8 | 116.00 | NOTE | |||
r-oldrel-macos-x86_64 | 0.3.8 | 94.00 | NOTE | |||
r-oldrel-windows-ix86+x86_64 | 0.3.8 | 247.00 | 153.00 | 400.00 | NOTE |
Version: 0.3.8
Check: LazyData
Result: NOTE
'LazyData' is specified without a 'data' directory
Flavors: r-devel-linux-x86_64-debian-clang, r-devel-linux-x86_64-debian-gcc, r-devel-linux-x86_64-fedora-clang, r-devel-linux-x86_64-fedora-gcc, r-devel-windows-x86_64, r-patched-linux-x86_64, r-release-linux-x86_64, r-release-macos-arm64, r-release-macos-x86_64, r-release-windows-x86_64, r-oldrel-macos-arm64, r-oldrel-macos-x86_64, r-oldrel-windows-ix86+x86_64
Version: 0.3.8
Check: installed package size
Result: NOTE
installed size is 7.4Mb
sub-directories of 1Mb or more:
libs 6.9Mb
Flavors: r-devel-linux-x86_64-fedora-clang, r-release-macos-arm64, r-release-macos-x86_64, r-oldrel-macos-arm64, r-oldrel-macos-x86_64
Version: 0.3.8
Check: package dependencies
Result: NOTE
Package suggested but not available for checking: ‘RTCGA.rnaseq’
Flavors: r-release-macos-arm64, r-oldrel-macos-arm64, r-oldrel-macos-x86_64
Version: 0.3.8
Check: package dependencies
Result: NOTE
Packages suggested but not available for checking:
'RWeka', 'FSelector', 'RTCGA.rnaseq'
Flavor: r-release-macos-x86_64
Version: 0.3.8
Check: Rd cross-references
Result: NOTE
Package unavailable to check Rd xrefs: ‘FSelector’
Flavor: r-release-macos-x86_64