CRAN Package Check Results for Package FTICRMS

Last updated on 2014-09-02 22:47:38.

Flavor Version Tinstall Tcheck Ttotal Status Flags
r-devel-linux-x86_64-debian-clang 0.8 3.40 37.85 41.25 NOTE
r-devel-linux-x86_64-debian-gcc 0.8 3.32 37.03 40.35 NOTE
r-devel-linux-x86_64-fedora-clang 0.8 99.62 NOTE
r-devel-linux-x86_64-fedora-gcc 0.8 93.71 NOTE
r-devel-osx-x86_64-clang 0.8 80.13 NOTE
r-devel-windows-ix86+x86_64 0.8 9.00 54.00 63.00 NOTE
r-patched-linux-x86_64 0.8 3.52 38.15 41.67 NOTE
r-patched-solaris-sparc 0.8 549.30 NOTE
r-patched-solaris-x86 0.8 125.10 NOTE
r-release-linux-ix86 0.8 4.12 48.11 52.23 NOTE
r-release-linux-x86_64 0.8 3.38 39.09 42.47 NOTE
r-release-osx-x86_64-mavericks 0.8 NOTE
r-release-osx-x86_64-snowleopard 0.8 NOTE
r-release-windows-ix86+x86_64 0.8 8.00 56.00 64.00 NOTE
r-oldrel-windows-ix86+x86_64 0.8 9.00 53.00 62.00 NOTE

Check Details

Version: 0.8
Check: dependencies in R code
Result: NOTE
    'library' or 'require' calls to packages already attached by Depends:
     ‘Matrix’ ‘splines’
     Please remove these calls from your code.
    See the information on DESCRIPTION files in the chapter ‘Creating R
    packages’ of the ‘Writing R Extensions’ manual.
Flavors: r-devel-linux-x86_64-debian-clang, r-devel-linux-x86_64-debian-gcc, r-devel-linux-x86_64-fedora-clang, r-devel-linux-x86_64-fedora-gcc, r-devel-osx-x86_64-clang, r-devel-windows-ix86+x86_64, r-patched-linux-x86_64, r-patched-solaris-sparc, r-patched-solaris-x86, r-release-linux-ix86, r-release-linux-x86_64, r-release-osx-x86_64-mavericks, r-release-osx-x86_64-snowleopard, r-release-windows-ix86+x86_64, r-oldrel-windows-ix86+x86_64

Version: 0.8
Check: R code for possible problems
Result: NOTE
    .alignment: warning in lm(Y ~ X, dat = fr): partial argument match of
     'dat' to 'data'
    .alignment: warning in lm(as.formula(form), dat = fr): partial argument
     match of 'dat' to 'data'
    display.tests: no visible binding for global variable ‘parameter.list’
    display.tests: no visible binding for global variable ‘sigs’
    display.tests: no visible binding for global variable ‘clust.mat’
    display.tests : <anonymous>: no visible binding for global variable
     ‘clust.mat’
    display.tests : <anonymous>: no visible binding for global variable
     ‘parameter.list’
    run.analysis: no visible binding for global variable ‘centers’
    run.cluster.matrix: no visible binding for global variable ‘amps’
    run.cluster.matrix: no visible binding for global variable
     ‘clust.constant’
    run.cluster.matrix: no visible binding for global variable ‘spect.base’
    run.lrg.peaks: no visible binding for global variable ‘spect.base’
Flavors: r-devel-linux-x86_64-debian-clang, r-devel-linux-x86_64-debian-gcc, r-devel-linux-x86_64-fedora-clang, r-devel-linux-x86_64-fedora-gcc, r-devel-osx-x86_64-clang, r-devel-windows-ix86+x86_64, r-patched-linux-x86_64, r-patched-solaris-sparc, r-patched-solaris-x86, r-release-linux-ix86, r-release-linux-x86_64, r-release-osx-x86_64-mavericks, r-release-osx-x86_64-snowleopard, r-release-windows-ix86+x86_64, r-oldrel-windows-ix86+x86_64

Version: 0.8
Check: Rd files
Result: NOTE
    prepare_Rd: baseline.Rd:123: Dropping empty section \examples
    prepare_Rd: display.tests.Rd:43: Dropping empty section \references
    prepare_Rd: display.tests.Rd:57: Dropping empty section \examples
    prepare_Rd: extract.pars.Rd:114: Dropping empty section \examples
    prepare_Rd: locate.peaks.Rd:72: Dropping empty section \examples
    prepare_Rd: make.par.file.Rd:117: Dropping empty section \examples
    prepare_Rd: run.all.Rd:76: Dropping empty section \examples
    prepare_Rd: run.analysis.Rd:153: Dropping empty section \examples
    prepare_Rd: run.baselines.Rd:91: Dropping empty section \examples
    prepare_Rd: run.cluster.matrix.Rd:171: Dropping empty section \examples
    prepare_Rd: run.lrg.peaks.Rd:95: Dropping empty section \examples
    prepare_Rd: run.peaks.Rd:99: Dropping empty section \examples
    prepare_Rd: run.strong.peaks.Rd:115: Dropping empty section \examples
Flavors: r-devel-linux-x86_64-debian-clang, r-devel-linux-x86_64-debian-gcc, r-devel-linux-x86_64-fedora-clang, r-devel-linux-x86_64-fedora-gcc, r-devel-osx-x86_64-clang, r-devel-windows-ix86+x86_64, r-patched-linux-x86_64, r-patched-solaris-sparc, r-patched-solaris-x86, r-release-linux-ix86, r-release-linux-x86_64, r-release-osx-x86_64-mavericks, r-release-osx-x86_64-snowleopard, r-release-windows-ix86+x86_64, r-oldrel-windows-ix86+x86_64