CRAN Package Check Results for Package FTICRMS

Last updated on 2014-04-18 11:47:17.

Flavor Version Tinstall Tcheck Ttotal Status Flags
r-devel-linux-x86_64-debian-clang 0.8 3.58 40.05 43.64 NOTE
r-devel-linux-x86_64-debian-gcc NOTE
r-devel-linux-x86_64-fedora-clang 0.8 101.06 NOTE
r-devel-linux-x86_64-fedora-gcc 0.8 95.76 NOTE
r-devel-macosx-x86_64-clang 0.8 84.74 NOTE
r-devel-macosx-x86_64-gcc 0.8 NOTE
r-devel-windows-ix86+x86_64 0.8 10.00 55.00 65.00 NOTE
r-patched-linux-x86_64 0.8 3.67 39.44 43.11 NOTE
r-patched-solaris-sparc 0.8 532.60 NOTE
r-patched-solaris-x86 0.8 127.60 NOTE
r-release-linux-ix86 0.8 7.00 64.00 71.00 NOTE
r-release-linux-x86_64 0.8 3.50 39.63 43.13 NOTE
r-release-macosx-x86_64 0.8 NOTE
r-release-windows-ix86+x86_64 0.8 9.00 56.00 65.00 NOTE
r-oldrel-windows-ix86+x86_64 0.8 9.00 53.00 62.00 NOTE

Check Details

Version: 0.8
Check: dependencies in R code
Result: NOTE
    'library' or 'require' calls to packages already attached by Depends:
     ‘Matrix’ ‘splines’
     Please remove these calls from your code.
    See the information on DESCRIPTION files in the chapter ‘Creating R
    packages’ of the ‘Writing R Extensions’ manual.
Flavors: r-devel-linux-x86_64-debian-clang, r-devel-linux-x86_64-debian-gcc, r-devel-linux-x86_64-fedora-clang, r-devel-linux-x86_64-fedora-gcc, r-devel-macosx-x86_64-clang, r-devel-macosx-x86_64-gcc, r-devel-windows-ix86+x86_64, r-patched-linux-x86_64, r-patched-solaris-sparc, r-patched-solaris-x86, r-release-linux-ix86, r-release-linux-x86_64, r-release-macosx-x86_64, r-release-windows-ix86+x86_64, r-oldrel-windows-ix86+x86_64

Version: 0.8
Check: R code for possible problems
Result: NOTE
    .alignment: warning in lm(Y ~ X, dat = fr): partial argument match of
     'dat' to 'data'
    .alignment: warning in lm(as.formula(form), dat = fr): partial argument
     match of 'dat' to 'data'
    display.tests: no visible binding for global variable ‘parameter.list’
    display.tests: no visible binding for global variable ‘sigs’
    display.tests: no visible binding for global variable ‘clust.mat’
    display.tests : <anonymous>: no visible binding for global variable
     ‘clust.mat’
    display.tests : <anonymous>: no visible binding for global variable
     ‘parameter.list’
    run.analysis: no visible binding for global variable ‘centers’
    run.cluster.matrix: no visible binding for global variable ‘amps’
    run.cluster.matrix: no visible binding for global variable
     ‘clust.constant’
    run.cluster.matrix: no visible binding for global variable ‘spect.base’
    run.lrg.peaks: no visible binding for global variable ‘spect.base’
Flavors: r-devel-linux-x86_64-debian-clang, r-devel-linux-x86_64-debian-gcc, r-devel-linux-x86_64-fedora-clang, r-devel-linux-x86_64-fedora-gcc, r-devel-macosx-x86_64-clang, r-devel-macosx-x86_64-gcc, r-devel-windows-ix86+x86_64, r-patched-linux-x86_64, r-patched-solaris-sparc, r-patched-solaris-x86, r-release-linux-ix86, r-release-linux-x86_64, r-release-macosx-x86_64, r-release-windows-ix86+x86_64, r-oldrel-windows-ix86+x86_64

Version: 0.8
Check: Rd files
Result: NOTE
    prepare_Rd: baseline.Rd:123: Dropping empty section \examples
    prepare_Rd: display.tests.Rd:43: Dropping empty section \references
    prepare_Rd: display.tests.Rd:57: Dropping empty section \examples
    prepare_Rd: extract.pars.Rd:114: Dropping empty section \examples
    prepare_Rd: locate.peaks.Rd:72: Dropping empty section \examples
    prepare_Rd: make.par.file.Rd:117: Dropping empty section \examples
    prepare_Rd: run.all.Rd:76: Dropping empty section \examples
    prepare_Rd: run.analysis.Rd:153: Dropping empty section \examples
    prepare_Rd: run.baselines.Rd:91: Dropping empty section \examples
    prepare_Rd: run.cluster.matrix.Rd:171: Dropping empty section \examples
    prepare_Rd: run.lrg.peaks.Rd:95: Dropping empty section \examples
    prepare_Rd: run.peaks.Rd:99: Dropping empty section \examples
    prepare_Rd: run.strong.peaks.Rd:115: Dropping empty section \examples
Flavors: r-devel-linux-x86_64-debian-clang, r-devel-linux-x86_64-debian-gcc, r-devel-linux-x86_64-fedora-clang, r-devel-linux-x86_64-fedora-gcc, r-devel-macosx-x86_64-clang, r-devel-macosx-x86_64-gcc, r-devel-windows-ix86+x86_64, r-patched-linux-x86_64, r-patched-solaris-sparc, r-patched-solaris-x86, r-release-linux-ix86, r-release-linux-x86_64, r-release-macosx-x86_64, r-release-windows-ix86+x86_64, r-oldrel-windows-ix86+x86_64