CRAN Package Check Results for Package FWDselect

Last updated on 2015-08-01 19:48:15.

Flavor Version Tinstall Tcheck Ttotal Status Flags
r-devel-linux-x86_64-debian-clang 2.0 2.90 41.35 44.26 NOTE
r-devel-linux-x86_64-debian-gcc 2.0 2.88 41.58 44.46 NOTE
r-devel-linux-x86_64-fedora-clang 2.0 91.56 NOTE
r-devel-linux-x86_64-fedora-gcc 2.0 88.73 NOTE
r-devel-osx-x86_64-clang 2.0 72.43 OK
r-devel-windows-ix86+x86_64 2.0 13.00 61.00 74.00 NOTE
r-patched-linux-x86_64 2.0 2.94 40.79 43.73 OK
r-patched-solaris-sparc 2.0 561.70 OK
r-patched-solaris-x86 2.0 123.10 OK
r-release-linux-x86_64 2.0 2.71 41.96 44.68 OK
r-release-osx-x86_64-mavericks 2.0 OK
r-release-windows-ix86+x86_64 2.0 11.00 92.00 103.00 OK
r-oldrel-windows-ix86+x86_64 2.0 15.00 78.00 93.00 OK

Check Details

Version: 2.0
Check: R code for possible problems
Result: NOTE
    plot.qselection: no visible global function definition for ‘plot’
    plot.qselection: no visible global function definition for ‘axis’
    selection: no visible global function definition for ‘lm’
    selection: no visible global function definition for ‘glm’
    selection: no visible global function definition for ‘update’
    selection: no visible global function definition for ‘as.formula’
    selection : fwdstep: no visible global function definition for
     ‘as.formula’
    selection : fwdstep: no visible global function definition for ‘update’
    selection : fwdstep: no visible global function definition for ‘glm’
    selection : fwdstep: no visible global function definition for
     ‘deviance’
    selection : fwdstep2: no visible global function definition for
     ‘as.formula’
    selection : fwdstep2: no visible global function definition for
     ‘update’
    selection : fwdstep2: no visible global function definition for ‘glm’
    selection : fwdstep2: no visible global function definition for
     ‘deviance’
    selection: no visible global function definition for ‘deviance’
    selection: no visible global function definition for ‘predict’
    selection : cv : eachfold: no visible global function definition for
     ‘lm’
    selection : cv : eachfold: no visible global function definition for
     ‘glm’
    selection : cv : eachfold: no visible global function definition for
     ‘predict’
    selection : cv : eachfold: no visible global function definition for
     ‘var’
    test : Tvalue: no visible global function definition for ‘as.formula’
    test : Tvalue: no visible global function definition for ‘glm’
    test : Tvalue: no visible global function definition for ‘predict’
    test : funreplicate: no visible global function definition for ‘rbinom’
    test : funreplicatebinom: no visible global function definition for
     ‘rbinom’
    test : funreplicatepois: no visible global function definition for
     ‘rpois’
    Undefined global functions or variables:
     as.formula axis deviance glm lm plot predict rbinom rpois update var
    Consider adding
     importFrom("graphics", "axis", "plot")
     importFrom("stats", "as.formula", "deviance", "glm", "lm", "predict",
     "rbinom", "rpois", "update", "var")
    to your NAMESPACE.
Flavors: r-devel-linux-x86_64-debian-clang, r-devel-linux-x86_64-debian-gcc, r-devel-linux-x86_64-fedora-clang, r-devel-linux-x86_64-fedora-gcc, r-devel-windows-ix86+x86_64