CRAN Package Check Results for Package FWDselect

Last updated on 2014-11-23 03:47:59.

Flavor Version Tinstall Tcheck Ttotal Status Flags
r-devel-linux-x86_64-debian-clang 1.1 3.31 42.35 45.66 NOTE
r-devel-linux-x86_64-debian-gcc 1.1 3.18 40.49 43.66 NOTE
r-devel-linux-x86_64-fedora-clang 1.1 110.90 NOTE
r-devel-linux-x86_64-fedora-gcc 1.1 100.27 NOTE
r-devel-osx-x86_64-clang 1.1 86.67 NOTE
r-devel-windows-ix86+x86_64 1.1 9.00 58.00 67.00 NOTE
r-patched-linux-x86_64 1.1 3.45 42.89 46.34 NOTE
r-patched-solaris-sparc 1.1 552.00 NOTE
r-patched-solaris-x86 1.1 134.40 NOTE
r-release-linux-ix86 1.1 4.03 51.48 55.51 NOTE
r-release-linux-x86_64 1.1 3.46 43.36 46.82 NOTE
r-release-osx-x86_64-mavericks 1.1 NOTE
r-release-osx-x86_64-snowleopard 1.1 ERROR
r-release-windows-ix86+x86_64 1.1 12.00 64.00 76.00 NOTE
r-oldrel-windows-ix86+x86_64 1.1 9.00 62.00 71.00 NOTE

Check Details

Version: 1.1
Check: dependencies in R code
Result: NOTE
    Package in Depends field not imported from: ‘mgcv’
     These packages need to be imported from (in the NAMESPACE file)
     for when this namespace is loaded but not attached.
    See the information on DESCRIPTION files in the chapter ‘Creating R
    packages’ of the ‘Writing R Extensions’ manual.
Flavors: r-devel-linux-x86_64-debian-clang, r-devel-linux-x86_64-debian-gcc, r-devel-linux-x86_64-fedora-clang, r-devel-linux-x86_64-fedora-gcc, r-devel-osx-x86_64-clang, r-devel-windows-ix86+x86_64, r-patched-linux-x86_64, r-patched-solaris-sparc, r-patched-solaris-x86, r-release-linux-ix86, r-release-linux-x86_64, r-release-osx-x86_64-mavericks, r-release-windows-ix86+x86_64, r-oldrel-windows-ix86+x86_64

Version: 1.1
Check: R code for possible problems
Result: NOTE
    selection: no visible global function definition for ‘gam’
    test : Tvalue: no visible global function definition for ‘gam’
Flavors: r-devel-linux-x86_64-debian-clang, r-devel-linux-x86_64-debian-gcc, r-devel-linux-x86_64-fedora-clang, r-devel-linux-x86_64-fedora-gcc, r-devel-osx-x86_64-clang, r-devel-windows-ix86+x86_64, r-patched-linux-x86_64, r-patched-solaris-sparc, r-patched-solaris-x86, r-release-linux-ix86, r-release-linux-x86_64, r-release-windows-ix86+x86_64

Version: 1.1
Check: whether package can be installed
Result: ERROR
    Installation failed.
Flavor: r-release-osx-x86_64-snowleopard