CRAN Package Check Results for Package FWDselect

Last updated on 2015-07-03 16:47:19.

Flavor Version Tinstall Tcheck Ttotal Status Flags
r-devel-linux-x86_64-debian-clang 2.0 2.72 41.23 43.94 NOTE
r-devel-linux-x86_64-debian-gcc 2.0 2.78 39.83 42.62 NOTE
r-devel-linux-x86_64-fedora-clang 2.0 89.65 NOTE
r-devel-linux-x86_64-fedora-gcc 2.0 85.95 NOTE
r-devel-osx-x86_64-clang 2.0 78.71 OK
r-devel-windows-ix86+x86_64 2.0 8.00 58.00 66.00 NOTE
r-patched-linux-x86_64 2.0 2.75 40.60 43.35 OK
r-patched-solaris-sparc 2.0 549.20 OK
r-patched-solaris-x86 2.0 123.10 OK
r-release-linux-x86_64 2.0 3.36 40.89 44.25 OK
r-release-osx-x86_64-mavericks 2.0 OK
r-release-windows-ix86+x86_64 2.0 10.00 56.00 66.00 OK
r-oldrel-windows-ix86+x86_64 2.0 9.00 80.00 89.00 OK

Check Details

Version: 2.0
Check: R code for possible problems
Result: NOTE
    plot.qselection: no visible global function definition for ‘plot’
    plot.qselection: no visible global function definition for ‘axis’
    selection: no visible global function definition for ‘lm’
    selection: no visible global function definition for ‘glm’
    selection: no visible global function definition for ‘update’
    selection: no visible global function definition for ‘as.formula’
    selection : fwdstep: no visible global function definition for
     ‘as.formula’
    selection : fwdstep: no visible global function definition for ‘update’
    selection : fwdstep: no visible global function definition for ‘glm’
    selection : fwdstep: no visible global function definition for
     ‘deviance’
    selection : fwdstep2: no visible global function definition for
     ‘as.formula’
    selection : fwdstep2: no visible global function definition for
     ‘update’
    selection : fwdstep2: no visible global function definition for ‘glm’
    selection : fwdstep2: no visible global function definition for
     ‘deviance’
    selection: no visible global function definition for ‘deviance’
    selection: no visible global function definition for ‘predict’
    selection : cv : eachfold: no visible global function definition for
     ‘lm’
    selection : cv : eachfold: no visible global function definition for
     ‘glm’
    selection : cv : eachfold: no visible global function definition for
     ‘predict’
    selection : cv : eachfold: no visible global function definition for
     ‘var’
    test : Tvalue: no visible global function definition for ‘as.formula’
    test : Tvalue: no visible global function definition for ‘glm’
    test : Tvalue: no visible global function definition for ‘predict’
    test : funreplicate: no visible global function definition for ‘rbinom’
    test : funreplicatebinom: no visible global function definition for
     ‘rbinom’
    test : funreplicatepois: no visible global function definition for
     ‘rpois’
    Undefined global functions or variables:
     as.formula axis deviance glm lm plot predict rbinom rpois update var
Flavors: r-devel-linux-x86_64-debian-clang, r-devel-linux-x86_64-debian-gcc, r-devel-linux-x86_64-fedora-clang, r-devel-linux-x86_64-fedora-gcc, r-devel-windows-ix86+x86_64