CRAN Package Check Results for Package FWDselect

Last updated on 2015-04-01 19:48:24.

Flavor Version Tinstall Tcheck Ttotal Status Flags
r-devel-linux-x86_64-debian-clang 1.1 2.96 34.62 37.58 NOTE
r-devel-linux-x86_64-debian-gcc 1.1 2.57 34.44 37.01 NOTE
r-devel-linux-x86_64-fedora-clang 1.1 78.93 NOTE
r-devel-linux-x86_64-fedora-gcc 1.1 74.56 NOTE
r-devel-osx-x86_64-clang 1.1 72.32 NOTE
r-prerel-windows-ix86+x86_64 1.1 7.00 51.00 58.00 NOTE
r-prerel-linux-x86_64 1.1 3.18 34.36 37.54 NOTE
r-prerel-solaris-sparc 1.1 464.30 NOTE
r-prerel-solaris-x86 1.1 104.20 NOTE
r-release-linux-x86_64 1.1 3.66 42.03 45.68 NOTE
r-release-osx-x86_64-mavericks 1.1 NOTE
r-release-osx-x86_64-snowleopard 1.1 ERROR
r-release-windows-ix86+x86_64 1.1 9.00 3.00 12.00 ERROR
r-oldrel-windows-ix86+x86_64 1.1 2.00 3.00 5.00 ERROR

Check Details

Version: 1.1
Check: dependencies in R code
Result: NOTE
    Package in Depends field not imported from: ‘mgcv’
     These packages need to be imported from (in the NAMESPACE file)
     for when this namespace is loaded but not attached.
Flavors: r-devel-linux-x86_64-debian-clang, r-devel-linux-x86_64-debian-gcc, r-devel-linux-x86_64-fedora-clang, r-devel-linux-x86_64-fedora-gcc, r-devel-osx-x86_64-clang, r-prerel-windows-ix86+x86_64, r-prerel-linux-x86_64, r-prerel-solaris-sparc, r-prerel-solaris-x86, r-release-linux-x86_64

Version: 1.1
Check: R code for possible problems
Result: NOTE
    selection: no visible global function definition for ‘gam’
    test : Tvalue: no visible global function definition for ‘gam’
Flavors: r-devel-linux-x86_64-debian-clang, r-devel-linux-x86_64-debian-gcc, r-devel-linux-x86_64-fedora-clang, r-devel-linux-x86_64-fedora-gcc, r-devel-osx-x86_64-clang, r-prerel-windows-ix86+x86_64, r-prerel-linux-x86_64, r-prerel-solaris-sparc, r-prerel-solaris-x86, r-release-linux-x86_64, r-release-osx-x86_64-mavericks

Version: 1.1
Check: dependencies in R code
Result: NOTE
    Package in Depends field not imported from: ‘mgcv’
     These packages need to be imported from (in the NAMESPACE file)
     for when this namespace is loaded but not attached.
    See the information on DESCRIPTION files in the chapter ‘Creating R
    packages’ of the ‘Writing R Extensions’ manual.
Flavor: r-release-osx-x86_64-mavericks

Version: 1.1
Check: whether package can be installed
Result: ERROR
    Installation failed.
Flavors: r-release-osx-x86_64-snowleopard, r-release-windows-ix86+x86_64, r-oldrel-windows-ix86+x86_64