CRAN Package Check Results for Package FWDselect

Last updated on 2014-09-15 05:48:09.

Flavor Version Tinstall Tcheck Ttotal Status Flags
r-devel-linux-x86_64-debian-clang 1.1 3.33 41.15 44.48 NOTE
r-devel-linux-x86_64-debian-gcc 1.1 3.26 40.17 43.43 NOTE
r-devel-linux-x86_64-fedora-clang 1.1 104.78 NOTE
r-devel-linux-x86_64-fedora-gcc 1.1 134.24 NOTE
r-devel-osx-x86_64-clang 1.1 79.68 NOTE
r-devel-windows-ix86+x86_64 1.1 8.00 56.00 64.00 NOTE
r-patched-linux-x86_64 1.1 3.48 43.48 46.96 NOTE
r-patched-solaris-sparc 1.1 578.10 NOTE
r-patched-solaris-x86 1.1 135.90 NOTE
r-release-linux-ix86 1.1 4.17 54.64 58.81 NOTE
r-release-linux-x86_64 1.1 3.49 43.50 47.00 NOTE
r-release-osx-x86_64-mavericks 1.1 NOTE
r-release-osx-x86_64-snowleopard 1.1 ERROR
r-release-windows-ix86+x86_64 1.1 11.00 65.00 76.00 NOTE
r-oldrel-windows-ix86+x86_64 1.1 11.00 60.00 71.00 NOTE

Check Details

Version: 1.1
Check: dependencies in R code
Result: NOTE
    Package in Depends field not imported from: ‘mgcv’
     These packages need to be imported from (in the NAMESPACE file)
     for when this namespace is loaded but not attached.
    See the information on DESCRIPTION files in the chapter ‘Creating R
    packages’ of the ‘Writing R Extensions’ manual.
Flavors: r-devel-linux-x86_64-debian-clang, r-devel-linux-x86_64-debian-gcc, r-devel-linux-x86_64-fedora-clang, r-devel-linux-x86_64-fedora-gcc, r-devel-osx-x86_64-clang, r-devel-windows-ix86+x86_64, r-patched-linux-x86_64, r-patched-solaris-sparc, r-patched-solaris-x86, r-release-linux-ix86, r-release-linux-x86_64, r-release-osx-x86_64-mavericks, r-release-windows-ix86+x86_64, r-oldrel-windows-ix86+x86_64

Version: 1.1
Check: R code for possible problems
Result: NOTE
    selection: no visible global function definition for ‘gam’
    test : Tvalue: no visible global function definition for ‘gam’
Flavors: r-devel-linux-x86_64-debian-clang, r-devel-linux-x86_64-debian-gcc, r-devel-linux-x86_64-fedora-clang, r-devel-linux-x86_64-fedora-gcc, r-devel-osx-x86_64-clang, r-devel-windows-ix86+x86_64

Version: 1.1
Check: whether package can be installed
Result: ERROR
    Installation failed.
Flavor: r-release-osx-x86_64-snowleopard