CRAN Package Check Results for Package FWDselect

Last updated on 2014-07-26 19:50:21.

Flavor Version Tinstall Tcheck Ttotal Status Flags
r-devel-linux-x86_64-debian-clang 1.1 3.44 43.33 46.77 NOTE
r-devel-linux-x86_64-debian-gcc 1.1 3.36 45.68 49.03 NOTE
r-devel-linux-x86_64-fedora-clang 1.1 110.31 NOTE
r-devel-linux-x86_64-fedora-gcc 1.1 104.99 NOTE
r-devel-osx-x86_64-clang 1.1 85.72 NOTE
r-devel-windows-ix86+x86_64 1.1 8.00 62.00 70.00 NOTE
r-patched-linux-x86_64 1.1 3.39 42.95 46.34 NOTE
r-patched-solaris-sparc 1.1 574.90 NOTE
r-patched-solaris-x86 1.1 139.10 NOTE
r-release-linux-ix86 1.1 4.15 53.29 57.44 NOTE
r-release-linux-x86_64 1.1 3.48 45.77 49.25 NOTE
r-release-osx-x86_64-mavericks 1.1 NOTE
r-release-osx-x86_64-snowleopard 1.1 ERROR
r-release-windows-ix86+x86_64 1.1 10.00 61.00 71.00 NOTE
r-oldrel-windows-ix86+x86_64 1.1 8.00 64.00 72.00 NOTE

Check Details

Version: 1.1
Check: dependencies in R code
Result: NOTE
    Package in Depends field not imported from: ‘mgcv’
     These packages need to be imported from (in the NAMESPACE file)
     for when this namespace is loaded but not attached.
    See the information on DESCRIPTION files in the chapter ‘Creating R
    packages’ of the ‘Writing R Extensions’ manual.
Flavors: r-devel-linux-x86_64-debian-clang, r-devel-linux-x86_64-debian-gcc, r-devel-linux-x86_64-fedora-clang, r-devel-linux-x86_64-fedora-gcc, r-devel-osx-x86_64-clang, r-devel-windows-ix86+x86_64, r-patched-linux-x86_64, r-patched-solaris-sparc, r-patched-solaris-x86, r-release-linux-ix86, r-release-linux-x86_64, r-release-osx-x86_64-mavericks, r-release-windows-ix86+x86_64, r-oldrel-windows-ix86+x86_64

Version: 1.1
Check: whether package can be installed
Result: ERROR
    Installation failed.
    See ‘/Volumes/XT3/Builds/R-dev-web/QA/Simon/packages/snowleopard-x86_64/results/3.1/FWDselect.Rcheck/00install.out’ for details.
Flavor: r-release-osx-x86_64-snowleopard