CRAN Package Check Results for Package FWDselect

Last updated on 2015-02-27 05:48:01.

Flavor Version Tinstall Tcheck Ttotal Status Flags
r-devel-linux-x86_64-debian-clang 1.1 2.71 35.15 37.86 NOTE
r-devel-linux-x86_64-debian-gcc 1.1 2.72 33.95 36.67 NOTE
r-devel-linux-x86_64-fedora-clang 1.1 82.77 NOTE
r-devel-linux-x86_64-fedora-gcc 1.1 75.93 NOTE
r-devel-osx-x86_64-clang 1.1 69.02 NOTE
r-devel-windows-ix86+x86_64 1.1 10.00 51.00 61.00 NOTE
r-patched-linux-x86_64 1.1 3.56 43.55 47.10 NOTE
r-patched-solaris-sparc 1.1 570.30 NOTE
r-patched-solaris-x86 1.1 139.90 NOTE
r-release-linux-ix86 1.1 4.04 52.15 56.19 NOTE
r-release-linux-x86_64 1.1 3.56 43.46 47.01 NOTE
r-release-osx-x86_64-mavericks 1.1 NOTE
r-release-osx-x86_64-snowleopard 1.1 ERROR
r-release-windows-ix86+x86_64 1.1 11.00 67.00 78.00 NOTE
r-oldrel-windows-ix86+x86_64 1.1 9.00 61.00 70.00 NOTE

Check Details

Version: 1.1
Check: dependencies in R code
Result: NOTE
    Package in Depends field not imported from: ‘mgcv’
     These packages need to be imported from (in the NAMESPACE file)
     for when this namespace is loaded but not attached.
Flavors: r-devel-linux-x86_64-debian-clang, r-devel-linux-x86_64-debian-gcc, r-devel-linux-x86_64-fedora-clang, r-devel-linux-x86_64-fedora-gcc, r-devel-osx-x86_64-clang, r-devel-windows-ix86+x86_64, r-patched-linux-x86_64, r-patched-solaris-x86

Version: 1.1
Check: R code for possible problems
Result: NOTE
    selection: no visible global function definition for ‘gam’
    test : Tvalue: no visible global function definition for ‘gam’
Flavors: r-devel-linux-x86_64-debian-clang, r-devel-linux-x86_64-debian-gcc, r-devel-linux-x86_64-fedora-clang, r-devel-linux-x86_64-fedora-gcc, r-devel-osx-x86_64-clang, r-devel-windows-ix86+x86_64, r-patched-linux-x86_64, r-patched-solaris-sparc, r-patched-solaris-x86, r-release-linux-ix86, r-release-linux-x86_64, r-release-osx-x86_64-mavericks, r-release-windows-ix86+x86_64

Version: 1.1
Check: dependencies in R code
Result: NOTE
    Package in Depends field not imported from: ‘mgcv’
     These packages need to be imported from (in the NAMESPACE file)
     for when this namespace is loaded but not attached.
    See the information on DESCRIPTION files in the chapter ‘Creating R
    packages’ of the ‘Writing R Extensions’ manual.
Flavors: r-patched-solaris-sparc, r-release-linux-ix86, r-release-linux-x86_64, r-release-osx-x86_64-mavericks, r-release-windows-ix86+x86_64, r-oldrel-windows-ix86+x86_64

Version: 1.1
Check: whether package can be installed
Result: ERROR
    Installation failed.
Flavor: r-release-osx-x86_64-snowleopard