CRAN Package Check Results for Package FWDselect

Last updated on 2014-08-31 05:50:08.

Flavor Version Tinstall Tcheck Ttotal Status Flags
r-devel-linux-x86_64-debian-clang 1.1 3.38 40.87 44.25 NOTE
r-devel-linux-x86_64-debian-gcc 1.1 3.26 40.81 44.07 NOTE
r-devel-linux-x86_64-fedora-clang 1.1 105.20 NOTE
r-devel-linux-x86_64-fedora-gcc 1.1 99.72 NOTE
r-devel-osx-x86_64-clang 1.1 81.55 NOTE
r-devel-windows-ix86+x86_64 1.1 8.00 60.00 68.00 NOTE
r-patched-linux-x86_64 1.1 3.53 43.18 46.71 NOTE
r-patched-solaris-sparc 1.1 578.10 NOTE
r-patched-solaris-x86 1.1 137.30 NOTE
r-release-linux-ix86 1.1 4.15 53.80 57.96 NOTE
r-release-linux-x86_64 1.1 3.47 45.72 49.18 NOTE
r-release-osx-x86_64-mavericks 1.1 NOTE
r-release-osx-x86_64-snowleopard 1.1 ERROR
r-release-windows-ix86+x86_64 1.1 1.00 3.00 4.00 ERROR
r-oldrel-windows-ix86+x86_64 1.1 3.00 3.00 6.00 ERROR

Check Details

Version: 1.1
Check: dependencies in R code
Result: NOTE
    Package in Depends field not imported from: ‘mgcv’
     These packages need to be imported from (in the NAMESPACE file)
     for when this namespace is loaded but not attached.
    See the information on DESCRIPTION files in the chapter ‘Creating R
    packages’ of the ‘Writing R Extensions’ manual.
Flavors: r-devel-linux-x86_64-debian-clang, r-devel-linux-x86_64-debian-gcc, r-devel-linux-x86_64-fedora-clang, r-devel-linux-x86_64-fedora-gcc, r-devel-osx-x86_64-clang, r-devel-windows-ix86+x86_64, r-patched-linux-x86_64, r-patched-solaris-sparc, r-patched-solaris-x86, r-release-linux-ix86, r-release-linux-x86_64, r-release-osx-x86_64-mavericks

Version: 1.1
Check: R code for possible problems
Result: NOTE
    selection: no visible global function definition for ‘gam’
    test : Tvalue: no visible global function definition for ‘gam’
Flavors: r-devel-linux-x86_64-debian-clang, r-devel-linux-x86_64-debian-gcc, r-devel-linux-x86_64-fedora-clang, r-devel-linux-x86_64-fedora-gcc, r-devel-osx-x86_64-clang, r-devel-windows-ix86+x86_64

Version: 1.1
Check: whether package can be installed
Result: ERROR
    Installation failed.
Flavors: r-release-osx-x86_64-snowleopard, r-release-windows-ix86+x86_64, r-oldrel-windows-ix86+x86_64