CRAN Package Check Results for Package FacPad

Last updated on 2018-09-20 22:49:47 CEST.

Flavor Version Tinstall Tcheck Ttotal Status Flags
r-devel-linux-x86_64-debian-clang 3.0 1.26 32.43 33.69 NOTE
r-devel-linux-x86_64-debian-gcc 3.0 1.15 26.13 27.28 NOTE
r-devel-linux-x86_64-fedora-clang 3.0 42.08 NOTE
r-devel-linux-x86_64-fedora-gcc 3.0 38.08 NOTE
r-devel-windows-ix86+x86_64 3.0 6.00 47.00 53.00 NOTE
r-patched-linux-x86_64 3.0 1.26 30.60 31.86 NOTE
r-patched-solaris-x86 3.0 52.60 NOTE
r-release-linux-x86_64 3.0 1.27 30.92 32.19 NOTE
r-release-windows-ix86+x86_64 3.0 4.00 42.00 46.00 NOTE
r-release-osx-x86_64 3.0 NOTE
r-oldrel-windows-ix86+x86_64 3.0 4.00 63.00 67.00 NOTE
r-oldrel-osx-x86_64 3.0 NOTE

Check Details

Version: 3.0
Check: R code for possible problems
Result: NOTE
    gibbs2: no visible global function definition for ‘rnorm’
    gibbs_sampling: no visible global function definition for ‘rnorm’
    Undefined global functions or variables:
     rnorm
    Consider adding
     importFrom("stats", "rnorm")
    to your NAMESPACE file.
Flavors: r-devel-linux-x86_64-debian-clang, r-devel-linux-x86_64-debian-gcc, r-devel-linux-x86_64-fedora-clang, r-devel-linux-x86_64-fedora-gcc, r-devel-windows-ix86+x86_64, r-patched-linux-x86_64, r-patched-solaris-x86, r-release-linux-x86_64, r-release-windows-ix86+x86_64, r-release-osx-x86_64, r-oldrel-windows-ix86+x86_64, r-oldrel-osx-x86_64