CRAN Package Check Results for Package FacPad

Last updated on 2018-06-22 10:50:24 CEST.

Flavor Version Tinstall Tcheck Ttotal Status Flags
r-devel-linux-x86_64-debian-clang 3.0 1.52 28.80 30.32 NOTE
r-devel-linux-x86_64-debian-gcc 3.0 1.11 24.44 25.55 NOTE
r-devel-linux-x86_64-fedora-clang 3.0 38.91 NOTE
r-devel-linux-x86_64-fedora-gcc 3.0 37.44 NOTE
r-devel-windows-ix86+x86_64 3.0 4.00 50.00 54.00 NOTE
r-patched-linux-x86_64 3.0 1.33 30.90 32.23 NOTE
r-patched-solaris-x86 3.0 52.80 NOTE
r-release-linux-x86_64 3.0 1.18 30.26 31.44 NOTE
r-release-windows-ix86+x86_64 3.0 4.00 70.00 74.00 NOTE
r-release-osx-x86_64 3.0 NOTE
r-oldrel-windows-ix86+x86_64 3.0 7.00 45.00 52.00 NOTE
r-oldrel-osx-x86_64 3.0 NOTE

Check Details

Version: 3.0
Check: R code for possible problems
Result: NOTE
    gibbs2: no visible global function definition for ‘rnorm’
    gibbs_sampling: no visible global function definition for ‘rnorm’
    Undefined global functions or variables:
     rnorm
    Consider adding
     importFrom("stats", "rnorm")
    to your NAMESPACE file.
Flavors: r-devel-linux-x86_64-debian-clang, r-devel-linux-x86_64-debian-gcc, r-devel-linux-x86_64-fedora-clang, r-devel-linux-x86_64-fedora-gcc, r-devel-windows-ix86+x86_64, r-patched-linux-x86_64, r-patched-solaris-x86, r-release-linux-x86_64, r-release-windows-ix86+x86_64, r-release-osx-x86_64, r-oldrel-windows-ix86+x86_64, r-oldrel-osx-x86_64