CRAN Package Check Results for Package FacPad

Last updated on 2018-02-20 07:48:07 CET.

Flavor Version Tinstall Tcheck Ttotal Status Flags
r-devel-linux-x86_64-debian-clang 3.0 0.92 26.85 27.77 NOTE
r-devel-linux-x86_64-debian-gcc 3.0 1.02 23.79 24.81 NOTE
r-devel-linux-x86_64-fedora-clang 3.0 38.73 NOTE
r-devel-linux-x86_64-fedora-gcc 3.0 37.72 NOTE
r-devel-windows-ix86+x86_64 3.0 4.00 45.00 49.00 NOTE
r-patched-linux-x86_64 3.0 0.84 30.28 31.12 NOTE
r-patched-solaris-x86 3.0 46.00 NOTE
r-release-linux-x86_64 3.0 1.05 30.76 31.81 NOTE
r-release-windows-ix86+x86_64 3.0 6.00 55.00 61.00 NOTE
r-release-osx-x86_64 3.0 NOTE
r-oldrel-windows-ix86+x86_64 3.0 7.00 51.00 58.00 NOTE
r-oldrel-osx-x86_64 3.0 NOTE

Check Details

Version: 3.0
Check: R code for possible problems
Result: NOTE
    gibbs2: no visible global function definition for ‘rnorm’
    gibbs_sampling: no visible global function definition for ‘rnorm’
    Undefined global functions or variables:
     rnorm
    Consider adding
     importFrom("stats", "rnorm")
    to your NAMESPACE file.
Flavors: r-devel-linux-x86_64-debian-clang, r-devel-linux-x86_64-debian-gcc, r-devel-linux-x86_64-fedora-clang, r-devel-linux-x86_64-fedora-gcc, r-devel-windows-ix86+x86_64, r-patched-linux-x86_64, r-patched-solaris-x86, r-release-linux-x86_64, r-release-windows-ix86+x86_64, r-release-osx-x86_64, r-oldrel-windows-ix86+x86_64, r-oldrel-osx-x86_64