CRAN Package Check Results for Package FacPad

Last updated on 2017-10-18 21:47:09.

Flavor Version Tinstall Tcheck Ttotal Status Flags
r-devel-linux-x86_64-debian-clang 3.0 0.80 20.71 21.51 NOTE
r-devel-linux-x86_64-debian-gcc 3.0 0.78 20.94 21.72 NOTE
r-devel-linux-x86_64-fedora-clang 3.0 38.95 NOTE
r-devel-linux-x86_64-fedora-gcc 3.0 37.51 NOTE
r-devel-windows-ix86+x86_64 3.0 6.00 43.00 49.00 NOTE
r-patched-linux-x86_64 3.0 0.79 19.36 20.15 NOTE
r-patched-solaris-x86 3.0 45.10 NOTE
r-release-linux-x86_64 3.0 0.78 19.77 20.54 NOTE
r-release-windows-ix86+x86_64 3.0 8.00 43.00 51.00 NOTE
r-release-osx-x86_64 3.0 NOTE
r-oldrel-windows-ix86+x86_64 3.0 5.00 56.00 61.00 NOTE
r-oldrel-osx-x86_64 3.0 NOTE

Check Details

Version: 3.0
Check: R code for possible problems
Result: NOTE
    gibbs2: no visible global function definition for ‘rnorm’
    gibbs_sampling: no visible global function definition for ‘rnorm’
    Undefined global functions or variables:
     rnorm
    Consider adding
     importFrom("stats", "rnorm")
    to your NAMESPACE file.
Flavors: r-devel-linux-x86_64-debian-clang, r-devel-linux-x86_64-debian-gcc, r-devel-linux-x86_64-fedora-clang, r-devel-linux-x86_64-fedora-gcc, r-devel-windows-ix86+x86_64, r-patched-linux-x86_64, r-patched-solaris-x86, r-release-linux-x86_64, r-release-windows-ix86+x86_64, r-release-osx-x86_64, r-oldrel-windows-ix86+x86_64, r-oldrel-osx-x86_64