CRAN Package Check Results for Package FacPad

Last updated on 2017-12-11 11:54:46 CET.

Flavor Version Tinstall Tcheck Ttotal Status Flags
r-devel-linux-x86_64-debian-clang 3.0 0.87 27.98 28.85 NOTE
r-devel-linux-x86_64-debian-gcc 3.0 0.59 23.59 24.18 NOTE
r-devel-linux-x86_64-fedora-clang 3.0 36.07 NOTE
r-devel-linux-x86_64-fedora-gcc 3.0 34.97 NOTE
r-devel-windows-ix86+x86_64 3.0 6.00 58.00 64.00 NOTE
r-patched-linux-x86_64 3.0 0.88 30.30 31.18 NOTE
r-patched-solaris-x86 3.0 45.40 NOTE
r-release-linux-x86_64 3.0 0.96 30.52 31.48 NOTE
r-release-windows-ix86+x86_64 3.0 3.00 57.00 60.00 NOTE
r-release-osx-x86_64 3.0 NOTE
r-oldrel-windows-ix86+x86_64 3.0 5.00 60.00 65.00 NOTE
r-oldrel-osx-x86_64 3.0 NOTE

Check Details

Version: 3.0
Check: R code for possible problems
Result: NOTE
    gibbs2: no visible global function definition for ‘rnorm’
    gibbs_sampling: no visible global function definition for ‘rnorm’
    Undefined global functions or variables:
     rnorm
    Consider adding
     importFrom("stats", "rnorm")
    to your NAMESPACE file.
Flavors: r-devel-linux-x86_64-debian-clang, r-devel-linux-x86_64-debian-gcc, r-devel-linux-x86_64-fedora-clang, r-devel-linux-x86_64-fedora-gcc, r-devel-windows-ix86+x86_64, r-patched-linux-x86_64, r-patched-solaris-x86, r-release-linux-x86_64, r-release-windows-ix86+x86_64, r-release-osx-x86_64, r-oldrel-windows-ix86+x86_64, r-oldrel-osx-x86_64