CRAN Package Check Results for Package FactMixtAnalysis

Last updated on 2014-11-24 05:47:30.

Flavor Version Tinstall Tcheck Ttotal Status Flags
r-devel-linux-x86_64-debian-clang 1.0 0.61 12.26 12.87 NOTE
r-devel-linux-x86_64-debian-gcc 1.0 0.61 12.22 12.82 NOTE
r-devel-linux-x86_64-fedora-clang 1.0 27.72 NOTE
r-devel-linux-x86_64-fedora-gcc 1.0 24.73 NOTE
r-devel-osx-x86_64-clang 1.0 28.37 NOTE
r-devel-windows-ix86+x86_64 1.0 3.00 20.00 23.00 NOTE
r-patched-linux-x86_64 1.0 0.81 12.41 13.22 NOTE
r-patched-solaris-sparc 1.0 141.20 NOTE
r-patched-solaris-x86 1.0 36.40 NOTE
r-release-linux-ix86 1.0 0.93 17.90 18.84 NOTE
r-release-linux-x86_64 1.0 0.62 13.05 13.67 NOTE
r-release-osx-x86_64-mavericks 1.0 NOTE
r-release-windows-ix86+x86_64 1.0 3.00 21.00 24.00 NOTE
r-oldrel-windows-ix86+x86_64 1.0 3.00 21.00 24.00 NOTE

Check Details

Version: 1.0
Check: R code for possible problems
Result: NOTE
    misc : q: no visible global function definition for ‘name’
Flavors: r-devel-linux-x86_64-debian-clang, r-devel-linux-x86_64-debian-gcc, r-devel-linux-x86_64-fedora-clang, r-devel-linux-x86_64-fedora-gcc, r-devel-osx-x86_64-clang, r-devel-windows-ix86+x86_64, r-patched-linux-x86_64, r-patched-solaris-sparc, r-patched-solaris-x86, r-release-linux-ix86, r-release-linux-x86_64, r-release-osx-x86_64-mavericks, r-release-windows-ix86+x86_64, r-oldrel-windows-ix86+x86_64

Version: 1.0
Check: Rd line widths
Result: NOTE
    Rd file 'fma.Rd':
     \usage lines wider than 90 characters:
     fma(y, k, r, x.z = NULL, x.w = NULL, it = 15, eps = 1e-04, seed = 4, scaling = FALSE, init = NULL)
    
    These lines will be truncated in the PDF manual.
Flavors: r-devel-linux-x86_64-debian-clang, r-devel-linux-x86_64-debian-gcc, r-devel-linux-x86_64-fedora-clang, r-devel-linux-x86_64-fedora-gcc, r-patched-linux-x86_64, r-release-linux-x86_64