CRAN Package Check Results for Package FactMixtAnalysis

Last updated on 2015-03-29 19:48:39.

Flavor Version Tinstall Tcheck Ttotal Status Flags
r-devel-linux-x86_64-debian-clang 1.0 0.64 10.86 11.50 NOTE
r-devel-linux-x86_64-debian-gcc 1.0 0.58 10.73 11.30 NOTE
r-devel-linux-x86_64-fedora-clang 1.0 22.64 NOTE
r-devel-linux-x86_64-fedora-gcc 1.0 20.43 NOTE
r-devel-osx-x86_64-clang 1.0 28.57 NOTE
r-prerel-windows-ix86+x86_64 1.0 3.00 19.00 22.00 NOTE
r-prerel-linux-x86_64 1.0 0.56 10.65 11.21 NOTE
r-prerel-solaris-sparc 1.0 153.20 NOTE
r-prerel-solaris-x86 1.0 31.30 NOTE
r-release-linux-x86_64 1.0 0.70 12.43 13.13 NOTE
r-release-osx-x86_64-mavericks 1.0 NOTE
r-release-windows-ix86+x86_64 1.0 3.00 21.00 24.00 NOTE
r-oldrel-windows-ix86+x86_64 1.0 3.00 40.00 43.00 NOTE

Check Details

Version: 1.0
Check: DESCRIPTION meta-information
Result: NOTE
    Malformed Description field: should contain one or more complete sentences.
Flavors: r-devel-linux-x86_64-debian-clang, r-devel-linux-x86_64-debian-gcc, r-devel-linux-x86_64-fedora-clang, r-devel-linux-x86_64-fedora-gcc, r-devel-osx-x86_64-clang, r-prerel-windows-ix86+x86_64, r-prerel-linux-x86_64, r-prerel-solaris-sparc, r-prerel-solaris-x86

Version: 1.0
Check: R code for possible problems
Result: NOTE
    misc : q: no visible global function definition for ‘name’
Flavors: r-devel-linux-x86_64-debian-clang, r-devel-linux-x86_64-debian-gcc, r-devel-linux-x86_64-fedora-clang, r-devel-linux-x86_64-fedora-gcc, r-devel-osx-x86_64-clang, r-prerel-windows-ix86+x86_64, r-prerel-linux-x86_64, r-prerel-solaris-sparc, r-prerel-solaris-x86, r-release-linux-x86_64, r-release-osx-x86_64-mavericks, r-release-windows-ix86+x86_64, r-oldrel-windows-ix86+x86_64

Version: 1.0
Check: Rd line widths
Result: NOTE
    Rd file 'fma.Rd':
     \usage lines wider than 90 characters:
     fma(y, k, r, x.z = NULL, x.w = NULL, it = 15, eps = 1e-04, seed = 4, scaling = FALSE, init = NULL)
    
    These lines will be truncated in the PDF manual.
Flavors: r-devel-linux-x86_64-debian-clang, r-devel-linux-x86_64-debian-gcc, r-devel-linux-x86_64-fedora-clang, r-devel-linux-x86_64-fedora-gcc, r-prerel-linux-x86_64, r-release-linux-x86_64