CRAN Package Check Results for Package FactMixtAnalysis

Last updated on 2016-10-01 22:47:19.

Flavor Version Tinstall Tcheck Ttotal Status Flags
r-devel-linux-x86_64-debian-clang 1.0 0.62 13.72 14.34 NOTE
r-devel-linux-x86_64-debian-gcc 1.0 0.72 12.87 13.59 NOTE
r-devel-linux-x86_64-fedora-clang 1.0 27.59 NOTE
r-devel-linux-x86_64-fedora-gcc 1.0 21.87 NOTE
r-devel-macos-x86_64-clang 1.0 18.40 NOTE
r-devel-windows-ix86+x86_64 1.0 3.00 41.00 44.00 NOTE
r-patched-linux-x86_64 1.0 0.56 11.97 12.53 NOTE
r-patched-solaris-sparc 1.0 124.10 NOTE
r-patched-solaris-x86 1.0 26.60 NOTE
r-release-linux-x86_64 1.0 0.64 12.02 12.66 NOTE
r-release-osx-x86_64-mavericks 1.0 NOTE
r-release-windows-ix86+x86_64 1.0 3.00 26.00 29.00 NOTE
r-oldrel-windows-ix86+x86_64 1.0 3.00 27.00 30.00 NOTE

Check Details

Version: 1.0
Check: DESCRIPTION meta-information
Result: NOTE
    Malformed Description field: should contain one or more complete sentences.
Flavors: r-devel-linux-x86_64-debian-clang, r-devel-linux-x86_64-debian-gcc, r-devel-linux-x86_64-fedora-clang, r-devel-linux-x86_64-fedora-gcc, r-devel-macos-x86_64-clang, r-devel-windows-ix86+x86_64, r-patched-linux-x86_64, r-patched-solaris-sparc, r-patched-solaris-x86, r-release-linux-x86_64, r-release-osx-x86_64-mavericks, r-release-windows-ix86+x86_64, r-oldrel-windows-ix86+x86_64

Version: 1.0
Check: R code for possible problems
Result: NOTE
    fma: no visible global function definition for ‘factanal’
    fma: no visible global function definition for ‘runif’
    fma: no visible global function definition for ‘kmeans’
    fma: no visible global function definition for ‘var’
    fma.em.alg: no visible global function definition for ‘var’
    misc : q: no visible global function definition for ‘name’
    Undefined global functions or variables:
     factanal kmeans name runif var
    Consider adding
     importFrom("stats", "factanal", "kmeans", "runif", "var")
    to your NAMESPACE file.
Flavors: r-devel-linux-x86_64-debian-clang, r-devel-linux-x86_64-debian-gcc, r-devel-linux-x86_64-fedora-clang, r-devel-linux-x86_64-fedora-gcc, r-devel-macos-x86_64-clang, r-devel-windows-ix86+x86_64, r-patched-linux-x86_64, r-patched-solaris-sparc, r-patched-solaris-x86, r-release-linux-x86_64, r-release-osx-x86_64-mavericks, r-release-windows-ix86+x86_64

Version: 1.0
Check: Rd line widths
Result: NOTE
    Rd file 'fma.Rd':
     \usage lines wider than 90 characters:
     fma(y, k, r, x.z = NULL, x.w = NULL, it = 15, eps = 1e-04, seed = 4, scaling = FALSE, init = NULL)
    
    These lines will be truncated in the PDF manual.
Flavors: r-devel-linux-x86_64-debian-clang, r-devel-linux-x86_64-debian-gcc, r-devel-linux-x86_64-fedora-clang, r-devel-linux-x86_64-fedora-gcc, r-patched-linux-x86_64, r-release-linux-x86_64

Version: 1.0
Check: R code for possible problems
Result: NOTE
    misc : q: no visible global function definition for 'name'
Flavor: r-oldrel-windows-ix86+x86_64