CRAN Package Check Results for Package FactMixtAnalysis

Last updated on 2014-08-01 13:46:57.

Flavor Version Tinstall Tcheck Ttotal Status Flags
r-devel-linux-x86_64-debian-clang 1.0 0.56 12.40 12.96 NOTE
r-devel-linux-x86_64-debian-gcc 1.0 0.57 12.59 13.16 NOTE
r-devel-linux-x86_64-fedora-clang 1.0 26.39 NOTE
r-devel-linux-x86_64-fedora-gcc 1.0 23.98 NOTE
r-devel-osx-x86_64-clang 1.0 28.80 NOTE
r-devel-windows-ix86+x86_64 1.0 2.00 21.00 23.00 NOTE
r-patched-linux-x86_64 1.0 0.57 12.06 12.63 NOTE
r-patched-solaris-sparc 1.0 146.40 NOTE
r-patched-solaris-x86 1.0 35.10 NOTE
r-release-linux-ix86 1.0 0.89 18.64 19.53 NOTE
r-release-linux-x86_64 1.0 0.61 12.61 13.22 NOTE
r-release-osx-x86_64-mavericks 1.0 NOTE
r-release-windows-ix86+x86_64 1.0 5.00 29.00 34.00 NOTE
r-oldrel-windows-ix86+x86_64 1.0 5.00 30.00 35.00 NOTE

Check Details

Version: 1.0
Check: R code for possible problems
Result: NOTE
    misc : q: no visible global function definition for name
Flavors: r-devel-linux-x86_64-debian-clang, r-devel-linux-x86_64-debian-gcc, r-devel-linux-x86_64-fedora-clang, r-devel-linux-x86_64-fedora-gcc, r-devel-osx-x86_64-clang, r-devel-windows-ix86+x86_64, r-patched-linux-x86_64, r-patched-solaris-sparc, r-patched-solaris-x86, r-release-linux-ix86, r-release-linux-x86_64, r-release-osx-x86_64-mavericks, r-release-windows-ix86+x86_64, r-oldrel-windows-ix86+x86_64

Version: 1.0
Check: Rd line widths
Result: NOTE
    Rd file 'fma.Rd':
     \usage lines wider than 90 characters:
     fma(y, k, r, x.z = NULL, x.w = NULL, it = 15, eps = 1e-04, seed = 4, scaling = FALSE, init = NULL)
    
    These lines will be truncated in the PDF manual.
Flavors: r-devel-linux-x86_64-fedora-clang, r-devel-linux-x86_64-fedora-gcc