CRAN Package Check Results for Package FactoClass

Last updated on 2014-10-21 14:48:17.

Flavor Version Tinstall Tcheck Ttotal Status Flags
r-devel-linux-x86_64-debian-clang 1.1.0 1.35 17.26 18.61 NOTE
r-devel-linux-x86_64-debian-gcc 1.1.0 1.38 16.34 17.72 NOTE
r-devel-linux-x86_64-fedora-clang 1.1.0 36.65 NOTE
r-devel-linux-x86_64-fedora-gcc 1.1.0 34.41 NOTE
r-devel-osx-x86_64-clang 1.1.0 40.50 NOTE
r-devel-windows-ix86+x86_64 1.1.0 6.00 31.00 37.00 NOTE
r-patched-linux-x86_64 1.1.0 1.33 16.58 17.91 NOTE
r-patched-solaris-sparc 1.1.0 197.80 NOTE
r-patched-solaris-x86 1.1.0 48.10 NOTE
r-release-linux-ix86 1.1.0 1.88 23.18 25.06 NOTE
r-release-linux-x86_64 1.1.0 1.33 16.67 18.00 NOTE
r-release-osx-x86_64-mavericks 1.1.0 NOTE
r-release-windows-ix86+x86_64 1.1.0 6.00 34.00 40.00 NOTE
r-oldrel-windows-ix86+x86_64 1.1.0 7.00 36.00 43.00 NOTE

Check Details

Version: 1.1.0
Check: top-level files
Result: NOTE
    Non-standard file/directory found at top level:
     ‘FactoClass-Ex.R’
Flavors: r-devel-linux-x86_64-debian-clang, r-devel-linux-x86_64-debian-gcc, r-devel-linux-x86_64-fedora-clang, r-devel-linux-x86_64-fedora-gcc, r-patched-linux-x86_64, r-release-linux-x86_64

Version: 1.1.0
Check: dependencies in R code
Result: NOTE
    'library' or 'require' call to ‘ade4’ which was already attached by Depends.
     Please remove these calls from your code.
    See the information on DESCRIPTION files in the chapter ‘Creating R
    packages’ of the ‘Writing R Extensions’ manual.
Flavors: r-devel-linux-x86_64-debian-clang, r-devel-linux-x86_64-debian-gcc, r-devel-linux-x86_64-fedora-clang, r-devel-linux-x86_64-fedora-gcc, r-devel-osx-x86_64-clang, r-devel-windows-ix86+x86_64, r-patched-linux-x86_64, r-patched-solaris-sparc, r-patched-solaris-x86, r-release-linux-ix86, r-release-linux-x86_64, r-release-osx-x86_64-mavericks, r-release-windows-ix86+x86_64, r-oldrel-windows-ix86+x86_64