CRAN Package Check Results for Package FactoClass

Last updated on 2015-01-25 04:47:02.

Flavor Version Tinstall Tcheck Ttotal Status Flags
r-devel-linux-x86_64-debian-clang 1.1.0 1.26 16.80 18.06 NOTE
r-devel-linux-x86_64-debian-gcc 1.1.0 1.39 16.78 18.17 NOTE
r-devel-linux-x86_64-fedora-clang 1.1.0 38.55 NOTE
r-devel-linux-x86_64-fedora-gcc 1.1.0 36.86 NOTE
r-devel-osx-x86_64-clang 1.1.0 39.83 NOTE
r-devel-windows-ix86+x86_64 1.1.0 7.00 35.00 42.00 NOTE
r-patched-linux-x86_64 1.1.0 1.38 16.66 18.05 NOTE
r-patched-solaris-sparc 1.1.0 221.60 NOTE
r-patched-solaris-x86 1.1.0 49.50 NOTE
r-release-linux-ix86 1.1.0 1.85 23.45 25.30 NOTE
r-release-linux-x86_64 1.1.0 1.36 16.80 18.16 NOTE
r-release-osx-x86_64-mavericks 1.1.0 NOTE
r-release-windows-ix86+x86_64 1.1.0 7.00 35.00 42.00 NOTE
r-oldrel-windows-ix86+x86_64 1.1.0 8.00 37.00 45.00 NOTE

Check Details

Version: 1.1.0
Check: top-level files
Result: NOTE
    Non-standard file/directory found at top level:
     ‘FactoClass-Ex.R’
Flavors: r-devel-linux-x86_64-debian-clang, r-devel-linux-x86_64-debian-gcc, r-devel-linux-x86_64-fedora-clang, r-devel-linux-x86_64-fedora-gcc, r-patched-linux-x86_64, r-release-linux-x86_64

Version: 1.1.0
Check: dependencies in R code
Result: NOTE
    'library' or 'require' call to ‘ade4’ which was already attached by Depends.
     Please remove these calls from your code.
Flavors: r-devel-linux-x86_64-debian-clang, r-devel-linux-x86_64-debian-gcc, r-devel-linux-x86_64-fedora-clang, r-devel-linux-x86_64-fedora-gcc, r-devel-osx-x86_64-clang, r-devel-windows-ix86+x86_64

Version: 1.1.0
Check: S3 generic/method consistency
Result: NOTE
    Found the following apparent S3 methods exported but not registered:
     print.FactoClass print.FactoClass.tex plot.dudi
    See section ‘Registering S3 methods’ in the ‘Writing R Extensions’
    manual.
Flavors: r-devel-linux-x86_64-fedora-clang, r-devel-linux-x86_64-fedora-gcc

Version: 1.1.0
Check: dependencies in R code
Result: NOTE
    'library' or 'require' call to ‘ade4’ which was already attached by Depends.
     Please remove these calls from your code.
    See the information on DESCRIPTION files in the chapter ‘Creating R
    packages’ of the ‘Writing R Extensions’ manual.
Flavors: r-patched-linux-x86_64, r-patched-solaris-sparc, r-patched-solaris-x86, r-release-linux-ix86, r-release-linux-x86_64, r-release-osx-x86_64-mavericks, r-release-windows-ix86+x86_64, r-oldrel-windows-ix86+x86_64