CRAN Package Check Results for Package FactoClass

Last updated on 2017-02-27 18:48:53.

Flavor Version Tinstall Tcheck Ttotal Status Flags
r-devel-linux-x86_64-debian-clang 1.1.3 1.82 20.63 22.44 NOTE
r-devel-linux-x86_64-debian-gcc 1.1.3 1.64 20.83 22.46 NOTE
r-devel-linux-x86_64-fedora-clang 1.1.3 42.66 NOTE --no-stop-on-test-error
r-devel-linux-x86_64-fedora-gcc 1.1.3 37.98 NOTE --no-stop-on-test-error
r-devel-macos-x86_64-clang 1.1.3 33.71 NOTE --no-stop-on-test-error
r-devel-windows-ix86+x86_64 1.1.3 7.00 70.00 77.00 OK
r-patched-linux-x86_64 1.1.3 1.44 17.15 18.59 OK
r-patched-solaris-sparc 1.1.3 203.10 OK
r-patched-solaris-x86 1.1.3 44.00 OK
r-release-linux-x86_64 1.1.3 1.40 17.09 18.49 OK
r-release-osx-x86_64-mavericks 1.1.3 OK
r-release-windows-ix86+x86_64 1.1.3 19.00 96.00 115.00 OK
r-oldrel-windows-ix86+x86_64 1.1.3 15.00 95.00 110.00 OK

Check Details

Version: 1.1.3
Check: compiled code
Result: NOTE
    File ‘FactoClass/libs/FactoClass.so’:
     Found no calls to: ‘R_registerRoutines’, ‘R_useDynamicSymbols’
    
    It is good practice to register native routines and to disable symbol
    search.
    
    See ‘Writing portable packages’ in the ‘Writing R Extensions’ manual.
Flavors: r-devel-linux-x86_64-debian-clang, r-devel-linux-x86_64-debian-gcc

Version: 1.1.3
Flags: --no-stop-on-test-error
Check: compiled code
Result: NOTE
    File ‘FactoClass/libs/FactoClass.so’:
     Found no calls to: ‘R_registerRoutines’, ‘R_useDynamicSymbols’
    
    It is good practice to register native routines and to disable symbol
    search.
    
    See ‘Writing portable packages’ in the ‘Writing R Extensions’ manual.
Flavors: r-devel-linux-x86_64-fedora-clang, r-devel-linux-x86_64-fedora-gcc, r-devel-macos-x86_64-clang