CRAN Package Check Results for Package FactoClass

Last updated on 2014-09-30 11:48:23.

Flavor Version Tinstall Tcheck Ttotal Status Flags
r-devel-linux-x86_64-debian-clang 1.1.0 1.22 15.82 17.05 NOTE
r-devel-linux-x86_64-debian-gcc 1.1.0 1.38 15.61 16.99 NOTE
r-devel-linux-x86_64-fedora-clang 1.1.0 35.11 NOTE
r-devel-linux-x86_64-fedora-gcc 1.1.0 38.91 NOTE
r-devel-osx-x86_64-clang 1.1.0 35.59 NOTE
r-devel-windows-ix86+x86_64 1.1.0 6.00 38.00 44.00 NOTE
r-patched-linux-x86_64 1.1.0 1.35 16.75 18.10 NOTE
r-patched-solaris-sparc 1.1.0 197.80 NOTE
r-patched-solaris-x86 1.1.0 47.60 NOTE
r-release-linux-ix86 1.1.0 1.90 24.66 26.56 NOTE
r-release-linux-x86_64 1.1.0 1.41 16.32 17.73 NOTE
r-release-osx-x86_64-mavericks 1.1.0 NOTE
r-release-windows-ix86+x86_64 1.1.0 7.00 33.00 40.00 NOTE
r-oldrel-windows-ix86+x86_64 1.1.0 6.00 37.00 43.00 NOTE

Check Details

Version: 1.1.0
Check: top-level files
Result: NOTE
    Non-standard file/directory found at top level:
     ‘FactoClass-Ex.R’
Flavors: r-devel-linux-x86_64-debian-clang, r-devel-linux-x86_64-debian-gcc, r-devel-linux-x86_64-fedora-clang, r-devel-linux-x86_64-fedora-gcc, r-patched-linux-x86_64, r-release-linux-x86_64

Version: 1.1.0
Check: dependencies in R code
Result: NOTE
    'library' or 'require' call to ‘ade4’ which was already attached by Depends.
     Please remove these calls from your code.
    See the information on DESCRIPTION files in the chapter ‘Creating R
    packages’ of the ‘Writing R Extensions’ manual.
Flavors: r-devel-linux-x86_64-debian-clang, r-devel-linux-x86_64-debian-gcc, r-devel-linux-x86_64-fedora-clang, r-devel-linux-x86_64-fedora-gcc, r-devel-osx-x86_64-clang, r-devel-windows-ix86+x86_64, r-patched-linux-x86_64, r-patched-solaris-sparc, r-patched-solaris-x86, r-release-linux-ix86, r-release-linux-x86_64, r-release-osx-x86_64-mavericks, r-release-windows-ix86+x86_64, r-oldrel-windows-ix86+x86_64