CRAN Package Check Results for Package FactoClass

Last updated on 2017-05-29 14:50:09.

Flavor Version Tinstall Tcheck Ttotal Status Flags
r-devel-linux-x86_64-debian-clang 1.1.3 1.84 21.92 23.76 NOTE
r-devel-linux-x86_64-debian-gcc 1.1.3 1.65 20.40 22.04 NOTE
r-devel-linux-x86_64-fedora-clang 1.1.3 41.31 NOTE
r-devel-linux-x86_64-fedora-gcc 1.1.3 38.69 NOTE
r-devel-windows-ix86+x86_64 1.1.3 8.00 53.00 61.00 OK
r-patched-linux-x86_64 1.1.3 1.62 20.65 22.28 NOTE
r-patched-solaris-sparc 1.1.3 235.00 OK
r-patched-solaris-x86 1.1.3 51.00 OK
r-release-linux-x86_64 1.1.3 1.61 21.92 23.54 NOTE
r-release-windows-ix86+x86_64 1.1.3 13.00 66.00 79.00 OK
r-release-osx-x86_64 1.1.3 OK
r-oldrel-windows-ix86+x86_64 1.1.3 6.00 46.00 52.00 OK
r-oldrel-osx-x86_64 1.1.3 OK

Check Details

Version: 1.1.3
Check: compiled code
Result: NOTE
    File ‘FactoClass/libs/FactoClass.so’:
     Found no calls to: ‘R_registerRoutines’, ‘R_useDynamicSymbols’
    
    It is good practice to register native routines and to disable symbol
    search.
    
    See ‘Writing portable packages’ in the ‘Writing R Extensions’ manual.
Flavors: r-devel-linux-x86_64-debian-clang, r-devel-linux-x86_64-debian-gcc, r-devel-linux-x86_64-fedora-clang, r-devel-linux-x86_64-fedora-gcc, r-patched-linux-x86_64, r-release-linux-x86_64