CRAN Package Check Results for Package FactoClass

Last updated on 2017-07-23 04:48:24.

Flavor Version Tinstall Tcheck Ttotal Status Flags
r-devel-linux-x86_64-debian-clang 1.1.3 1.85 28.48 30.33 NOTE
r-devel-linux-x86_64-debian-gcc 1.1.3 1.78 27.46 29.24 NOTE
r-devel-linux-x86_64-fedora-clang 1.1.3 40.77 NOTE
r-devel-linux-x86_64-fedora-gcc 1.1.3 42.31 NOTE
r-devel-windows-ix86+x86_64 1.1.3 11.00 67.00 78.00 OK
r-patched-linux-x86_64 1.1.3 1.66 27.89 29.54 NOTE
r-patched-solaris-x86 1.1.3 52.30 OK
r-release-linux-x86_64 1.1.3 1.65 27.99 29.64 NOTE
r-release-windows-ix86+x86_64 1.1.3 10.00 73.00 83.00 OK
r-release-osx-x86_64 1.1.3 OK
r-oldrel-windows-ix86+x86_64 1.1.3 7.00 64.00 71.00 OK
r-oldrel-osx-x86_64 1.1.3 OK

Check Details

Version: 1.1.3
Check: compiled code
Result: NOTE
    File ‘FactoClass/libs/FactoClass.so’:
     Found no calls to: ‘R_registerRoutines’, ‘R_useDynamicSymbols’
    
    It is good practice to register native routines and to disable symbol
    search.
    
    See ‘Writing portable packages’ in the ‘Writing R Extensions’ manual.
Flavors: r-devel-linux-x86_64-debian-clang, r-devel-linux-x86_64-debian-gcc, r-devel-linux-x86_64-fedora-clang, r-devel-linux-x86_64-fedora-gcc, r-patched-linux-x86_64, r-release-linux-x86_64