CRAN Package Check Results for Package FactoClass

Last updated on 2017-04-23 23:50:59.

Flavor Version Tinstall Tcheck Ttotal Status Flags
r-devel-linux-x86_64-debian-clang 1.1.3 1.79 20.89 22.68 NOTE
r-devel-linux-x86_64-debian-gcc 1.1.3 1.64 20.21 21.85 NOTE
r-devel-linux-x86_64-fedora-clang 1.1.3 40.71 NOTE --no-stop-on-test-error
r-devel-linux-x86_64-fedora-gcc 1.1.3 37.13 NOTE --no-stop-on-test-error
r-devel-windows-ix86+x86_64 1.1.3 12.00 72.00 84.00 OK
r-patched-linux-x86_64 1.1.3 1.56 20.16 21.72 NOTE
r-patched-solaris-sparc 1.1.3 235.00 OK
r-patched-solaris-x86 1.1.3 53.20 OK
r-release-linux-x86_64 1.1.3 1.46 20.26 21.72 NOTE
r-release-windows-ix86+x86_64 1.1.3 7.00 48.00 55.00 OK
r-release-osx-x86_64 1.1.3 OK
r-oldrel-windows-ix86+x86_64 1.1.3 7.00 46.00 53.00 OK
r-oldrel-osx-x86_64 1.1.3 OK

Check Details

Version: 1.1.3
Check: compiled code
Result: NOTE
    File ‘FactoClass/libs/FactoClass.so’:
     Found no calls to: ‘R_registerRoutines’, ‘R_useDynamicSymbols’
    
    It is good practice to register native routines and to disable symbol
    search.
    
    See ‘Writing portable packages’ in the ‘Writing R Extensions’ manual.
Flavors: r-devel-linux-x86_64-debian-clang, r-devel-linux-x86_64-debian-gcc, r-patched-linux-x86_64, r-release-linux-x86_64

Version: 1.1.3
Flags: --no-stop-on-test-error
Check: compiled code
Result: NOTE
    File ‘FactoClass/libs/FactoClass.so’:
     Found no calls to: ‘R_registerRoutines’, ‘R_useDynamicSymbols’
    
    It is good practice to register native routines and to disable symbol
    search.
    
    See ‘Writing portable packages’ in the ‘Writing R Extensions’ manual.
Flavors: r-devel-linux-x86_64-fedora-clang, r-devel-linux-x86_64-fedora-gcc