CRAN Package Check Results for Package FactoClass

Last updated on 2017-03-23 23:50:41.

Flavor Version Tinstall Tcheck Ttotal Status Flags
r-devel-linux-x86_64-debian-clang 1.1.3 1.81 20.66 22.47 NOTE
r-devel-linux-x86_64-debian-gcc 1.1.3 1.61 20.27 21.88 NOTE
r-devel-linux-x86_64-fedora-clang 1.1.3 39.84 NOTE --no-stop-on-test-error
r-devel-linux-x86_64-fedora-gcc 1.1.3 38.29 NOTE --no-stop-on-test-error
r-devel-macos-x86_64-clang 1.1.3 33.27 NOTE --no-stop-on-test-error
r-devel-windows-ix86+x86_64 1.1.3 8.00 48.00 56.00 OK
r-patched-linux-x86_64 1.1.3 1.42 17.64 19.06 OK
r-patched-solaris-sparc 1.1.3 235.00 OK
r-patched-solaris-x86 1.1.3 55.60 OK
r-release-linux-x86_64 1.1.3 1.58 17.21 18.79 OK
r-release-osx-x86_64-mavericks 1.1.3 OK
r-release-windows-ix86+x86_64 1.1.3 12.00 45.00 57.00 OK
r-oldrel-windows-ix86+x86_64 1.1.3 12.00 60.00 72.00 OK

Check Details

Version: 1.1.3
Check: compiled code
Result: NOTE
    File ‘FactoClass/libs/FactoClass.so’:
     Found no calls to: ‘R_registerRoutines’, ‘R_useDynamicSymbols’
    
    It is good practice to register native routines and to disable symbol
    search.
    
    See ‘Writing portable packages’ in the ‘Writing R Extensions’ manual.
Flavors: r-devel-linux-x86_64-debian-clang, r-devel-linux-x86_64-debian-gcc

Version: 1.1.3
Flags: --no-stop-on-test-error
Check: compiled code
Result: NOTE
    File ‘FactoClass/libs/FactoClass.so’:
     Found no calls to: ‘R_registerRoutines’, ‘R_useDynamicSymbols’
    
    It is good practice to register native routines and to disable symbol
    search.
    
    See ‘Writing portable packages’ in the ‘Writing R Extensions’ manual.
Flavors: r-devel-linux-x86_64-fedora-clang, r-devel-linux-x86_64-fedora-gcc, r-devel-macos-x86_64-clang