CRAN Package Check Results for Package FactoClass

Last updated on 2015-07-05 06:46:30.

Flavor Version Tinstall Tcheck Ttotal Status Flags
r-devel-linux-x86_64-debian-clang 1.1.1 1.32 16.07 17.38 NOTE
r-devel-linux-x86_64-debian-gcc 1.1.1 1.28 15.36 16.64 NOTE
r-devel-linux-x86_64-fedora-clang 1.1.1 34.68 NOTE
r-devel-linux-x86_64-fedora-gcc 1.1.1 31.49 NOTE
r-devel-osx-x86_64-clang 1.1.1 34.21 OK
r-devel-windows-ix86+x86_64 1.1.1 7.00 35.00 42.00 NOTE
r-patched-linux-x86_64 1.1.1 1.46 16.14 17.60 OK
r-patched-solaris-sparc 1.1.1 209.90 OK
r-patched-solaris-x86 1.1.1 47.00 OK
r-release-linux-x86_64 1.1.1 1.41 15.88 17.29 OK
r-release-osx-x86_64-mavericks 1.1.1 OK
r-release-windows-ix86+x86_64 1.1.1 10.00 36.00 46.00 OK
r-oldrel-windows-ix86+x86_64 1.1.1 12.00 41.00 53.00 OK

Check Details

Version: 1.1.1
Check: R code for possible problems
Result: NOTE
    FactoClass: no visible global function definition for ‘par’
    FactoClass: no visible global function definition for ‘dist’
    FactoClass: no visible global function definition for ‘cutree’
    FactoClass: no visible global function definition for ‘dev.new’
    FactoClass: no visible global function definition for ‘plot’
    FactoClass: no visible global function definition for ‘rect.hclust’
    cluster.carac : interno: no visible global function definition for
     ‘pnorm’
    cluster.carac : interno: no visible global function definition for
     ‘phyper’
    cluster.carac : interno: no visible global function definition for
     ‘dhyper’
    cluster.carac : interno: no visible global function definition for
     ‘qnorm’
    cluster.carac: no visible global function definition for ‘var’
    plot.dudi: no visible global function definition for ‘par’
    plot.dudi: no visible global function definition for ‘plot.default’
    plot.dudi: no visible global function definition for ‘text’
    plot.dudi: no visible global function definition for ‘plot’
    plot.dudi: no visible global function definition for ‘abline’
    plot.dudi: no visible global function definition for ‘points’
    plotct: no visible global function definition for ‘barplot’
    plotct: no visible global function definition for ‘dev.new’
    plotfp: no visible global function definition for ‘par’
    plotfp: no visible global function definition for ‘plot.default’
    plotfp: no visible global function definition for ‘text’
    plotfp: no visible global function definition for ‘plot’
    plotfp: no visible global function definition for ‘abline’
    plotfp: no visible global function definition for ‘points’
    stableclus: no visible global function definition for ‘barplot’
    sutil.grid: no visible global function definition for ‘par’
    sutil.grid: no visible global function definition for ‘abline’
    sutil.grid: no visible global function definition for ‘strwidth’
    sutil.grid: no visible global function definition for ‘strheight’
    sutil.grid: no visible global function definition for ‘text’
    ward.cluster: no visible global function definition for ‘as.dist’
    ward.cluster: no visible global function definition for ‘hclust’
    ward.cluster: no visible global function definition for ‘dev.new’
    ward.cluster: no visible global function definition for ‘par’
    ward.cluster: no visible global function definition for ‘plot’
    ward.cluster: no visible global function definition for ‘barplot’
    Undefined global functions or variables:
     abline as.dist barplot cutree dev.new dhyper dist hclust par phyper
     plot plot.default pnorm points qnorm rect.hclust strheight strwidth
     text var
Flavors: r-devel-linux-x86_64-debian-clang, r-devel-linux-x86_64-debian-gcc, r-devel-linux-x86_64-fedora-clang, r-devel-linux-x86_64-fedora-gcc, r-devel-windows-ix86+x86_64