CRAN Package Check Results for Package FactoMineR

Last updated on 2016-07-28 19:50:00.

Flavor Version Tinstall Tcheck Ttotal Status Flags
r-devel-linux-x86_64-debian-clang 1.33 2.84 107.17 110.00 OK
r-devel-linux-x86_64-debian-gcc 1.33 3.54 102.71 106.24 OK
r-devel-linux-x86_64-fedora-clang 1.33 195.31 NOTE
r-devel-linux-x86_64-fedora-gcc 1.33 160.69 NOTE
r-devel-osx-x86_64-clang 1.33 137.70 NOTE
r-devel-windows-ix86+x86_64 1.33 14.00 174.00 188.00 OK
r-patched-linux-x86_64 1.33 3.19 104.40 107.58 OK
r-patched-solaris-sparc 1.33 1064.10 NOTE
r-patched-solaris-x86 1.33 190.50 NOTE
r-release-linux-x86_64 1.33 3.55 104.51 108.05 OK
r-release-osx-x86_64-mavericks 1.33 NOTE
r-release-windows-ix86+x86_64 1.33 14.00 176.00 190.00 OK
r-oldrel-windows-ix86+x86_64 1.33 16.00 142.00 158.00 NOTE

Check Details

Version: 1.33
Check: data for non-ASCII characters
Result: NOTE
     Note: found 1 marked Latin-1 string
Flavors: r-devel-linux-x86_64-fedora-clang, r-devel-linux-x86_64-fedora-gcc, r-devel-osx-x86_64-clang, r-patched-solaris-sparc, r-patched-solaris-x86, r-release-osx-x86_64-mavericks, r-oldrel-windows-ix86+x86_64