CRAN Package Check Results for Package FactoMineR

Last updated on 2017-01-19 12:48:59.

Flavor Version Tinstall Tcheck Ttotal Status Flags
r-devel-linux-x86_64-debian-clang 1.34 2.10 89.13 91.23 OK
r-devel-linux-x86_64-debian-gcc 1.34 2.04 88.02 90.06 OK
r-devel-linux-x86_64-fedora-clang 1.34 168.28 NOTE --no-stop-on-test-error
r-devel-linux-x86_64-fedora-gcc 1.34 172.00 NOTE --no-stop-on-test-error
r-devel-macos-x86_64-clang 1.34 132.33 NOTE --no-stop-on-test-error
r-devel-windows-ix86+x86_64 1.34 12.00 134.00 146.00 OK
r-patched-linux-x86_64 1.34 1.97 78.56 80.54 OK
r-patched-solaris-sparc 1.34 942.60 NOTE
r-patched-solaris-x86 1.34 173.00 NOTE
r-release-linux-x86_64 1.34 2.06 79.42 81.47 OK
r-release-osx-x86_64-mavericks 1.34 NOTE
r-release-windows-ix86+x86_64 1.34 7.00 139.00 146.00 OK
r-oldrel-windows-ix86+x86_64 1.33 14.00 196.00 210.00 NOTE

Check Details

Version: 1.34
Flags: --no-stop-on-test-error
Check: data for non-ASCII characters
Result: NOTE
     Note: found 1 marked Latin-1 string
Flavors: r-devel-linux-x86_64-fedora-clang, r-devel-linux-x86_64-fedora-gcc, r-devel-macos-x86_64-clang

Version: 1.34
Check: data for non-ASCII characters
Result: NOTE
     Note: found 1 marked Latin-1 string
Flavors: r-patched-solaris-sparc, r-patched-solaris-x86, r-release-osx-x86_64-mavericks

Version: 1.33
Check: data for non-ASCII characters
Result: NOTE
     Note: found 1 marked Latin-1 string
Flavor: r-oldrel-windows-ix86+x86_64