CRAN Package Check Results for Package FactoMineR

Last updated on 2016-08-29 21:49:04.

Flavor Version Tinstall Tcheck Ttotal Status Flags
r-devel-linux-x86_64-debian-clang 1.33 2.62 92.59 95.21 OK
r-devel-linux-x86_64-debian-gcc 1.33 2.60 90.28 92.88 OK
r-devel-linux-x86_64-fedora-clang 1.33 170.54 NOTE
r-devel-linux-x86_64-fedora-gcc 1.33 160.50 NOTE
r-devel-osx-x86_64-clang 1.33 137.97 NOTE
r-devel-windows-ix86+x86_64 1.33 13.00 176.00 189.00 OK
r-patched-linux-x86_64 1.33 2.58 88.48 91.06 OK
r-patched-solaris-sparc 1.33 1064.10 NOTE
r-patched-solaris-x86 1.33 189.90 NOTE
r-release-linux-x86_64 1.33 2.74 93.11 95.85 OK
r-release-osx-x86_64-mavericks 1.33 NOTE
r-release-windows-ix86+x86_64 1.33 9.00 128.00 137.00 OK
r-oldrel-windows-ix86+x86_64 1.33 16.00 178.00 194.00 NOTE

Check Details

Version: 1.33
Check: data for non-ASCII characters
Result: NOTE
     Note: found 1 marked Latin-1 string
Flavors: r-devel-linux-x86_64-fedora-clang, r-devel-linux-x86_64-fedora-gcc, r-devel-osx-x86_64-clang, r-patched-solaris-sparc, r-patched-solaris-x86, r-release-osx-x86_64-mavericks, r-oldrel-windows-ix86+x86_64