CRAN Package Check Results for Package FactoMineR

Last updated on 2016-12-11 11:48:25.

Flavor Version Tinstall Tcheck Ttotal Status Flags
r-devel-linux-x86_64-debian-clang 1.34 2.20 96.93 99.13 OK
r-devel-linux-x86_64-debian-gcc 1.34 4.42 93.53 97.95 OK
r-devel-linux-x86_64-fedora-clang 1.34 177.03 NOTE --no-stop-on-test-error
r-devel-linux-x86_64-fedora-gcc 1.34 168.02 NOTE --no-stop-on-test-error
r-devel-macos-x86_64-clang 1.34 136.59 NOTE --no-stop-on-test-error
r-devel-windows-ix86+x86_64 1.34 8.00 142.00 150.00 OK
r-patched-linux-x86_64 1.34 1.94 79.79 81.73 OK
r-patched-solaris-sparc 1.34 902.30 NOTE
r-patched-solaris-x86 1.34 167.80 NOTE
r-release-linux-x86_64 1.34 1.94 79.99 81.92 OK
r-release-osx-x86_64-mavericks 1.34 NOTE
r-release-windows-ix86+x86_64 1.34 9.00 129.00 138.00 OK
r-oldrel-windows-ix86+x86_64 1.33 14.00 196.00 210.00 NOTE

Check Details

Version: 1.34
Flags: --no-stop-on-test-error
Check: data for non-ASCII characters
Result: NOTE
     Note: found 1 marked Latin-1 string
Flavors: r-devel-linux-x86_64-fedora-clang, r-devel-linux-x86_64-fedora-gcc, r-devel-macos-x86_64-clang

Version: 1.34
Check: data for non-ASCII characters
Result: NOTE
     Note: found 1 marked Latin-1 string
Flavors: r-patched-solaris-sparc, r-patched-solaris-x86, r-release-osx-x86_64-mavericks

Version: 1.33
Check: data for non-ASCII characters
Result: NOTE
     Note: found 1 marked Latin-1 string
Flavor: r-oldrel-windows-ix86+x86_64