CRAN Package Check Results for Package FactoMineR

Last updated on 2014-10-21 09:51:27.

Flavor Version Tinstall Tcheck Ttotal Status Flags
r-devel-linux-x86_64-debian-clang 1.27 2.06 94.59 96.65 NOTE
r-devel-linux-x86_64-debian-gcc 1.27 2.02 91.80 93.82 NOTE
r-devel-linux-x86_64-fedora-clang 1.27 194.25 NOTE
r-devel-linux-x86_64-fedora-gcc 1.27 185.66 NOTE
r-devel-osx-x86_64-clang 1.27 162.68 NOTE
r-devel-windows-ix86+x86_64 1.27 7.00 125.00 132.00 NOTE
r-patched-linux-x86_64 1.27 2.15 99.07 101.22 NOTE
r-patched-solaris-sparc 1.27 1060.60 NOTE
r-patched-solaris-x86 1.27 224.10 NOTE
r-release-linux-ix86 1.27 2.59 116.04 118.64 NOTE
r-release-linux-x86_64 1.27 2.08 98.78 100.85 NOTE
r-release-osx-x86_64-mavericks 1.27 NOTE
r-release-osx-x86_64-snowleopard 1.27 NOTE
r-release-windows-ix86+x86_64 1.27 7.00 143.00 150.00 NOTE
r-oldrel-windows-ix86+x86_64 1.27 7.00 136.00 143.00 NOTE

Check Details

Version: 1.27
Check: data for non-ASCII characters
Result: NOTE
     Note: found 1 marked Latin-1 string
Flavors: r-devel-linux-x86_64-debian-clang, r-devel-linux-x86_64-debian-gcc, r-devel-linux-x86_64-fedora-clang, r-devel-linux-x86_64-fedora-gcc, r-devel-osx-x86_64-clang, r-devel-windows-ix86+x86_64, r-patched-linux-x86_64, r-patched-solaris-sparc, r-patched-solaris-x86, r-release-linux-ix86, r-release-linux-x86_64, r-release-osx-x86_64-mavericks, r-release-osx-x86_64-snowleopard, r-release-windows-ix86+x86_64, r-oldrel-windows-ix86+x86_64