CRAN Package Check Results for Package FactoMineR

Last updated on 2015-08-03 05:47:42.

Flavor Version Tinstall Tcheck Ttotal Status Flags
r-devel-linux-x86_64-debian-clang 1.31.3 5.11 102.36 107.47 NOTE
r-devel-linux-x86_64-debian-gcc 1.31.3 4.70 99.81 104.51 NOTE
r-devel-linux-x86_64-fedora-clang 1.31.3 215.92 NOTE
r-devel-linux-x86_64-fedora-gcc 1.31.3 203.97 NOTE
r-devel-osx-x86_64-clang 1.31.3 171.19 NOTE
r-devel-windows-ix86+x86_64 1.31.3 15.00 139.00 154.00 NOTE
r-patched-linux-x86_64 1.31.3 4.80 102.34 107.14 NOTE
r-patched-solaris-sparc 1.31.3 1315.60 NOTE
r-patched-solaris-x86 1.31.3 260.00 NOTE
r-release-linux-x86_64 1.31.3 5.22 101.94 107.16 NOTE
r-release-osx-x86_64-mavericks 1.31.3 NOTE
r-release-windows-ix86+x86_64 1.31.3 20.00 167.00 187.00 NOTE
r-oldrel-windows-ix86+x86_64 1.31.3 30.00 192.00 222.00 NOTE

Check Details

Version: 1.31.3
Check: data for non-ASCII characters
Result: NOTE
     Note: found 1 marked Latin-1 string
Flavors: r-devel-linux-x86_64-debian-clang, r-devel-linux-x86_64-debian-gcc, r-devel-linux-x86_64-fedora-clang, r-devel-linux-x86_64-fedora-gcc, r-devel-osx-x86_64-clang, r-devel-windows-ix86+x86_64, r-patched-linux-x86_64, r-patched-solaris-sparc, r-patched-solaris-x86, r-release-linux-x86_64, r-release-osx-x86_64-mavericks, r-release-windows-ix86+x86_64, r-oldrel-windows-ix86+x86_64