CRAN Package Check Results for Package FactoMineR

Last updated on 2015-04-01 19:48:23.

Flavor Version Tinstall Tcheck Ttotal Status Flags
r-devel-linux-x86_64-debian-clang 1.29 4.84 102.69 107.53 NOTE
r-devel-linux-x86_64-debian-gcc 1.29 4.68 104.41 109.09 NOTE
r-devel-linux-x86_64-fedora-clang 1.29 215.36 NOTE
r-devel-linux-x86_64-fedora-gcc 1.29 201.26 NOTE
r-devel-osx-x86_64-clang 1.29 190.26 NOTE
r-prerel-windows-ix86+x86_64 1.29 11.00 141.00 152.00 NOTE
r-prerel-linux-x86_64 1.29 4.68 101.24 105.91 NOTE
r-prerel-solaris-sparc 1.29 1270.60 NOTE
r-prerel-solaris-x86 1.29 256.20 NOTE
r-release-linux-x86_64 1.29 7.02 126.04 133.06 NOTE
r-release-osx-x86_64-mavericks 1.29 NOTE
r-release-osx-x86_64-snowleopard 1.29 NOTE
r-release-windows-ix86+x86_64 1.29 19.00 188.00 207.00 NOTE
r-oldrel-windows-ix86+x86_64 1.29 18.00 172.00 190.00 NOTE

Check Details

Version: 1.29
Check: DESCRIPTION meta-information
Result: NOTE
    Malformed Description field: should contain one or more complete sentences.
Flavors: r-devel-linux-x86_64-debian-clang, r-devel-linux-x86_64-debian-gcc, r-devel-linux-x86_64-fedora-clang, r-devel-linux-x86_64-fedora-gcc, r-devel-osx-x86_64-clang, r-prerel-windows-ix86+x86_64, r-prerel-linux-x86_64, r-prerel-solaris-sparc, r-prerel-solaris-x86

Version: 1.29
Check: data for non-ASCII characters
Result: NOTE
     Note: found 1 marked Latin-1 string
Flavors: r-devel-linux-x86_64-debian-clang, r-devel-linux-x86_64-debian-gcc, r-devel-linux-x86_64-fedora-clang, r-devel-linux-x86_64-fedora-gcc, r-devel-osx-x86_64-clang, r-prerel-windows-ix86+x86_64, r-prerel-linux-x86_64, r-prerel-solaris-sparc, r-prerel-solaris-x86, r-release-linux-x86_64, r-release-osx-x86_64-mavericks, r-release-osx-x86_64-snowleopard, r-release-windows-ix86+x86_64, r-oldrel-windows-ix86+x86_64