CRAN Package Check Results for Package FactoMineR

Last updated on 2017-08-20 15:48:39.

Flavor Version Tinstall Tcheck Ttotal Status Flags
r-devel-linux-x86_64-debian-clang 1.36 2.14 66.81 68.95 ERROR
r-devel-linux-x86_64-debian-gcc 1.36 2.02 65.55 67.57 ERROR
r-devel-linux-x86_64-fedora-clang 1.36 169.99 NOTE
r-devel-linux-x86_64-fedora-gcc 1.36 178.44 NOTE
r-devel-windows-ix86+x86_64 1.36 6.00 99.00 105.00 ERROR
r-patched-linux-x86_64 1.36 2.05 91.91 93.95 OK
r-patched-solaris-x86 1.36 187.90 NOTE
r-release-linux-x86_64 1.36 2.11 94.78 96.89 OK
r-release-windows-ix86+x86_64 1.36 11.00 132.00 143.00 OK
r-release-osx-x86_64 1.36 NOTE
r-oldrel-windows-ix86+x86_64 1.36 7.00 111.00 118.00 OK
r-oldrel-osx-x86_64 1.36 NOTE

Check Details

Version: 1.36
Check: examples
Result: ERROR
    Running examples in ‘FactoMineR-Ex.R’ failed
    The error most likely occurred in:
    
    > base::assign(".ptime", proc.time(), pos = "CheckExEnv")
    > ### Name: CA
    > ### Title: Correspondence Analysis (CA)
    > ### Aliases: CA
    > ### Keywords: multivariate
    >
    > ### ** Examples
    >
    > data(children)
    > res.ca <- CA (children, row.sup = 15:18, col.sup = 6:8)
    > summary(res.ca)
    
    Call:
    CA(X = children, row.sup = 15:18, col.sup = 6:8)
    
    The chi square of independence between the two variables is equal to 98.80159 (p-value = 9.748064e-05 ).
    
    Eigenvalues
     Dim.1 Dim.2 Dim.3 Dim.4
    Variance 0.035 0.013 0.007 0.006
    % of var. 57.043 21.132 11.764 10.061
    Cumulative % of var. 57.043 78.175 89.939 100.000
    
    Rows (the 10 first)
     Iner*1000 Dim.1 ctr cos2 Dim.2 ctr cos2
    money | 3.759 | -0.115 4.550 0.428 | 0.020 0.371 0.013 |
    future | 8.690 | 0.176 17.567 0.716 | -0.098 14.587 0.220 |
    unemployment | 9.151 | -0.212 22.616 0.875 | -0.071 6.779 0.097 |
    circumstances | 3.804 | 0.401 6.274 0.584 | 0.331 11.544 0.398 |
    hard | 1.199 | -0.250 2.994 0.884 | 0.068 0.592 0.065 |
    economic | 8.787 | 0.354 12.005 0.484 | 0.321 26.604 0.397 |
    egoism | 3.287 | 0.060 0.681 0.073 | -0.026 0.338 0.013 |
    employment | 5.648 | -0.137 2.621 0.164 | 0.215 17.555 0.408 |
    finances | 3.576 | -0.237 2.790 0.276 | -0.206 5.690 0.209 |
    war | 1.025 | 0.217 2.169 0.749 | -0.075 0.694 0.089 |
     Dim.3 ctr cos2
    money 0.101 16.884 0.328 |
    future -0.053 7.568 0.064 |
    unemployment -0.004 0.046 0.000 |
    circumstances -0.016 0.046 0.001 |
    hard 0.060 0.845 0.051 |
    economic 0.084 3.280 0.027 |
    egoism 0.179 29.496 0.655 |
    employment -0.213 30.815 0.398 |
    finances -0.044 0.469 0.010 |
    war -0.098 2.139 0.152 |
    
    Columns
     Iner*1000 Dim.1 ctr cos2 Dim.2 ctr cos2
    unqualified | 13.146 | -0.209 25.110 0.676 | -0.081 10.082 0.101 |
    cep | 10.044 | -0.139 18.297 0.645 | 0.056 8.079 0.105 |
    bepc | 7.670 | 0.109 6.758 0.312 | -0.028 1.251 0.021 |
    high_school_diploma | 17.732 | 0.274 37.976 0.758 | -0.121 20.099 0.149 |
    university | 13.468 | 0.231 11.859 0.312 | 0.318 60.488 0.589 |
     Dim.3 ctr cos2
    unqualified 0.073 14.659 0.081 |
    cep -0.018 1.520 0.011 |
    bepc -0.147 59.874 0.570 |
    high_school_diploma 0.077 14.407 0.059 |
    university 0.094 9.540 0.052 |
    
    Supplementary rows
     Dim.1 cos2 Dim.2 cos2 Dim.3 cos2
    comfort | 0.210 0.069 | 0.703 0.775 | 0.071 0.008 |
    disagreement | 0.146 0.131 | 0.119 0.087 | 0.171 0.180 |
    world | 0.523 0.876 | 0.143 0.065 | 0.084 0.023 |
    to_live | 0.308 0.139 | 0.502 0.369 | 0.521 0.397 |
    
    Supplementary columns
    Error in `colnames<-`(`*tmp*`, value = `*vtmp*`) :
     attempt to set 'colnames' on an object with less than two dimensions
    Calls: summary -> summary.CA -> print3 -> colnames<-
    Execution halted
Flavors: r-devel-linux-x86_64-debian-clang, r-devel-linux-x86_64-debian-gcc

Version: 1.36
Check: data for non-ASCII characters
Result: NOTE
     Note: found 1 marked Latin-1 string
Flavors: r-devel-linux-x86_64-fedora-clang, r-devel-linux-x86_64-fedora-gcc, r-patched-solaris-x86, r-release-osx-x86_64, r-oldrel-osx-x86_64

Version: 1.36
Check: examples
Result: ERROR
    Running examples in 'FactoMineR-Ex.R' failed
    The error most likely occurred in:
    
    > ### Name: CA
    > ### Title: Correspondence Analysis (CA)
    > ### Aliases: CA
    > ### Keywords: multivariate
    >
    > ### ** Examples
    >
    > data(children)
    > res.ca <- CA (children, row.sup = 15:18, col.sup = 6:8)
    > summary(res.ca)
    
    Call:
    CA(X = children, row.sup = 15:18, col.sup = 6:8)
    
    The chi square of independence between the two variables is equal to 98.80159 (p-value = 9.748064e-05 ).
    
    Eigenvalues
     Dim.1 Dim.2 Dim.3 Dim.4
    Variance 0.035 0.013 0.007 0.006
    % of var. 57.043 21.132 11.764 10.061
    Cumulative % of var. 57.043 78.175 89.939 100.000
    
    Rows (the 10 first)
     Iner*1000 Dim.1 ctr cos2 Dim.2 ctr cos2
    money | 3.759 | -0.115 4.550 0.428 | 0.020 0.371 0.013 |
    future | 8.690 | 0.176 17.567 0.716 | -0.098 14.587 0.220 |
    unemployment | 9.151 | -0.212 22.616 0.875 | -0.071 6.779 0.097 |
    circumstances | 3.804 | 0.401 6.274 0.584 | 0.331 11.544 0.398 |
    hard | 1.199 | -0.250 2.994 0.884 | 0.068 0.592 0.065 |
    economic | 8.787 | 0.354 12.005 0.484 | 0.321 26.604 0.397 |
    egoism | 3.287 | 0.060 0.681 0.073 | -0.026 0.338 0.013 |
    employment | 5.648 | -0.137 2.621 0.164 | 0.215 17.555 0.408 |
    finances | 3.576 | -0.237 2.790 0.276 | -0.206 5.690 0.209 |
    war | 1.025 | 0.217 2.169 0.749 | -0.075 0.694 0.089 |
     Dim.3 ctr cos2
    money 0.101 16.884 0.328 |
    future -0.053 7.568 0.064 |
    unemployment -0.004 0.046 0.000 |
    circumstances -0.016 0.046 0.001 |
    hard 0.060 0.845 0.051 |
    economic 0.084 3.280 0.027 |
    egoism 0.179 29.496 0.655 |
    employment -0.213 30.815 0.398 |
    finances -0.044 0.469 0.010 |
    war -0.098 2.139 0.152 |
    
    Columns
     Iner*1000 Dim.1 ctr cos2 Dim.2 ctr cos2
    unqualified | 13.146 | -0.209 25.110 0.676 | -0.081 10.082 0.101 |
    cep | 10.044 | -0.139 18.297 0.645 | 0.056 8.079 0.105 |
    bepc | 7.670 | 0.109 6.758 0.312 | -0.028 1.251 0.021 |
    high_school_diploma | 17.732 | 0.274 37.976 0.758 | -0.121 20.099 0.149 |
    university | 13.468 | 0.231 11.859 0.312 | 0.318 60.488 0.589 |
     Dim.3 ctr cos2
    unqualified 0.073 14.659 0.081 |
    cep -0.018 1.520 0.011 |
    bepc -0.147 59.874 0.570 |
    high_school_diploma 0.077 14.407 0.059 |
    university 0.094 9.540 0.052 |
    
    Supplementary rows
     Dim.1 cos2 Dim.2 cos2 Dim.3 cos2
    comfort | 0.210 0.069 | 0.703 0.775 | 0.071 0.008 |
    disagreement | 0.146 0.131 | 0.119 0.087 | 0.171 0.180 |
    world | 0.523 0.876 | 0.143 0.065 | 0.084 0.023 |
    to_live | 0.308 0.139 | 0.502 0.369 | 0.521 0.397 |
    
    Supplementary columns
    Error in `colnames<-`(`*tmp*`, value = `*vtmp*`) :
     attempt to set 'colnames' on an object with less than two dimensions
    Calls: summary -> summary.CA -> print3 -> colnames<-
    Execution halted
Flavor: r-devel-windows-ix86+x86_64