CRAN Package Check Results for Package FactoMineR

Last updated on 2016-05-04 23:46:53.

Flavor Version Tinstall Tcheck Ttotal Status Flags
r-devel-linux-x86_64-debian-gcc 1.32 2.77 88.28 91.04 OK
r-devel-linux-x86_64-fedora-clang 1.32 169.98 NOTE
r-devel-linux-x86_64-fedora-gcc 1.32 158.17 NOTE
r-devel-osx-x86_64-clang 1.32 191.30 NOTE
r-devel-windows-ix86+x86_64 1.32 8.00 151.00 159.00 OK
r-patched-linux-x86_64 1.32 2.53 86.76 89.29 OK
r-patched-solaris-sparc 1.32 1046.00 NOTE
r-patched-solaris-x86 1.32 192.40 NOTE
r-release-linux-x86_64 1.32 2.53 91.00 93.53 OK
r-release-osx-x86_64-mavericks 1.32 NOTE
r-release-windows-ix86+x86_64 1.32 8.00 151.00 159.00 OK
r-oldrel-windows-ix86+x86_64 1.32 12.00 185.00 197.00 NOTE

Check Details

Version: 1.32
Check: data for non-ASCII characters
Result: NOTE
     Note: found 1 marked Latin-1 string
Flavors: r-devel-linux-x86_64-fedora-clang, r-devel-linux-x86_64-fedora-gcc, r-devel-osx-x86_64-clang, r-patched-solaris-sparc, r-patched-solaris-x86, r-release-osx-x86_64-mavericks, r-oldrel-windows-ix86+x86_64