CRAN Package Check Results for Package FactoMineR

Last updated on 2016-06-30 12:52:36.

Flavor Version Tinstall Tcheck Ttotal Status Flags
r-devel-linux-x86_64-debian-gcc 1.33 3.24 100.62 103.86 OK
r-devel-linux-x86_64-fedora-clang 1.33 168.71 NOTE
r-devel-linux-x86_64-fedora-gcc 1.33 158.06 NOTE
r-devel-osx-x86_64-clang 1.33 137.05 NOTE
r-devel-windows-ix86+x86_64 1.33 9.00 142.00 151.00 OK
r-patched-linux-x86_64 1.33 3.04 101.27 104.31 OK
r-patched-solaris-sparc 1.33 1064.10 NOTE
r-patched-solaris-x86 1.33 191.00 NOTE
r-release-linux-x86_64 1.33 3.38 91.87 95.25 OK
r-release-osx-x86_64-mavericks 1.33 NOTE
r-release-windows-ix86+x86_64 1.33 15.00 171.00 186.00 OK
r-oldrel-windows-ix86+x86_64 1.33 16.00 138.00 154.00 NOTE

Check Details

Version: 1.33
Check: data for non-ASCII characters
Result: NOTE
     Note: found 1 marked Latin-1 string
Flavors: r-devel-linux-x86_64-fedora-clang, r-devel-linux-x86_64-fedora-gcc, r-devel-osx-x86_64-clang, r-patched-solaris-sparc, r-patched-solaris-x86, r-release-osx-x86_64-mavericks, r-oldrel-windows-ix86+x86_64