CRAN Package Check Results for Package FactoMineR

Last updated on 2016-02-11 03:47:06.

Flavor Version Tinstall Tcheck Ttotal Status Flags
r-devel-linux-x86_64-debian-gcc 1.31.5 2.36 88.11 90.47 OK
r-devel-linux-x86_64-fedora-clang 1.31.5 168.76 NOTE
r-devel-linux-x86_64-fedora-gcc 1.31.5 156.74 NOTE
r-devel-osx-x86_64-clang 1.31.5 187.30 NOTE
r-devel-windows-ix86+x86_64 1.31.5 13.00 124.00 137.00 OK
r-patched-linux-x86_64 1.31.5 2.76 89.70 92.46 NOTE
r-patched-solaris-sparc 1.31.5 1012.90 NOTE
r-patched-solaris-x86 1.31.5 197.30 NOTE
r-release-linux-x86_64 1.31.5 2.77 88.35 91.12 NOTE
r-release-osx-x86_64-mavericks 1.31.5 NOTE
r-release-windows-ix86+x86_64 1.31.5 15.00 179.00 194.00 NOTE
r-oldrel-windows-ix86+x86_64 1.31.5 17.00 225.00 242.00 NOTE

Check Details

Version: 1.31.5
Check: data for non-ASCII characters
Result: NOTE
     Note: found 1 marked Latin-1 string
Flavors: r-devel-linux-x86_64-fedora-clang, r-devel-linux-x86_64-fedora-gcc, r-devel-osx-x86_64-clang, r-patched-linux-x86_64, r-patched-solaris-sparc, r-patched-solaris-x86, r-release-linux-x86_64, r-release-osx-x86_64-mavericks, r-release-windows-ix86+x86_64, r-oldrel-windows-ix86+x86_64