CRAN Package Check Results for Package FactoMineR

Last updated on 2017-06-23 03:48:46.

Flavor Version Tinstall Tcheck Ttotal Status Flags
r-devel-linux-x86_64-debian-clang 1.36 2.55 95.95 98.50 OK
r-devel-linux-x86_64-debian-gcc 1.36 2.13 90.28 92.41 OK
r-devel-linux-x86_64-fedora-clang 1.36 170.11 NOTE
r-devel-linux-x86_64-fedora-gcc 1.36 162.77 NOTE
r-devel-windows-ix86+x86_64 1.36 13.00 181.00 194.00 OK
r-patched-linux-x86_64 1.36 2.63 91.82 94.45 OK
r-patched-solaris-sparc 1.36 1014.90 NOTE
r-patched-solaris-x86 1.36 193.80 NOTE
r-release-linux-x86_64 1.36 2.11 90.13 92.24 OK
r-release-windows-ix86+x86_64 1.36 9.00 190.00 199.00 OK
r-release-osx-x86_64 1.36 NOTE
r-oldrel-windows-ix86+x86_64 1.36 12.00 125.00 137.00 OK
r-oldrel-osx-x86_64 1.36 NOTE

Check Details

Version: 1.36
Check: data for non-ASCII characters
Result: NOTE
     Note: found 1 marked Latin-1 string
Flavors: r-devel-linux-x86_64-fedora-clang, r-devel-linux-x86_64-fedora-gcc, r-patched-solaris-sparc, r-patched-solaris-x86, r-release-osx-x86_64, r-oldrel-osx-x86_64