CRAN Package Check Results for Package FactoMineR

Last updated on 2017-04-29 08:48:47.

Flavor Version Tinstall Tcheck Ttotal Status Flags
r-devel-linux-x86_64-debian-clang 1.35 2.12 94.63 96.75 OK
r-devel-linux-x86_64-debian-gcc 1.35 2.01 89.70 91.71 OK
r-devel-linux-x86_64-fedora-clang 1.35 172.23 NOTE --no-stop-on-test-error
r-devel-linux-x86_64-fedora-gcc 1.35 165.37 NOTE --no-stop-on-test-error
r-devel-windows-ix86+x86_64 1.35 10.00 188.00 198.00 OK
r-patched-linux-x86_64 1.35 2.00 92.58 94.57 OK
r-patched-solaris-sparc 1.35 1050.40 NOTE
r-patched-solaris-x86 1.35 196.90 NOTE
r-release-linux-x86_64 1.35 2.10 93.61 95.72 OK
r-release-windows-ix86+x86_64 1.35 10.00 184.00 194.00 OK
r-release-osx-x86_64 1.35 NOTE
r-oldrel-windows-ix86+x86_64 1.35 16.00 164.00 180.00 OK
r-oldrel-osx-x86_64 1.35 NOTE

Check Details

Version: 1.35
Flags: --no-stop-on-test-error
Check: data for non-ASCII characters
Result: NOTE
     Note: found 1 marked Latin-1 string
Flavors: r-devel-linux-x86_64-fedora-clang, r-devel-linux-x86_64-fedora-gcc

Version: 1.35
Check: data for non-ASCII characters
Result: NOTE
     Note: found 1 marked Latin-1 string
Flavors: r-patched-solaris-sparc, r-patched-solaris-x86, r-release-osx-x86_64, r-oldrel-osx-x86_64