CRAN Package Check Results for Package FactoMineR

Last updated on 2014-07-23 04:48:23.

Flavor Version Tinstall Tcheck Ttotal Status Flags
r-devel-linux-x86_64-debian-clang 1.26 2.06 72.96 75.02 NOTE
r-devel-linux-x86_64-debian-gcc 1.26 1.97 75.51 77.48 NOTE
r-devel-linux-x86_64-fedora-clang 1.26 160.75 NOTE
r-devel-linux-x86_64-fedora-gcc 1.26 156.82 NOTE
r-devel-osx-x86_64-clang 1.26 119.97 NOTE
r-devel-windows-ix86+x86_64 1.26 7.00 101.00 108.00 NOTE
r-patched-linux-x86_64 1.26 1.95 77.78 79.73 NOTE
r-patched-solaris-sparc 1.26 819.10 NOTE
r-patched-solaris-x86 1.26 180.00 NOTE
r-release-linux-ix86 1.26 2.49 93.18 95.66 NOTE
r-release-linux-x86_64 1.26 2.15 75.80 77.95 NOTE
r-release-osx-x86_64-mavericks 1.26 NOTE
r-release-osx-x86_64-snowleopard 1.26 NOTE
r-release-windows-ix86+x86_64 1.26 6.00 108.00 114.00 NOTE
r-oldrel-windows-ix86+x86_64 1.26 7.00 99.00 106.00 NOTE

Check Details

Version: 1.26
Check: data for non-ASCII characters
Result: NOTE
     Note: found 1 marked Latin-1 string
Flavors: r-devel-linux-x86_64-debian-clang, r-devel-linux-x86_64-debian-gcc, r-devel-linux-x86_64-fedora-clang, r-devel-linux-x86_64-fedora-gcc, r-devel-osx-x86_64-clang, r-devel-windows-ix86+x86_64, r-patched-linux-x86_64, r-patched-solaris-sparc, r-patched-solaris-x86, r-release-linux-ix86, r-release-linux-x86_64, r-release-osx-x86_64-mavericks, r-release-osx-x86_64-snowleopard, r-release-windows-ix86+x86_64, r-oldrel-windows-ix86+x86_64