CRAN Package Check Results for Package FactoMineR

Last updated on 2016-09-29 02:49:41.

Flavor Version Tinstall Tcheck Ttotal Status Flags
r-devel-linux-x86_64-debian-clang 1.33 2.93 93.96 96.89 OK
r-devel-linux-x86_64-debian-gcc 1.33 2.68 88.14 90.83 OK
r-devel-linux-x86_64-fedora-clang 1.33 171.58 NOTE
r-devel-linux-x86_64-fedora-gcc 1.33 158.05 NOTE
r-devel-macos-x86_64-clang 1.33 131.61 NOTE
r-devel-windows-ix86+x86_64 1.33 16.00 192.00 208.00 OK
r-patched-linux-x86_64 1.33 2.79 88.62 91.40 OK
r-patched-solaris-sparc 1.33 1064.10 NOTE
r-patched-solaris-x86 1.33 189.70 NOTE
r-release-linux-x86_64 1.33 2.71 90.28 92.99 OK
r-release-osx-x86_64-mavericks 1.33 NOTE
r-release-windows-ix86+x86_64 1.33 12.00 183.00 195.00 OK
r-oldrel-windows-ix86+x86_64 1.33 16.00 183.00 199.00 NOTE

Check Details

Version: 1.33
Check: data for non-ASCII characters
Result: NOTE
     Note: found 1 marked Latin-1 string
Flavors: r-devel-linux-x86_64-fedora-clang, r-devel-linux-x86_64-fedora-gcc, r-devel-macos-x86_64-clang, r-patched-solaris-sparc, r-patched-solaris-x86, r-release-osx-x86_64-mavericks, r-oldrel-windows-ix86+x86_64