CRAN Package Check Results for Package FactoMineR

Last updated on 2015-05-29 03:48:02.

Flavor Version Tinstall Tcheck Ttotal Status Flags
r-devel-linux-x86_64-debian-clang 1.29 4.86 105.10 109.96 NOTE
r-devel-linux-x86_64-debian-gcc 1.29 5.12 101.10 106.23 NOTE
r-devel-linux-x86_64-fedora-clang 1.29 226.53 NOTE
r-devel-linux-x86_64-fedora-gcc 1.29 207.08 NOTE
r-devel-osx-x86_64-clang 1.29 175.70 NOTE
r-devel-windows-ix86+x86_64 1.29 14.00 149.00 163.00 NOTE
r-patched-linux-x86_64 1.29 4.88 103.58 108.46 NOTE
r-patched-solaris-sparc 1.29 1284.00 NOTE
r-patched-solaris-x86 1.29 258.40 NOTE
r-release-linux-x86_64 1.29 5.05 102.85 107.90 NOTE
r-release-osx-x86_64-mavericks 1.29 NOTE
r-release-osx-x86_64-snowleopard 1.29 ERROR
r-release-windows-ix86+x86_64 1.29 15.00 131.00 146.00 NOTE
r-oldrel-windows-ix86+x86_64 1.29 21.00 159.00 180.00 NOTE

Check Details

Version: 1.29
Check: DESCRIPTION meta-information
Result: NOTE
    Malformed Description field: should contain one or more complete sentences.
Flavors: r-devel-linux-x86_64-debian-clang, r-devel-linux-x86_64-debian-gcc, r-devel-linux-x86_64-fedora-clang, r-devel-linux-x86_64-fedora-gcc, r-devel-osx-x86_64-clang, r-devel-windows-ix86+x86_64, r-patched-linux-x86_64, r-patched-solaris-sparc, r-patched-solaris-x86, r-release-linux-x86_64, r-release-osx-x86_64-mavericks, r-release-windows-ix86+x86_64

Version: 1.29
Check: data for non-ASCII characters
Result: NOTE
     Note: found 1 marked Latin-1 string
Flavors: r-devel-linux-x86_64-debian-clang, r-devel-linux-x86_64-debian-gcc, r-devel-linux-x86_64-fedora-clang, r-devel-linux-x86_64-fedora-gcc, r-devel-osx-x86_64-clang, r-devel-windows-ix86+x86_64, r-patched-linux-x86_64, r-patched-solaris-sparc, r-patched-solaris-x86, r-release-linux-x86_64, r-release-osx-x86_64-mavericks, r-release-windows-ix86+x86_64, r-oldrel-windows-ix86+x86_64

Version: 1.29
Check: package dependencies
Result: NOTE
    Package suggested but not available for checking: ‘missMDA’
Flavor: r-release-osx-x86_64-mavericks

Version: 1.29
Check: package dependencies
Result: ERROR
    Package required but not available: ‘car’
    
    Package suggested but not available for checking: ‘missMDA’
    
    See section ‘The DESCRIPTION file’ in the ‘Writing R Extensions’
    manual.
Flavor: r-release-osx-x86_64-snowleopard