CRAN Package Check Results for Package FactoMineR

Last updated on 2014-12-17 23:47:14.

Flavor Version Tinstall Tcheck Ttotal Status Flags
r-devel-linux-x86_64-debian-clang 1.28 2.18 96.37 98.55 NOTE
r-devel-linux-x86_64-debian-gcc 1.28 2.02 88.72 90.74 NOTE
r-devel-linux-x86_64-fedora-clang 1.28 179.91 NOTE
r-devel-linux-x86_64-fedora-gcc 1.28 168.87 NOTE
r-devel-osx-x86_64-clang 1.28 153.73 NOTE
r-devel-windows-ix86+x86_64 1.28 13.00 116.00 129.00 NOTE
r-patched-linux-x86_64 1.28 2.16 93.86 96.02 NOTE
r-patched-solaris-sparc 1.28 1036.60 NOTE
r-patched-solaris-x86 1.28 181.50 NOTE
r-release-linux-ix86 1.28 2.75 105.40 108.15 NOTE
r-release-linux-x86_64 1.28 2.13 91.97 94.10 NOTE
r-release-osx-x86_64-mavericks 1.28 NOTE
r-release-osx-x86_64-snowleopard 1.28 NOTE
r-release-windows-ix86+x86_64 1.28 8.00 132.00 140.00 NOTE
r-oldrel-windows-ix86+x86_64 1.28 7.00 125.00 132.00 NOTE

Check Details

Version: 1.28
Check: data for non-ASCII characters
Result: NOTE
     Note: found 1 marked Latin-1 string
Flavors: r-devel-linux-x86_64-debian-clang, r-devel-linux-x86_64-debian-gcc, r-devel-linux-x86_64-fedora-clang, r-devel-linux-x86_64-fedora-gcc, r-devel-osx-x86_64-clang, r-devel-windows-ix86+x86_64, r-patched-linux-x86_64, r-patched-solaris-sparc, r-patched-solaris-x86, r-release-linux-ix86, r-release-linux-x86_64, r-release-osx-x86_64-mavericks, r-release-osx-x86_64-snowleopard, r-release-windows-ix86+x86_64, r-oldrel-windows-ix86+x86_64