CRAN Package Check Results for Package FactoMineR

Last updated on 2017-03-27 06:48:07.

Flavor Version Tinstall Tcheck Ttotal Status Flags
r-devel-linux-x86_64-debian-clang 1.35 2.32 92.04 94.35 OK
r-devel-linux-x86_64-debian-gcc 1.35 1.95 90.07 92.02 OK
r-devel-linux-x86_64-fedora-clang 1.35 170.74 NOTE --no-stop-on-test-error
r-devel-linux-x86_64-fedora-gcc 1.35 165.32 NOTE --no-stop-on-test-error
r-devel-macos-x86_64-clang 1.35 135.18 NOTE --no-stop-on-test-error
r-patched-linux-x86_64 1.35 2.46 90.46 92.92 OK
r-patched-solaris-sparc 1.35 1050.40 NOTE
r-patched-solaris-x86 1.35 195.20 NOTE
r-release-linux-x86_64 1.35 1.84 81.14 82.97 OK
r-release-osx-x86_64-mavericks 1.35 NOTE
r-release-windows-ix86+x86_64 1.35 10.00 160.00 170.00 OK
r-oldrel-windows-ix86+x86_64 1.33 14.00 196.00 210.00 NOTE

Check Details

Version: 1.35
Flags: --no-stop-on-test-error
Check: data for non-ASCII characters
Result: NOTE
     Note: found 1 marked Latin-1 string
Flavors: r-devel-linux-x86_64-fedora-clang, r-devel-linux-x86_64-fedora-gcc, r-devel-macos-x86_64-clang

Version: 1.35
Check: data for non-ASCII characters
Result: NOTE
     Note: found 1 marked Latin-1 string
Flavors: r-patched-solaris-sparc, r-patched-solaris-x86, r-release-osx-x86_64-mavericks

Version: 1.33
Check: data for non-ASCII characters
Result: NOTE
     Note: found 1 marked Latin-1 string
Flavor: r-oldrel-windows-ix86+x86_64