CRAN Package Check Results for Package FactoMineR

Last updated on 2015-03-03 03:48:53.

Flavor Version Tinstall Tcheck Ttotal Status Flags
r-devel-linux-x86_64-debian-clang 1.29 5.02 103.07 108.08 NOTE
r-devel-linux-x86_64-debian-gcc 1.29 5.07 102.06 107.13 NOTE
r-devel-linux-x86_64-fedora-clang 1.29 223.13 NOTE
r-devel-linux-x86_64-fedora-gcc 1.29 205.03 NOTE
r-devel-osx-x86_64-clang 1.29 184.89 NOTE
r-devel-windows-ix86+x86_64 1.29 22.00 186.00 208.00 NOTE
r-patched-linux-x86_64 1.29 7.13 124.11 131.24 NOTE
r-patched-solaris-sparc 1.29 1405.40 NOTE
r-patched-solaris-x86 1.29 325.90 NOTE
r-release-linux-ix86 1.29 8.24 143.68 151.92 NOTE
r-release-linux-x86_64 1.29 7.13 124.20 131.34 NOTE
r-release-osx-x86_64-mavericks 1.29 NOTE
r-release-osx-x86_64-snowleopard 1.29 NOTE
r-release-windows-ix86+x86_64 1.29 19.00 247.00 266.00 NOTE
r-oldrel-windows-ix86+x86_64 1.29 18.00 165.00 183.00 NOTE

Check Details

Version: 1.29
Check: DESCRIPTION meta-information
Result: NOTE
    Malformed Description field: should contain one or more complete sentences.
Flavors: r-devel-linux-x86_64-debian-clang, r-devel-linux-x86_64-debian-gcc, r-devel-linux-x86_64-fedora-clang, r-devel-linux-x86_64-fedora-gcc, r-devel-osx-x86_64-clang, r-devel-windows-ix86+x86_64

Version: 1.29
Check: data for non-ASCII characters
Result: NOTE
     Note: found 1 marked Latin-1 string
Flavors: r-devel-linux-x86_64-debian-clang, r-devel-linux-x86_64-debian-gcc, r-devel-linux-x86_64-fedora-clang, r-devel-linux-x86_64-fedora-gcc, r-devel-osx-x86_64-clang, r-devel-windows-ix86+x86_64, r-patched-linux-x86_64, r-patched-solaris-sparc, r-patched-solaris-x86, r-release-linux-ix86, r-release-linux-x86_64, r-release-osx-x86_64-mavericks, r-release-osx-x86_64-snowleopard, r-release-windows-ix86+x86_64, r-oldrel-windows-ix86+x86_64