CRAN Package Check Results for Package FactoMineR

Last updated on 2014-11-01 11:49:01.

Flavor Version Tinstall Tcheck Ttotal Status Flags
r-devel-linux-x86_64-debian-clang 1.27 2.07 93.29 95.36 NOTE
r-devel-linux-x86_64-debian-gcc 1.27 1.93 95.21 97.14 NOTE
r-devel-linux-x86_64-fedora-clang 1.27 195.45 NOTE
r-devel-linux-x86_64-fedora-gcc 1.27 186.50 NOTE
r-devel-osx-x86_64-clang 1.27 157.99 NOTE
r-devel-windows-ix86+x86_64 1.27 6.00 115.00 121.00 NOTE
r-patched-linux-x86_64 1.27 2.13 102.07 104.20 NOTE
r-patched-solaris-sparc 1.27 1060.60 NOTE
r-patched-solaris-x86 1.27 223.50 NOTE
r-release-linux-ix86 1.27 2.59 116.04 118.64 NOTE
r-release-linux-x86_64 1.27 2.08 98.78 100.85 NOTE
r-release-osx-x86_64-mavericks 1.27 NOTE
r-release-osx-x86_64-snowleopard 1.27 NOTE
r-release-windows-ix86+x86_64 1.27 6.00 140.00 146.00 NOTE
r-oldrel-windows-ix86+x86_64 1.27 7.00 133.00 140.00 NOTE

Check Details

Version: 1.27
Check: data for non-ASCII characters
Result: NOTE
     Note: found 1 marked Latin-1 string
Flavors: r-devel-linux-x86_64-debian-clang, r-devel-linux-x86_64-debian-gcc, r-devel-linux-x86_64-fedora-clang, r-devel-linux-x86_64-fedora-gcc, r-devel-osx-x86_64-clang, r-devel-windows-ix86+x86_64, r-patched-linux-x86_64, r-patched-solaris-sparc, r-patched-solaris-x86, r-release-linux-ix86, r-release-linux-x86_64, r-release-osx-x86_64-mavericks, r-release-osx-x86_64-snowleopard, r-release-windows-ix86+x86_64, r-oldrel-windows-ix86+x86_64