CRAN Package Check Results for Package FactoMineR

Last updated on 2014-09-16 23:47:35.

Flavor Version Tinstall Tcheck Ttotal Status Flags
r-devel-linux-x86_64-debian-clang 1.27 2.10 94.62 96.72 NOTE
r-devel-linux-x86_64-debian-gcc 1.27 1.94 94.55 96.50 NOTE
r-devel-linux-x86_64-fedora-clang 1.27 194.97 NOTE
r-devel-linux-x86_64-fedora-gcc 1.27 221.75 NOTE
r-devel-osx-x86_64-clang 1.27 144.53 NOTE
r-devel-windows-ix86+x86_64 1.27 7.00 124.00 131.00 NOTE
r-patched-linux-x86_64 1.27 2.01 94.40 96.40 NOTE
r-patched-solaris-sparc 1.27 1060.60 NOTE
r-patched-solaris-x86 1.27 221.00 NOTE
r-release-linux-ix86 1.27 2.62 117.31 119.94 NOTE
r-release-linux-x86_64 1.27 2.06 105.09 107.15 NOTE
r-release-osx-x86_64-mavericks 1.27 NOTE
r-release-osx-x86_64-snowleopard 1.27 NOTE
r-release-windows-ix86+x86_64 1.27 7.00 142.00 149.00 NOTE
r-oldrel-windows-ix86+x86_64 1.27 8.00 135.00 143.00 NOTE

Check Details

Version: 1.27
Check: data for non-ASCII characters
Result: NOTE
     Note: found 1 marked Latin-1 string
Flavors: r-devel-linux-x86_64-debian-clang, r-devel-linux-x86_64-debian-gcc, r-devel-linux-x86_64-fedora-clang, r-devel-linux-x86_64-fedora-gcc, r-devel-osx-x86_64-clang, r-devel-windows-ix86+x86_64, r-patched-linux-x86_64, r-patched-solaris-sparc, r-patched-solaris-x86, r-release-linux-ix86, r-release-linux-x86_64, r-release-osx-x86_64-mavericks, r-release-osx-x86_64-snowleopard, r-release-windows-ix86+x86_64, r-oldrel-windows-ix86+x86_64