CRAN Package Check Results for Package FactoMineR

Last updated on 2014-04-23 07:54:58.

Flavor Version Tinstall Tcheck Ttotal Status Flags
r-devel-linux-x86_64-debian-clang 1.26 2.11 75.54 77.65 NOTE
r-devel-linux-x86_64-debian-gcc 1.26 2.05 77.25 79.30 NOTE
r-devel-linux-x86_64-fedora-clang 1.26 162.34 NOTE
r-devel-linux-x86_64-fedora-gcc 1.26 156.52 NOTE
r-devel-osx-x86_64-clang 1.26 127.43 NOTE
r-devel-osx-x86_64-gcc 1.26 ERROR
r-devel-windows-ix86+x86_64 1.26 7.00 93.00 100.00 NOTE
r-patched-linux-x86_64 1.26 2.18 76.64 78.82 NOTE
r-patched-solaris-sparc 1.26 819.10 NOTE
r-patched-solaris-x86 1.26 169.50 NOTE
r-release-linux-ix86 1.26 4.00 113.00 117.00 NOTE
r-release-linux-x86_64 1.26 2.06 77.60 79.66 NOTE
r-release-osx-x86_64-mavericks 1.26 NOTE
r-release-osx-x86_64-snowleopard 1.26 NOTE
r-release-windows-ix86+x86_64 1.26 6.00 100.00 106.00 NOTE
r-oldrel-windows-ix86+x86_64 1.26 7.00 104.00 111.00 NOTE

Check Details

Version: 1.26
Check: data for non-ASCII characters
Result: NOTE
     Note: found 1 marked Latin-1 string
Flavors: r-devel-linux-x86_64-debian-clang, r-devel-linux-x86_64-debian-gcc, r-devel-linux-x86_64-fedora-clang, r-devel-linux-x86_64-fedora-gcc, r-devel-osx-x86_64-clang, r-devel-windows-ix86+x86_64, r-patched-linux-x86_64, r-patched-solaris-sparc, r-patched-solaris-x86, r-release-linux-ix86, r-release-linux-x86_64, r-release-osx-x86_64-mavericks, r-release-osx-x86_64-snowleopard, r-release-windows-ix86+x86_64, r-oldrel-windows-ix86+x86_64

Version: 1.26
Check: package dependencies
Result: ERROR
    Package required but not available: ‘car’
    
    Package suggested but not available for checking: ‘missMDA’
    
    See the information on DESCRIPTION files in the chapter ‘Creating R
    packages’ of the ‘Writing R Extensions’ manual.
Flavor: r-devel-osx-x86_64-gcc