CRAN Package Check Results for Package FactoMineR

Last updated on 2014-08-29 17:47:31.

Flavor Version Tinstall Tcheck Ttotal Status Flags
r-devel-linux-x86_64-debian-clang 1.27 2.04 91.04 93.07 NOTE
r-devel-linux-x86_64-debian-gcc 1.27 2.21 89.63 91.84 NOTE
r-devel-linux-x86_64-fedora-clang 1.27 116.25 NOTE
r-devel-linux-x86_64-fedora-gcc 1.27 99.76 NOTE
r-devel-osx-x86_64-clang 1.27 74.04 NOTE
r-devel-windows-ix86+x86_64 1.27 11.00 174.00 185.00 NOTE
r-patched-linux-x86_64 1.26 1.95 80.76 82.71 NOTE
r-patched-solaris-sparc 1.27 1060.60 NOTE
r-patched-solaris-x86 1.27 200.70 NOTE
r-release-linux-ix86 1.26 2.50 89.56 92.06 NOTE
r-release-linux-x86_64 1.27 2.04 96.38 98.42 NOTE
r-release-osx-x86_64-mavericks 1.27 NOTE
r-release-osx-x86_64-snowleopard 1.26 NOTE
r-release-windows-ix86+x86_64 1.27 7.00 136.00 143.00 NOTE
r-oldrel-windows-ix86+x86_64 1.27 8.00 142.00 150.00 NOTE

Check Details

Version: 1.27
Check: data for non-ASCII characters
Result: NOTE
     Note: found 1 marked Latin-1 string
Flavors: r-devel-linux-x86_64-debian-clang, r-devel-linux-x86_64-debian-gcc, r-devel-linux-x86_64-fedora-clang, r-devel-linux-x86_64-fedora-gcc, r-devel-osx-x86_64-clang, r-devel-windows-ix86+x86_64, r-patched-solaris-sparc, r-patched-solaris-x86, r-release-linux-x86_64, r-release-osx-x86_64-mavericks, r-release-windows-ix86+x86_64, r-oldrel-windows-ix86+x86_64

Version: 1.26
Check: data for non-ASCII characters
Result: NOTE
     Note: found 1 marked Latin-1 string
Flavors: r-patched-linux-x86_64, r-release-linux-ix86, r-release-osx-x86_64-snowleopard