CRAN Package Check Results for Package FactoMineR

Last updated on 2017-02-22 03:47:21.

Flavor Version Tinstall Tcheck Ttotal Status Flags
r-devel-linux-x86_64-debian-clang 1.34 0.24 3.42 3.66 ERROR
r-devel-linux-x86_64-debian-gcc 1.35 2.00 88.61 90.61 OK
r-devel-linux-x86_64-fedora-clang 1.35 176.26 NOTE --no-stop-on-test-error
r-devel-linux-x86_64-fedora-gcc 1.35 97.55 NOTE --no-stop-on-test-error
r-devel-macos-x86_64-clang 1.35 101.65 NOTE --no-stop-on-test-error
r-devel-windows-ix86+x86_64 1.35 21.00 244.00 265.00 OK
r-patched-linux-x86_64 1.35 1.92 81.06 82.98 OK
r-patched-solaris-sparc 1.35 894.30 NOTE
r-patched-solaris-x86 1.35 151.60 NOTE
r-release-linux-x86_64 1.34 1.84 79.57 81.41 OK
r-release-osx-x86_64-mavericks 1.35 NOTE
r-release-windows-ix86+x86_64 1.35 17.00 224.00 241.00 OK
r-oldrel-windows-ix86+x86_64 1.33 14.00 196.00 210.00 NOTE

Check Details

Version: 1.34
Check: package dependencies
Result: NOTE
    Package suggested but not available for checking: ‘missMDA’
Flavor: r-devel-linux-x86_64-debian-clang

Version: 1.34
Check: whether package can be installed
Result: ERROR
    Installation failed.
Flavor: r-devel-linux-x86_64-debian-clang

Version: 1.35
Flags: --no-stop-on-test-error
Check: data for non-ASCII characters
Result: NOTE
     Note: found 1 marked Latin-1 string
Flavors: r-devel-linux-x86_64-fedora-clang, r-devel-linux-x86_64-fedora-gcc, r-devel-macos-x86_64-clang

Version: 1.35
Check: data for non-ASCII characters
Result: NOTE
     Note: found 1 marked Latin-1 string
Flavors: r-patched-solaris-sparc, r-patched-solaris-x86, r-release-osx-x86_64-mavericks

Version: 1.33
Check: data for non-ASCII characters
Result: NOTE
     Note: found 1 marked Latin-1 string
Flavor: r-oldrel-windows-ix86+x86_64