CRAN Package Check Results for Package Fahrmeir

Last updated on 2015-04-19 11:51:06.

Flavor Version Tinstall Tcheck Ttotal Status Flags
r-devel-linux-x86_64-debian-clang 2012.04-0 0.60 7.20 7.80 NOTE
r-devel-linux-x86_64-debian-gcc 2012.04-0 0.59 6.36 6.94 NOTE
r-devel-linux-x86_64-fedora-clang 2012.04-0 13.15 NOTE
r-devel-linux-x86_64-fedora-gcc 2012.04-0 14.78 NOTE
r-devel-osx-x86_64-clang 2012.04-0 18.14 NOTE
r-devel-windows-ix86+x86_64 2012.04-0 4.00 13.00 17.00 NOTE
r-patched-linux-x86_64 2012.04-0 0.67 6.05 6.72 NOTE
r-patched-solaris-sparc 2012.04-0 95.40 NOTE
r-patched-solaris-x86 2012.04-0 20.10 NOTE
r-release-linux-x86_64 2012.04-0 0.63 6.06 6.69 NOTE
r-release-osx-x86_64-mavericks 2012.04-0 NOTE
r-release-osx-x86_64-snowleopard 2012.04-0 NOTE
r-release-windows-ix86+x86_64 2012.04-0 2.00 11.00 13.00 NOTE
r-oldrel-windows-ix86+x86_64 2012.04-0 3.00 14.00 17.00 OK

Check Details

Version: 2012.04-0
Check: DESCRIPTION meta-information
Result: NOTE
    Malformed Description field: should contain one or more complete sentences.
Flavors: r-devel-linux-x86_64-debian-clang, r-devel-linux-x86_64-debian-gcc, r-devel-linux-x86_64-fedora-clang, r-devel-linux-x86_64-fedora-gcc, r-devel-osx-x86_64-clang, r-devel-windows-ix86+x86_64, r-patched-linux-x86_64, r-patched-solaris-sparc, r-patched-solaris-x86, r-release-linux-x86_64, r-release-osx-x86_64-mavericks, r-release-osx-x86_64-snowleopard, r-release-windows-ix86+x86_64