CRAN Package Check Results for Package Fahrmeir

Last updated on 2015-03-28 09:48:15.

Flavor Version Tinstall Tcheck Ttotal Status Flags
r-devel-linux-x86_64-debian-clang 2012.04-0 0.60 6.12 6.73 NOTE
r-devel-linux-x86_64-debian-gcc 2012.04-0 0.59 6.22 6.81 NOTE
r-devel-linux-x86_64-fedora-clang 2012.04-0 13.70 NOTE
r-devel-linux-x86_64-fedora-gcc 2012.04-0 13.97 NOTE
r-devel-osx-x86_64-clang 2012.04-0 19.61 NOTE
r-prerel-windows-ix86+x86_64 2012.04-0 3.00 11.00 14.00 NOTE
r-prerel-linux-x86_64 2012.04-0 0.60 6.16 6.76 NOTE
r-prerel-solaris-sparc 2012.04-0 95.40 NOTE
r-prerel-solaris-x86 2012.04-0 19.90 NOTE
r-release-linux-x86_64 2012.04-0 0.66 6.29 6.95 OK
r-release-osx-x86_64-mavericks 2012.04-0 OK
r-release-windows-ix86+x86_64 2012.04-0 3.00 11.00 14.00 OK
r-oldrel-windows-ix86+x86_64 2012.04-0 3.00 17.00 20.00 OK

Check Details

Version: 2012.04-0
Check: DESCRIPTION meta-information
Result: NOTE
    Malformed Description field: should contain one or more complete sentences.
Flavors: r-devel-linux-x86_64-debian-clang, r-devel-linux-x86_64-debian-gcc, r-devel-linux-x86_64-fedora-clang, r-devel-linux-x86_64-fedora-gcc, r-devel-osx-x86_64-clang, r-prerel-windows-ix86+x86_64, r-prerel-linux-x86_64, r-prerel-solaris-sparc, r-prerel-solaris-x86