CRAN Package Check Results for Package Fahrmeir

Last updated on 2015-05-25 18:46:55.

Flavor Version Tinstall Tcheck Ttotal Status Flags
r-devel-linux-x86_64-debian-clang 2012.04-0 0.63 6.19 6.82 NOTE
r-devel-linux-x86_64-debian-gcc 2012.04-0 0.70 6.12 6.83 NOTE
r-devel-linux-x86_64-fedora-clang 2012.04-0 13.20 NOTE
r-devel-linux-x86_64-fedora-gcc 2012.04-0 12.87 NOTE
r-devel-osx-x86_64-clang 2012.04-0 17.32 NOTE
r-devel-windows-ix86+x86_64 2012.04-0 2.00 12.00 14.00 NOTE
r-patched-linux-x86_64 2012.04-0 0.62 6.02 6.64 NOTE
r-patched-solaris-sparc 2012.04-0 83.40 NOTE
r-patched-solaris-x86 2012.04-0 20.20 NOTE
r-release-linux-x86_64 2012.04-0 0.60 6.31 6.91 NOTE
r-release-osx-x86_64-mavericks 2012.04-0 NOTE
r-release-osx-x86_64-snowleopard 2012.04-0 NOTE
r-release-windows-ix86+x86_64 2012.04-0 2.00 13.00 15.00 NOTE
r-oldrel-windows-ix86+x86_64 2012.04-0 3.00 12.00 15.00 OK

Check Details

Version: 2012.04-0
Check: DESCRIPTION meta-information
Result: NOTE
    Malformed Description field: should contain one or more complete sentences.
Flavors: r-devel-linux-x86_64-debian-clang, r-devel-linux-x86_64-debian-gcc, r-devel-linux-x86_64-fedora-clang, r-devel-linux-x86_64-fedora-gcc, r-devel-osx-x86_64-clang, r-devel-windows-ix86+x86_64, r-patched-linux-x86_64, r-patched-solaris-sparc, r-patched-solaris-x86, r-release-linux-x86_64, r-release-osx-x86_64-mavericks, r-release-osx-x86_64-snowleopard, r-release-windows-ix86+x86_64