CRAN Package Check Results for Package FarmSelect

Last updated on 2024-02-21 01:49:19 CET.

Flavor Version Tinstall Tcheck Ttotal Status Flags
r-devel-linux-x86_64-debian-clang 1.0.2 NOTE
r-devel-linux-x86_64-debian-gcc 1.0.2 33.90 65.33 99.23 NOTE
r-devel-linux-x86_64-fedora-clang 1.0.2 183.87 NOTE
r-devel-linux-x86_64-fedora-gcc 1.0.2 180.98 NOTE
r-devel-windows-x86_64 1.0.2 35.00 107.00 142.00 NOTE
r-patched-linux-x86_64 1.0.2 49.15 84.29 133.44 NOTE
r-release-linux-x86_64 1.0.2 38.36 83.19 121.55 NOTE
r-release-macos-arm64 1.0.2 61.00 NOTE
r-release-macos-x86_64 1.0.2 94.00 NOTE
r-release-windows-x86_64 1.0.2 42.00 126.00 168.00 NOTE
r-oldrel-macos-arm64 1.0.2 58.00 NOTE
r-oldrel-windows-x86_64 1.0.2 41.00 125.00 166.00 NOTE

Check Details

Version: 1.0.2
Check: LazyData
Result: NOTE 'LazyData' is specified without a 'data' directory Flavors: r-devel-linux-x86_64-debian-clang, r-devel-linux-x86_64-debian-gcc, r-devel-linux-x86_64-fedora-clang, r-devel-linux-x86_64-fedora-gcc, r-devel-windows-x86_64, r-patched-linux-x86_64, r-release-linux-x86_64, r-release-macos-arm64, r-release-macos-x86_64, r-release-windows-x86_64, r-oldrel-macos-arm64, r-oldrel-windows-x86_64