CRAN Package Check Results for Package FarmTest

Last updated on 2022-12-05 12:55:29 CET.

Flavor Version Tinstall Tcheck Ttotal Status Flags
r-devel-linux-x86_64-debian-clang 2.2.0 51.99 44.77 96.76 OK
r-devel-linux-x86_64-debian-gcc 2.2.0 41.73 31.48 73.21 OK
r-devel-linux-x86_64-fedora-clang 2.2.0 140.04 OK
r-devel-linux-x86_64-fedora-gcc 2.2.0 144.91 OK
r-devel-windows-x86_64 2.2.0 45.00 87.00 132.00 OK
r-patched-linux-x86_64 2.2.0 41.57 53.66 95.23 OK
r-release-linux-x86_64 2.2.0 42.88 55.31 98.19 OK
r-release-macos-arm64 2.2.0 35.00 OK
r-release-macos-x86_64 2.2.0 46.00 OK
r-release-windows-x86_64 2.2.0 54.00 91.00 145.00 OK
r-oldrel-macos-arm64 2.2.0 42.00 NOTE
r-oldrel-macos-x86_64 2.2.0 61.00 OK
r-oldrel-windows-ix86+x86_64 2.2.0 109.00 138.00 247.00 OK

Check Details

Version: 2.2.0
Check: installed package size
Result: NOTE
     installed size is 6.1Mb
     sub-directories of 1Mb or more:
     libs 5.9Mb
Flavor: r-oldrel-macos-arm64