CRAN Package Check Results for Package FastBandChol

Last updated on 2020-11-30 18:51:16 CET.

Flavor Version Tinstall Tcheck Ttotal Status Flags
r-devel-linux-x86_64-debian-clang 0.1.1 39.36 26.71 66.07 OK
r-devel-linux-x86_64-debian-gcc 0.1.1 33.66 22.36 56.02 OK
r-devel-linux-x86_64-fedora-clang 0.1.1 85.35 NOTE
r-devel-linux-x86_64-fedora-gcc 0.1.1 67.67 NOTE
r-devel-windows-ix86+x86_64 0.1.1 73.00 69.00 142.00 OK
r-patched-linux-x86_64 0.1.1 51.88 26.05 77.93 OK
r-patched-solaris-x86 0.1.1 79.70 OK
r-release-linux-x86_64 0.1.1 52.03 25.84 77.87 OK
r-release-macos-x86_64 0.1.1 OK
r-release-windows-ix86+x86_64 0.1.1 75.00 54.00 129.00 OK
r-oldrel-macos-x86_64 0.1.1 OK
r-oldrel-windows-ix86+x86_64 0.1.1 53.00 68.00 121.00 OK

Check Details

Version: 0.1.1
Check: compiled code
Result: NOTE
    File ‘FastBandChol/libs/FastBandChol.so’:
     Found no calls to: ‘R_registerRoutines’, ‘R_useDynamicSymbols’
    
    It is good practice to register native routines and to disable symbol
    search.
    
    See ‘Writing portable packages’ in the ‘Writing R Extensions’ manual.
Flavors: r-devel-linux-x86_64-fedora-clang, r-devel-linux-x86_64-fedora-gcc