CRAN Package Check Results for Package FastGaSP

Last updated on 2024-03-02 13:50:20 CET.

Flavor Version Tinstall Tcheck Ttotal Status Flags
r-devel-linux-x86_64-debian-clang 0.5.2 44.78 40.39 85.17 NOTE
r-devel-linux-x86_64-debian-gcc 0.5.2 45.67 32.33 78.00 NOTE
r-devel-linux-x86_64-fedora-clang 0.5.2 113.76 NOTE
r-devel-linux-x86_64-fedora-gcc 0.5.2 126.88 NOTE
r-devel-windows-x86_64 0.5.2 37.00 86.00 123.00 NOTE
r-patched-linux-x86_64 0.5.2 39.03 39.93 78.96 OK
r-release-linux-x86_64 0.5.2 45.01 41.72 86.73 OK
r-release-macos-arm64 0.5.2 40.00 NOTE
r-release-macos-x86_64 0.5.2 63.00 NOTE
r-release-windows-x86_64 0.5.2 54.00 88.00 142.00 OK
r-oldrel-macos-arm64 0.5.2 37.00 NOTE
r-oldrel-windows-x86_64 0.5.2 43.00 83.00 126.00 OK

Check Details

Version: 0.5.2
Check: Rd files
Result: NOTE checkRd: (-1) show.fgasp.Rd:13: Lost braces 13 | Function to print the code{fgasp} object. | ^ Flavors: r-devel-linux-x86_64-debian-clang, r-devel-linux-x86_64-debian-gcc, r-devel-linux-x86_64-fedora-clang, r-devel-linux-x86_64-fedora-gcc

Version: 0.5.2
Check: Rd \usage sections
Result: NOTE Documented arguments not in \usage in Rd file 'Get_C_R_K_Q.Rd': ‘have_noise’ Documented arguments not in \usage in Rd file 'Sample_KF_post.Rd': ‘C0’ Functions with \usage entries need to have the appropriate \alias entries, and all their arguments documented. The \usage entries must correspond to syntactically valid R code. See chapter ‘Writing R documentation files’ in the ‘Writing R Extensions’ manual. Flavors: r-devel-linux-x86_64-debian-clang, r-devel-linux-x86_64-debian-gcc, r-devel-linux-x86_64-fedora-clang, r-devel-linux-x86_64-fedora-gcc, r-devel-windows-x86_64

Version: 0.5.2
Check: dependencies in R code
Result: NOTE Namespace in Imports field not imported from: ‘RobustGaSP’ All declared Imports should be used. Flavors: r-devel-linux-x86_64-fedora-clang, r-devel-linux-x86_64-fedora-gcc, r-oldrel-macos-arm64

Version: 0.5.2
Check: installed package size
Result: NOTE installed size is 10.3Mb sub-directories of 1Mb or more: libs 10.0Mb Flavors: r-release-macos-arm64, r-release-macos-x86_64, r-oldrel-macos-arm64