CRAN Package Check Results for Package FastKM

Last updated on 2019-03-19 04:48:23 CET.

Flavor Version Tinstall Tcheck Ttotal Status Flags
r-devel-linux-x86_64-debian-clang 1.0 6.44 57.11 63.55 NOTE
r-devel-linux-x86_64-debian-gcc 1.0 5.76 45.07 50.83 NOTE
r-devel-linux-x86_64-fedora-clang 1.0 76.09 NOTE
r-devel-linux-x86_64-fedora-gcc 1.0 71.59 NOTE
r-devel-windows-ix86+x86_64 1.0 16.00 81.00 97.00 NOTE
r-patched-linux-x86_64 1.0 4.22 53.37 57.59 NOTE
r-patched-solaris-x86 1.0 112.50 NOTE
r-release-linux-x86_64 1.0 5.32 53.86 59.18 NOTE
r-release-windows-ix86+x86_64 1.0 11.00 102.00 113.00 NOTE
r-release-osx-x86_64 1.0 NOTE
r-oldrel-windows-ix86+x86_64 1.0 12.00 88.00 100.00 NOTE
r-oldrel-osx-x86_64 1.0 NOTE

Check Details

Version: 1.0
Check: package dependencies
Result: NOTE
    Package suggested but not available for checking: 'coxKM'
Flavors: r-devel-linux-x86_64-debian-clang, r-devel-linux-x86_64-debian-gcc, r-devel-linux-x86_64-fedora-clang, r-devel-linux-x86_64-fedora-gcc, r-devel-windows-ix86+x86_64, r-patched-linux-x86_64, r-patched-solaris-x86, r-release-linux-x86_64, r-release-windows-ix86+x86_64, r-release-osx-x86_64, r-oldrel-windows-ix86+x86_64, r-oldrel-osx-x86_64