CRAN Package Check Results for Package FastKM

Last updated on 2023-02-07 20:53:42 CET.

Flavor Version Tinstall Tcheck Ttotal Status Flags
r-devel-linux-x86_64-debian-clang 1.1 10.84 71.92 82.76 NOTE
r-devel-linux-x86_64-debian-gcc 1.1 7.46 54.80 62.26 NOTE
r-devel-linux-x86_64-fedora-clang 1.1 114.73 NOTE
r-devel-linux-x86_64-fedora-gcc 1.1 106.69 NOTE
r-devel-windows-x86_64 1.1 12.00 94.00 106.00 NOTE
r-patched-linux-x86_64 1.1 7.17 69.17 76.34 NOTE
r-release-linux-x86_64 1.1 7.15 68.66 75.81 NOTE
r-release-macos-arm64 1.1 31.00 NOTE
r-release-macos-x86_64 1.1 44.00 NOTE
r-release-windows-x86_64 1.1 20.00 105.00 125.00 NOTE
r-oldrel-macos-arm64 1.1 30.00 NOTE
r-oldrel-macos-x86_64 1.1 43.00 NOTE
r-oldrel-windows-ix86+x86_64 1.1 18.00 92.00 110.00 NOTE

Check Details

Version: 1.1
Check: package dependencies
Result: NOTE
    Package suggested but not available for checking: ‘coxKM’
Flavors: r-devel-linux-x86_64-debian-clang, r-devel-linux-x86_64-debian-gcc, r-devel-linux-x86_64-fedora-clang, r-devel-linux-x86_64-fedora-gcc, r-devel-windows-x86_64, r-patched-linux-x86_64, r-release-linux-x86_64, r-release-macos-arm64, r-release-macos-x86_64, r-release-windows-x86_64, r-oldrel-macos-arm64, r-oldrel-macos-x86_64, r-oldrel-windows-ix86+x86_64