CRAN Package Check Results for Package FastKM

Last updated on 2019-05-22 18:51:40 CEST.

Flavor Version Tinstall Tcheck Ttotal Status Flags
r-devel-linux-x86_64-debian-clang 1.0 6.85 55.42 62.27 NOTE
r-devel-linux-x86_64-debian-gcc 1.0 5.66 44.60 50.26 NOTE
r-devel-linux-x86_64-fedora-clang 1.0 74.54 NOTE
r-devel-linux-x86_64-fedora-gcc 1.0 71.28 NOTE
r-devel-windows-ix86+x86_64 1.0 14.00 88.00 102.00 NOTE
r-patched-linux-x86_64 1.0 7.73 56.10 63.83 NOTE
r-patched-solaris-x86 1.0 112.60 NOTE
r-release-linux-x86_64 1.0 7.03 55.51 62.54 NOTE
r-release-windows-ix86+x86_64 1.0 18.00 68.00 86.00 NOTE
r-release-osx-x86_64 1.0 NOTE
r-oldrel-windows-ix86+x86_64 1.0 8.00 61.00 69.00 NOTE
r-oldrel-osx-x86_64 1.0 NOTE

Check Details

Version: 1.0
Check: package dependencies
Result: NOTE
    Package suggested but not available for checking: 'coxKM'
Flavors: r-devel-linux-x86_64-debian-clang, r-devel-linux-x86_64-debian-gcc, r-devel-linux-x86_64-fedora-clang, r-devel-linux-x86_64-fedora-gcc, r-devel-windows-ix86+x86_64, r-patched-linux-x86_64, r-patched-solaris-x86, r-release-linux-x86_64, r-release-windows-ix86+x86_64, r-release-osx-x86_64, r-oldrel-windows-ix86+x86_64, r-oldrel-osx-x86_64