CRAN Package Check Results for Package FastPCS

Last updated on 2017-04-26 23:52:56.

Flavor Version Tinstall Tcheck Ttotal Status Flags
r-devel-linux-x86_64-debian-clang 0.1.2 11.37 11.71 23.08 NOTE
r-devel-linux-x86_64-debian-gcc 0.1.2 11.41 11.87 23.28 NOTE
r-devel-linux-x86_64-fedora-clang 0.1.2 43.02 NOTE --no-stop-on-test-error
r-devel-linux-x86_64-fedora-gcc 0.1.2 40.08 NOTE --no-stop-on-test-error
r-devel-windows-ix86+x86_64 0.1.2 34.00 60.00 94.00 NOTE
r-patched-linux-x86_64 0.1.2 10.45 11.59 22.03 NOTE
r-patched-solaris-sparc 0.1.2 192.50 NOTE
r-patched-solaris-x86 0.1.2 44.50 NOTE
r-release-linux-x86_64 0.1.2 10.69 11.51 22.20 NOTE
r-release-windows-ix86+x86_64 0.1.2 24.00 41.00 65.00 NOTE
r-release-osx-x86_64 0.1.2 NOTE
r-oldrel-windows-ix86+x86_64 0.1.2 25.00 52.00 77.00 NOTE
r-oldrel-osx-x86_64 0.1.2 NOTE

Check Details

Version: 0.1.2
Check: S3 generic/method consistency
Result: NOTE
    Found the following apparent S3 methods exported but not registered:
     plot.FastPCS
    See section ‘Registering S3 methods’ in the ‘Writing R Extensions’
    manual.
Flavors: r-devel-linux-x86_64-debian-clang, r-devel-linux-x86_64-debian-gcc, r-patched-linux-x86_64, r-patched-solaris-sparc, r-patched-solaris-x86, r-release-linux-x86_64

Version: 0.1.2
Check: R code for possible problems
Result: NOTE
    FastPCS: no visible global function definition for ‘complete.cases’
    FastPCS: no visible global function definition for ‘cov’
    FastPCS: no visible global function definition for ‘mahalanobis’
    FastPCS: no visible global function definition for ‘qchisq’
    FastPCS: no visible global function definition for ‘quantile’
    plot.FastPCS: no visible global function definition for ‘plot’
    plot.FastPCS: no visible global function definition for ‘abline’
    plot.FastPCS: no visible global function definition for ‘qchisq’
    Undefined global functions or variables:
     abline complete.cases cov mahalanobis plot qchisq quantile
    Consider adding
     importFrom("graphics", "abline", "plot")
     importFrom("stats", "complete.cases", "cov", "mahalanobis", "qchisq",
     "quantile")
    to your NAMESPACE file.
Flavors: r-devel-linux-x86_64-debian-clang, r-devel-linux-x86_64-debian-gcc, r-devel-windows-ix86+x86_64, r-patched-linux-x86_64, r-patched-solaris-sparc, r-patched-solaris-x86, r-release-linux-x86_64, r-release-windows-ix86+x86_64, r-release-osx-x86_64, r-oldrel-windows-ix86+x86_64, r-oldrel-osx-x86_64

Version: 0.1.2
Check: compiled code
Result: NOTE
    File ‘FastPCS/libs/FastPCS.so’:
     Found no calls to: ‘R_registerRoutines’, ‘R_useDynamicSymbols’
    
    It is good practice to register native routines and to disable symbol
    search.
    
    See ‘Writing portable packages’ in the ‘Writing R Extensions’ manual.
Flavors: r-devel-linux-x86_64-debian-clang, r-devel-linux-x86_64-debian-gcc, r-patched-linux-x86_64, r-release-linux-x86_64

Version: 0.1.2
Flags: --no-stop-on-test-error
Check: installed package size
Result: NOTE
     installed size is 8.2Mb
     sub-directories of 1Mb or more:
     libs 8.1Mb
Flavors: r-devel-linux-x86_64-fedora-clang, r-devel-linux-x86_64-fedora-gcc

Version: 0.1.2
Flags: --no-stop-on-test-error
Check: S3 generic/method consistency
Result: NOTE
    Found the following apparent S3 methods exported but not registered:
     plot.FastPCS
    See section ‘Registering S3 methods’ in the ‘Writing R Extensions’
    manual.
Flavors: r-devel-linux-x86_64-fedora-clang, r-devel-linux-x86_64-fedora-gcc

Version: 0.1.2
Flags: --no-stop-on-test-error
Check: R code for possible problems
Result: NOTE
    FastPCS: no visible global function definition for ‘complete.cases’
    FastPCS: no visible global function definition for ‘cov’
    FastPCS: no visible global function definition for ‘mahalanobis’
    FastPCS: no visible global function definition for ‘qchisq’
    FastPCS: no visible global function definition for ‘quantile’
    plot.FastPCS: no visible global function definition for ‘plot’
    plot.FastPCS: no visible global function definition for ‘abline’
    plot.FastPCS: no visible global function definition for ‘qchisq’
    Undefined global functions or variables:
     abline complete.cases cov mahalanobis plot qchisq quantile
    Consider adding
     importFrom("graphics", "abline", "plot")
     importFrom("stats", "complete.cases", "cov", "mahalanobis", "qchisq",
     "quantile")
    to your NAMESPACE file.
Flavors: r-devel-linux-x86_64-fedora-clang, r-devel-linux-x86_64-fedora-gcc

Version: 0.1.2
Flags: --no-stop-on-test-error
Check: compiled code
Result: NOTE
    File ‘FastPCS/libs/FastPCS.so’:
     Found no calls to: ‘R_registerRoutines’, ‘R_useDynamicSymbols’
    
    It is good practice to register native routines and to disable symbol
    search.
    
    See ‘Writing portable packages’ in the ‘Writing R Extensions’ manual.
Flavors: r-devel-linux-x86_64-fedora-clang, r-devel-linux-x86_64-fedora-gcc

Version: 0.1.2
Check: installed package size
Result: NOTE
     installed size is 8.2Mb
     sub-directories of 1Mb or more:
     libs 8.1Mb
Flavors: r-release-osx-x86_64, r-oldrel-osx-x86_64