CRAN Package Check Results for Package FastPCS

Last updated on 2019-05-25 17:48:08 CEST.

Flavor Version Tinstall Tcheck Ttotal Status Flags
r-devel-linux-x86_64-debian-clang 0.1.3 22.15 18.80 40.95 OK
r-devel-linux-x86_64-debian-gcc 0.1.3 17.69 15.90 33.59 OK
r-devel-linux-x86_64-fedora-clang 0.1.3 56.16 NOTE
r-devel-linux-x86_64-fedora-gcc 0.1.3 50.32 OK
r-devel-windows-ix86+x86_64 0.1.3 30.00 59.00 89.00 OK
r-patched-linux-x86_64 0.1.3 OK
r-patched-solaris-x86 0.1.3 55.60 OK
r-release-linux-x86_64 0.1.3 19.87 19.37 39.24 OK
r-release-windows-ix86+x86_64 0.1.3 47.00 53.00 100.00 OK
r-release-osx-x86_64 0.1.3 NOTE
r-oldrel-windows-ix86+x86_64 0.1.3 43.00 53.00 96.00 OK
r-oldrel-osx-x86_64 0.1.3 NOTE

Check Details

Version: 0.1.3
Check: installed package size
Result: NOTE
     installed size is 8.4Mb
     sub-directories of 1Mb or more:
     libs 8.3Mb
Flavors: r-devel-linux-x86_64-fedora-clang, r-release-osx-x86_64, r-oldrel-osx-x86_64