CRAN Package Check Results for Package FastPCS

Last updated on 2015-03-06 11:48:27.

Flavor Version Tinstall Tcheck Ttotal Status Flags
r-devel-linux-x86_64-debian-clang 0.1.2 9.70 10.37 20.07 NOTE
r-devel-linux-x86_64-debian-gcc 0.1.2 9.94 10.47 20.41 NOTE
r-devel-linux-x86_64-fedora-clang 0.1.2 39.73 NOTE
r-devel-linux-x86_64-fedora-gcc 0.1.2 38.73 NOTE
r-devel-osx-x86_64-clang 0.1.2 38.24 NOTE
r-devel-windows-ix86+x86_64 0.1.2 22.00 32.00 54.00 OK
r-patched-linux-x86_64 0.1.2 12.76 11.50 24.26 NOTE
r-patched-solaris-sparc 0.1.2 269.10 NOTE
r-patched-solaris-x86 0.1.2 60.80 NOTE
r-release-linux-ix86 0.1.2 11.67 20.18 31.85 NOTE
r-release-linux-x86_64 0.1.2 10.16 11.53 21.68 NOTE
r-release-osx-x86_64-mavericks 0.1.2 NOTE
r-release-osx-x86_64-snowleopard 0.1.2 ERROR
r-release-windows-ix86+x86_64 0.1.2 22.00 32.00 54.00 OK
r-oldrel-windows-ix86+x86_64 0.1.0 7.00 1.00 8.00 ERROR

Check Details

Version: 0.1.2
Check: installed package size
Result: NOTE
     installed size is 8.5Mb
     sub-directories of 1Mb or more:
     libs 8.4Mb
Flavors: r-devel-linux-x86_64-debian-clang, r-devel-linux-x86_64-debian-gcc, r-devel-linux-x86_64-fedora-clang, r-devel-linux-x86_64-fedora-gcc, r-patched-linux-x86_64, r-patched-solaris-sparc, r-patched-solaris-x86, r-release-linux-ix86, r-release-linux-x86_64, r-release-osx-x86_64-mavericks

Version: 0.1.2
Check: S3 generic/method consistency
Result: NOTE
    Found the following apparent S3 methods exported but not registered:
     plot.FastPCS
    See section ‘Registering S3 methods’ in the ‘Writing R Extensions’
    manual.
Flavors: r-devel-linux-x86_64-debian-clang, r-devel-linux-x86_64-debian-gcc, r-devel-linux-x86_64-fedora-clang, r-devel-linux-x86_64-fedora-gcc, r-devel-osx-x86_64-clang

Version: 0.1.2
Check: whether package can be installed
Result: ERROR
    Installation failed.
Flavor: r-release-osx-x86_64-snowleopard

Version: 0.1.0
Check: whether package can be installed
Result: ERROR
    Installation failed.
Flavor: r-oldrel-windows-ix86+x86_64