CRAN Package Check Results for Package FastPCS

Last updated on 2017-01-16 17:49:09.

Flavor Version Tinstall Tcheck Ttotal Status Flags
r-devel-linux-x86_64-debian-clang 0.1.2 11.13 11.58 22.70 NOTE
r-devel-linux-x86_64-debian-gcc 0.1.2 11.29 11.22 22.52 NOTE
r-devel-linux-x86_64-fedora-clang 0.1.2 40.85 NOTE --no-stop-on-test-error
r-devel-linux-x86_64-fedora-gcc 0.1.2 39.78 NOTE --no-stop-on-test-error
r-devel-macos-x86_64-clang 0.1.2 33.89 NOTE --no-stop-on-test-error
r-devel-windows-ix86+x86_64 0.1.2 33.00 33.00 66.00 NOTE
r-patched-linux-x86_64 0.1.2 10.46 9.62 20.09 NOTE
r-patched-solaris-sparc 0.1.2 181.80 NOTE
r-patched-solaris-x86 0.1.2 39.90 NOTE
r-release-linux-x86_64 0.1.2 10.59 9.67 20.27 NOTE
r-release-osx-x86_64-mavericks 0.1.2 NOTE
r-release-windows-ix86+x86_64 0.1.2 35.00 39.00 74.00 NOTE
r-oldrel-windows-ix86+x86_64 0.1.2 22.00 42.00 64.00 OK

Check Details

Version: 0.1.2
Check: S3 generic/method consistency
Result: NOTE
    Found the following apparent S3 methods exported but not registered:
     plot.FastPCS
    See section ‘Registering S3 methods’ in the ‘Writing R Extensions’
    manual.
Flavors: r-devel-linux-x86_64-debian-clang, r-devel-linux-x86_64-debian-gcc, r-patched-linux-x86_64, r-patched-solaris-sparc, r-patched-solaris-x86, r-release-linux-x86_64

Version: 0.1.2
Check: R code for possible problems
Result: NOTE
    FastPCS: no visible global function definition for ‘complete.cases’
    FastPCS: no visible global function definition for ‘cov’
    FastPCS: no visible global function definition for ‘mahalanobis’
    FastPCS: no visible global function definition for ‘qchisq’
    FastPCS: no visible global function definition for ‘quantile’
    plot.FastPCS: no visible global function definition for ‘plot’
    plot.FastPCS: no visible global function definition for ‘abline’
    plot.FastPCS: no visible global function definition for ‘qchisq’
    Undefined global functions or variables:
     abline complete.cases cov mahalanobis plot qchisq quantile
    Consider adding
     importFrom("graphics", "abline", "plot")
     importFrom("stats", "complete.cases", "cov", "mahalanobis", "qchisq",
     "quantile")
    to your NAMESPACE file.
Flavors: r-devel-linux-x86_64-debian-clang, r-devel-linux-x86_64-debian-gcc, r-devel-windows-ix86+x86_64, r-patched-linux-x86_64, r-patched-solaris-sparc, r-patched-solaris-x86, r-release-linux-x86_64, r-release-osx-x86_64-mavericks, r-release-windows-ix86+x86_64

Version: 0.1.2
Flags: --no-stop-on-test-error
Check: installed package size
Result: NOTE
     installed size is 8.3Mb
     sub-directories of 1Mb or more:
     libs 8.2Mb
Flavors: r-devel-linux-x86_64-fedora-clang, r-devel-linux-x86_64-fedora-gcc

Version: 0.1.2
Flags: --no-stop-on-test-error
Check: S3 generic/method consistency
Result: NOTE
    Found the following apparent S3 methods exported but not registered:
     plot.FastPCS
    See section ‘Registering S3 methods’ in the ‘Writing R Extensions’
    manual.
Flavors: r-devel-linux-x86_64-fedora-clang, r-devel-linux-x86_64-fedora-gcc, r-devel-macos-x86_64-clang

Version: 0.1.2
Flags: --no-stop-on-test-error
Check: R code for possible problems
Result: NOTE
    FastPCS: no visible global function definition for ‘complete.cases’
    FastPCS: no visible global function definition for ‘cov’
    FastPCS: no visible global function definition for ‘mahalanobis’
    FastPCS: no visible global function definition for ‘qchisq’
    FastPCS: no visible global function definition for ‘quantile’
    plot.FastPCS: no visible global function definition for ‘plot’
    plot.FastPCS: no visible global function definition for ‘abline’
    plot.FastPCS: no visible global function definition for ‘qchisq’
    Undefined global functions or variables:
     abline complete.cases cov mahalanobis plot qchisq quantile
    Consider adding
     importFrom("graphics", "abline", "plot")
     importFrom("stats", "complete.cases", "cov", "mahalanobis", "qchisq",
     "quantile")
    to your NAMESPACE file.
Flavors: r-devel-linux-x86_64-fedora-clang, r-devel-linux-x86_64-fedora-gcc, r-devel-macos-x86_64-clang

Version: 0.1.2
Flags: --no-stop-on-test-error
Check: compiled code
Result: NOTE
    File ‘FastPCS/libs/FastPCS.so’:
     Found no calls to: ‘R_registerRoutines’, ‘R_useDynamicSymbols’
    
    It is good practice to use registered native symbols and disable symbol
    search.
    
    See ‘Writing portable packages’ in the ‘Writing R Extensions’ manual.
Flavor: r-devel-linux-x86_64-fedora-gcc

Version: 0.1.2
Check: installed package size
Result: NOTE
     installed size is 8.4Mb
     sub-directories of 1Mb or more:
     libs 8.3Mb
Flavor: r-release-osx-x86_64-mavericks