CRAN Package Check Results for Package FastPCS

Last updated on 2016-07-25 12:49:37.

Flavor Version Tinstall Tcheck Ttotal Status Flags
r-devel-linux-x86_64-debian-clang 0.1.2 12.59 13.20 25.79 NOTE
r-devel-linux-x86_64-debian-gcc 0.1.2 13.01 12.87 25.87 NOTE
r-devel-linux-x86_64-fedora-clang 0.1.2 44.00 NOTE
r-devel-linux-x86_64-fedora-gcc 0.1.2 37.30 NOTE
r-devel-osx-x86_64-clang 0.1.2 33.49 NOTE
r-devel-windows-ix86+x86_64 0.1.2 33.00 41.00 74.00 NOTE
r-patched-linux-x86_64 0.1.2 12.69 13.47 26.15 NOTE
r-patched-solaris-sparc 0.1.2 195.30 NOTE
r-patched-solaris-x86 0.1.2 40.70 NOTE
r-release-linux-x86_64 0.1.2 13.04 12.83 25.87 NOTE
r-release-osx-x86_64-mavericks 0.1.2 NOTE
r-release-windows-ix86+x86_64 0.1.2 28.00 52.00 80.00 NOTE
r-oldrel-windows-ix86+x86_64 0.1.2 27.00 37.00 64.00 OK

Check Details

Version: 0.1.2
Check: installed package size
Result: NOTE
     installed size is 8.3Mb
     sub-directories of 1Mb or more:
     libs 8.2Mb
Flavors: r-devel-linux-x86_64-debian-clang, r-devel-linux-x86_64-debian-gcc, r-devel-linux-x86_64-fedora-clang, r-devel-linux-x86_64-fedora-gcc, r-patched-linux-x86_64, r-release-linux-x86_64, r-release-osx-x86_64-mavericks

Version: 0.1.2
Check: S3 generic/method consistency
Result: NOTE
    Found the following apparent S3 methods exported but not registered:
     plot.FastPCS
    See section ‘Registering S3 methods’ in the ‘Writing R Extensions’
    manual.
Flavors: r-devel-linux-x86_64-debian-clang, r-devel-linux-x86_64-debian-gcc, r-devel-linux-x86_64-fedora-clang, r-devel-linux-x86_64-fedora-gcc, r-devel-osx-x86_64-clang, r-patched-linux-x86_64, r-patched-solaris-sparc, r-patched-solaris-x86, r-release-linux-x86_64

Version: 0.1.2
Check: R code for possible problems
Result: NOTE
    FastPCS: no visible global function definition for ‘complete.cases’
    FastPCS: no visible global function definition for ‘cov’
    FastPCS: no visible global function definition for ‘mahalanobis’
    FastPCS: no visible global function definition for ‘qchisq’
    FastPCS: no visible global function definition for ‘quantile’
    plot.FastPCS: no visible global function definition for ‘plot’
    plot.FastPCS: no visible global function definition for ‘abline’
    plot.FastPCS: no visible global function definition for ‘qchisq’
    Undefined global functions or variables:
     abline complete.cases cov mahalanobis plot qchisq quantile
    Consider adding
     importFrom("graphics", "abline", "plot")
     importFrom("stats", "complete.cases", "cov", "mahalanobis", "qchisq",
     "quantile")
    to your NAMESPACE file.
Flavors: r-devel-linux-x86_64-debian-clang, r-devel-linux-x86_64-debian-gcc, r-devel-linux-x86_64-fedora-clang, r-devel-linux-x86_64-fedora-gcc, r-devel-osx-x86_64-clang, r-devel-windows-ix86+x86_64, r-patched-linux-x86_64, r-patched-solaris-sparc, r-patched-solaris-x86, r-release-linux-x86_64, r-release-osx-x86_64-mavericks, r-release-windows-ix86+x86_64