CRAN Package Check Results for Package FastPCS

Last updated on 2019-08-18 00:46:11 CEST.

Flavor Version Tinstall Tcheck Ttotal Status Flags
r-devel-linux-x86_64-debian-clang 0.1.3 23.45 19.03 42.48 OK
r-devel-linux-x86_64-debian-gcc 0.1.3 18.69 16.16 34.85 OK
r-devel-linux-x86_64-fedora-clang 0.1.3 57.07 NOTE
r-devel-linux-x86_64-fedora-gcc 0.1.3 56.20 OK
r-devel-windows-ix86+x86_64 0.1.3 46.00 65.00 111.00 OK
r-patched-linux-x86_64 0.1.3 21.69 19.67 41.36 OK
r-patched-solaris-x86 0.1.3 57.20 OK
r-release-linux-x86_64 0.1.3 21.71 19.68 41.39 OK
r-release-windows-ix86+x86_64 0.1.3 45.00 65.00 110.00 OK
r-release-osx-x86_64 0.1.3 NOTE
r-oldrel-windows-ix86+x86_64 0.1.3 41.00 57.00 98.00 OK
r-oldrel-osx-x86_64 0.1.3 NOTE

Check Details

Version: 0.1.3
Check: installed package size
Result: NOTE
     installed size is 8.5Mb
     sub-directories of 1Mb or more:
     libs 8.3Mb
Flavors: r-devel-linux-x86_64-fedora-clang, r-release-osx-x86_64, r-oldrel-osx-x86_64