CRAN Package Check Results for Package FastPCS

Last updated on 2017-08-22 23:47:15.

Flavor Version Tinstall Tcheck Ttotal Status Flags
r-devel-linux-x86_64-debian-clang 0.1.2 14.97 12.25 27.21 NOTE
r-devel-linux-x86_64-debian-gcc 0.1.2 14.31 11.95 26.26 NOTE
r-devel-linux-x86_64-fedora-clang 0.1.2 47.40 NOTE
r-devel-linux-x86_64-fedora-gcc 0.1.2 48.42 NOTE
r-devel-windows-ix86+x86_64 0.1.2 28.00 57.00 85.00 NOTE
r-patched-linux-x86_64 0.1.2 13.48 11.83 25.31 NOTE
r-patched-solaris-x86 0.1.2 46.10 NOTE
r-release-linux-x86_64 0.1.2 13.49 11.84 25.33 NOTE
r-release-windows-ix86+x86_64 0.1.2 29.00 55.00 84.00 NOTE
r-release-osx-x86_64 0.1.2 NOTE
r-oldrel-windows-ix86+x86_64 0.1.2 32.00 36.00 68.00 NOTE
r-oldrel-osx-x86_64 0.1.2 NOTE

Check Details

Version: 0.1.2
Check: S3 generic/method consistency
Result: NOTE
    Found the following apparent S3 methods exported but not registered:
     plot.FastPCS
    See section ‘Registering S3 methods’ in the ‘Writing R Extensions’
    manual.
Flavors: r-devel-linux-x86_64-debian-clang, r-devel-linux-x86_64-debian-gcc, r-devel-linux-x86_64-fedora-clang, r-devel-linux-x86_64-fedora-gcc, r-patched-linux-x86_64, r-patched-solaris-x86, r-release-linux-x86_64

Version: 0.1.2
Check: R code for possible problems
Result: NOTE
    FastPCS: no visible global function definition for ‘complete.cases’
    FastPCS: no visible global function definition for ‘cov’
    FastPCS: no visible global function definition for ‘mahalanobis’
    FastPCS: no visible global function definition for ‘qchisq’
    FastPCS: no visible global function definition for ‘quantile’
    plot.FastPCS: no visible global function definition for ‘plot’
    plot.FastPCS: no visible global function definition for ‘abline’
    plot.FastPCS: no visible global function definition for ‘qchisq’
    Undefined global functions or variables:
     abline complete.cases cov mahalanobis plot qchisq quantile
    Consider adding
     importFrom("graphics", "abline", "plot")
     importFrom("stats", "complete.cases", "cov", "mahalanobis", "qchisq",
     "quantile")
    to your NAMESPACE file.
Flavors: r-devel-linux-x86_64-debian-clang, r-devel-linux-x86_64-debian-gcc, r-devel-linux-x86_64-fedora-clang, r-devel-linux-x86_64-fedora-gcc, r-devel-windows-ix86+x86_64, r-patched-linux-x86_64, r-patched-solaris-x86, r-release-linux-x86_64, r-release-windows-ix86+x86_64, r-release-osx-x86_64, r-oldrel-windows-ix86+x86_64, r-oldrel-osx-x86_64

Version: 0.1.2
Check: compiled code
Result: NOTE
    File ‘FastPCS/libs/FastPCS.so’:
     Found no calls to: ‘R_registerRoutines’, ‘R_useDynamicSymbols’
    
    It is good practice to register native routines and to disable symbol
    search.
    
    See ‘Writing portable packages’ in the ‘Writing R Extensions’ manual.
Flavors: r-devel-linux-x86_64-debian-clang, r-devel-linux-x86_64-debian-gcc, r-devel-linux-x86_64-fedora-clang, r-devel-linux-x86_64-fedora-gcc, r-patched-linux-x86_64, r-release-linux-x86_64

Version: 0.1.2
Check: installed package size
Result: NOTE
     installed size is 9.1Mb
     sub-directories of 1Mb or more:
     libs 8.9Mb
Flavors: r-devel-linux-x86_64-fedora-clang, r-devel-linux-x86_64-fedora-gcc, r-release-osx-x86_64, r-oldrel-osx-x86_64