CRAN Package Check Results for Package FastPCS

Last updated on 2014-10-21 09:51:27.

Flavor Version Tinstall Tcheck Ttotal Status Flags
r-devel-linux-x86_64-debian-clang 0.1.0 8.98 11.39 20.37 NOTE
r-devel-linux-x86_64-debian-gcc 0.1.0 10.04 11.66 21.69 NOTE
r-devel-linux-x86_64-fedora-clang 0.1.0 41.83 NOTE
r-devel-linux-x86_64-fedora-gcc 0.1.0 40.02 NOTE
r-devel-osx-x86_64-clang 0.1.0 40.33 OK
r-devel-windows-ix86+x86_64 0.1.0 25.00 33.00 58.00 OK
r-patched-linux-x86_64 0.1.0 9.88 11.18 21.06 NOTE
r-patched-solaris-sparc 0.1.0 231.60 NOTE
r-patched-solaris-x86 0.1.0 56.90 NOTE
r-release-linux-ix86 0.1.0 11.93 17.95 29.88 NOTE
r-release-linux-x86_64 0.1.0 9.96 11.26 21.22 NOTE
r-release-osx-x86_64-mavericks 0.1.0 NOTE
r-release-osx-x86_64-snowleopard 0.1.0 ERROR
r-release-windows-ix86+x86_64 0.1.0 23.00 30.00 53.00 OK
r-oldrel-windows-ix86+x86_64 0.1.0 7.00 1.00 8.00 ERROR

Check Details

Version: 0.1.0
Check: installed package size
Result: NOTE
     installed size is 8.2Mb
     sub-directories of 1Mb or more:
     libs 8.1Mb
Flavors: r-devel-linux-x86_64-debian-clang, r-devel-linux-x86_64-debian-gcc, r-devel-linux-x86_64-fedora-clang, r-devel-linux-x86_64-fedora-gcc, r-patched-linux-x86_64, r-patched-solaris-sparc, r-patched-solaris-x86, r-release-linux-ix86, r-release-linux-x86_64, r-release-osx-x86_64-mavericks

Version: 0.1.0
Check: whether package can be installed
Result: ERROR
    Installation failed.
Flavors: r-release-osx-x86_64-snowleopard, r-oldrel-windows-ix86+x86_64