CRAN Package Check Results for Package FastPCS

Last updated on 2014-07-25 07:53:14.

Flavor Version Tinstall Tcheck Ttotal Status Flags
r-devel-linux-x86_64-debian-clang 0.0.9 5.54 10.99 16.53 OK
r-devel-linux-x86_64-debian-gcc 0.0.9 6.91 11.48 18.39 OK
r-devel-linux-x86_64-fedora-clang 0.0.9 35.76 OK
r-devel-linux-x86_64-fedora-gcc 0.0.9 34.40 OK
r-devel-osx-x86_64-clang 0.0.9 36.15 OK
r-devel-windows-ix86+x86_64 0.0.9 21.00 32.00 53.00 OK
r-patched-linux-x86_64 0.0.9 7.04 11.01 18.06 OK
r-patched-solaris-sparc 0.0.9 210.70 OK
r-patched-solaris-x86 0.0.9 50.80 OK
r-release-linux-ix86 0.0.9 8.04 18.50 26.54 OK
r-release-linux-x86_64 0.0.9 7.05 11.22 18.28 OK
r-release-osx-x86_64-mavericks 0.0.9 OK
r-release-osx-x86_64-snowleopard 0.0.9 ERROR
r-release-windows-ix86+x86_64 0.0.9 19.00 33.00 52.00 OK
r-oldrel-windows-ix86+x86_64 0.0.9 21.00 33.00 54.00 OK

Check Details

Version: 0.0.9
Check: whether package can be installed
Result: ERROR
    Installation failed.
    See ‘/Volumes/XT3/Builds/R-dev-web/QA/Simon/packages/snowleopard-x86_64/results/3.1/FastPCS.Rcheck/00install.out’ for details.
Flavor: r-release-osx-x86_64-snowleopard