CRAN Package Check Results for Package FastPCS

Last updated on 2015-05-28 07:48:53.

Flavor Version Tinstall Tcheck Ttotal Status Flags
r-devel-linux-x86_64-debian-clang 0.1.2 8.77 10.23 19.00 NOTE
r-devel-linux-x86_64-debian-gcc 0.1.2 9.86 10.26 20.13 NOTE
r-devel-linux-x86_64-fedora-clang 0.1.2 40.01 NOTE
r-devel-linux-x86_64-fedora-gcc 0.1.2 39.74 NOTE
r-devel-osx-x86_64-clang 0.1.2 40.40 NOTE
r-devel-windows-ix86+x86_64 0.1.2 21.00 30.00 51.00 OK
r-patched-linux-x86_64 0.1.2 9.77 10.46 20.23 NOTE
r-patched-solaris-sparc 0.1.2 253.60 NOTE
r-patched-solaris-x86 0.1.2 55.20 NOTE
r-release-linux-x86_64 0.1.2 9.92 10.30 20.21 NOTE
r-release-osx-x86_64-mavericks 0.1.2 NOTE
r-release-osx-x86_64-snowleopard 0.1.2 ERROR
r-release-windows-ix86+x86_64 0.1.2 24.00 30.00 54.00 OK
r-oldrel-windows-ix86+x86_64 0.1.2 21.00 34.00 55.00 OK

Check Details

Version: 0.1.2
Check: installed package size
Result: NOTE
     installed size is 8.4Mb
     sub-directories of 1Mb or more:
     libs 8.3Mb
Flavors: r-devel-linux-x86_64-debian-clang, r-devel-linux-x86_64-debian-gcc, r-devel-linux-x86_64-fedora-clang, r-devel-linux-x86_64-fedora-gcc, r-patched-linux-x86_64, r-patched-solaris-sparc, r-patched-solaris-x86, r-release-linux-x86_64, r-release-osx-x86_64-mavericks

Version: 0.1.2
Check: S3 generic/method consistency
Result: NOTE
    Found the following apparent S3 methods exported but not registered:
     plot.FastPCS
    See section ‘Registering S3 methods’ in the ‘Writing R Extensions’
    manual.
Flavors: r-devel-linux-x86_64-debian-clang, r-devel-linux-x86_64-debian-gcc, r-devel-linux-x86_64-fedora-clang, r-devel-linux-x86_64-fedora-gcc, r-devel-osx-x86_64-clang, r-patched-linux-x86_64, r-patched-solaris-sparc, r-patched-solaris-x86, r-release-linux-x86_64

Version: 0.1.2
Check: whether package can be installed
Result: ERROR
    Installation failed.
Flavor: r-release-osx-x86_64-snowleopard