CRAN Package Check Results for Package FastPCS

Last updated on 2015-01-28 03:49:10.

Flavor Version Tinstall Tcheck Ttotal Status Flags
r-devel-linux-x86_64-debian-clang 0.1.2 8.97 10.32 19.29 NOTE
r-devel-linux-x86_64-debian-gcc 0.1.2 9.96 10.74 20.70 NOTE
r-devel-linux-x86_64-fedora-clang 0.1.2 45.81 NOTE
r-devel-linux-x86_64-fedora-gcc 0.1.2 43.93 NOTE
r-devel-osx-x86_64-clang 0.1.2 41.53 NOTE
r-devel-windows-ix86+x86_64 0.1.2 28.00 30.00 58.00 OK
r-patched-linux-x86_64 0.1.2 10.24 11.40 21.64 NOTE
r-patched-solaris-sparc 0.1.2 239.80 NOTE
r-patched-solaris-x86 0.1.2 60.50 NOTE
r-release-linux-ix86 0.1.2 11.54 18.02 29.56 NOTE
r-release-linux-x86_64 0.1.2 10.12 11.68 21.80 NOTE
r-release-osx-x86_64-mavericks 0.1.2 NOTE
r-release-osx-x86_64-snowleopard 0.1.2 ERROR
r-release-windows-ix86+x86_64 0.1.2 24.00 33.00 57.00 OK
r-oldrel-windows-ix86+x86_64 0.1.0 7.00 1.00 8.00 ERROR

Check Details

Version: 0.1.2
Check: installed package size
Result: NOTE
     installed size is 8.5Mb
     sub-directories of 1Mb or more:
     libs 8.4Mb
Flavors: r-devel-linux-x86_64-debian-clang, r-devel-linux-x86_64-debian-gcc, r-devel-linux-x86_64-fedora-clang, r-devel-linux-x86_64-fedora-gcc, r-patched-linux-x86_64, r-patched-solaris-sparc, r-patched-solaris-x86, r-release-linux-ix86, r-release-linux-x86_64, r-release-osx-x86_64-mavericks

Version: 0.1.2
Check: S3 generic/method consistency
Result: NOTE
    Found the following apparent S3 methods exported but not registered:
     plot.FastPCS
    See section ‘Registering S3 methods’ in the ‘Writing R Extensions’
    manual.
Flavors: r-devel-linux-x86_64-debian-clang, r-devel-linux-x86_64-debian-gcc, r-devel-linux-x86_64-fedora-clang, r-devel-linux-x86_64-fedora-gcc, r-devel-osx-x86_64-clang

Version: 0.1.2
Check: whether package can be installed
Result: ERROR
    Installation failed.
Flavor: r-release-osx-x86_64-snowleopard

Version: 0.1.0
Check: whether package can be installed
Result: ERROR
    Installation failed.
Flavor: r-oldrel-windows-ix86+x86_64