CRAN Package Check Results for Package FastPCS

Last updated on 2014-09-02 05:46:32.

Flavor Version Tinstall Tcheck Ttotal Status Flags
r-devel-linux-x86_64-debian-clang 0.0.9 5.50 10.73 16.23 NOTE
r-devel-linux-x86_64-debian-gcc 0.0.9 8.04 10.67 18.71 NOTE
r-devel-linux-x86_64-fedora-clang 0.0.9 33.83 NOTE
r-devel-linux-x86_64-fedora-gcc 0.0.9 33.94 NOTE
r-devel-osx-x86_64-clang 0.0.9 36.64 NOTE
r-devel-windows-ix86+x86_64 0.0.9 21.00 30.00 51.00 NOTE
r-patched-linux-x86_64 0.0.9 6.92 10.99 17.91 OK
r-patched-solaris-sparc 0.0.9 199.90 OK
r-patched-solaris-x86 0.0.9 50.40 OK
r-release-linux-ix86 0.0.9 8.01 18.08 26.09 OK
r-release-linux-x86_64 0.0.9 7.07 11.08 18.15 OK
r-release-osx-x86_64-mavericks 0.0.9 OK
r-release-osx-x86_64-snowleopard 0.0.9 ERROR
r-release-windows-ix86+x86_64 0.0.9 21.00 32.00 53.00 OK
r-oldrel-windows-ix86+x86_64 0.0.9 22.00 37.00 59.00 OK

Check Details

Version: 0.0.9
Check: compiled code
Result: NOTE
    File ‘/home/hornik/tmp/R.check/r-devel-clang/Work/build/Packages/FastPCS/libs/FastPCS.so’:
     Found ‘rand’, possibly from ‘rand’ (C)
     Object: ‘FastPCS.o’
     Found ‘srand’, possibly from ‘srand’ (C)
     Object: ‘FastPCS.o’
    
    Compiled code should not call entry points which might terminate R nor
    write to stdout/stderr instead of to the console, nor the C RNG.
    
    See ‘Writing portable packages’ in the ‘Writing R Extensions’ manual.
Flavor: r-devel-linux-x86_64-debian-clang

Version: 0.0.9
Check: compiled code
Result: NOTE
    File ‘/home/hornik/tmp/R.check/r-devel-gcc/Work/build/Packages/FastPCS/libs/FastPCS.so’:
     Found ‘rand’, possibly from ‘rand’ (C)
     Object: ‘FastPCS.o’
     Found ‘srand’, possibly from ‘srand’ (C)
     Object: ‘FastPCS.o’
    
    Compiled code should not call entry points which might terminate R nor
    write to stdout/stderr instead of to the console, nor the C RNG.
    
    See ‘Writing portable packages’ in the ‘Writing R Extensions’ manual.
Flavor: r-devel-linux-x86_64-debian-gcc

Version: 0.0.9
Check: compiled code
Result: NOTE
    File ‘/data/gannet/ripley/R/packages/tests-clang/FastPCS.Rcheck/FastPCS/libs/FastPCS.so’:
     Found ‘rand’, possibly from ‘rand’ (C)
     Object: ‘FastPCS.o’
     Found ‘srand’, possibly from ‘srand’ (C)
     Object: ‘FastPCS.o’
    
    Compiled code should not call entry points which might terminate R nor
    write to stdout/stderr instead of to the console, nor the C RNG.
    
    See ‘Writing portable packages’ in the ‘Writing R Extensions’ manual.
Flavor: r-devel-linux-x86_64-fedora-clang

Version: 0.0.9
Check: compiled code
Result: NOTE
    File ‘/data/gannet/ripley/R/packages/tests-devel/FastPCS.Rcheck/FastPCS/libs/FastPCS.so’:
     Found ‘rand’, possibly from ‘rand’ (C)
     Object: ‘FastPCS.o’
     Found ‘srand’, possibly from ‘srand’ (C)
     Object: ‘FastPCS.o’
    
    Compiled code should not call entry points which might terminate R nor
    write to stdout/stderr instead of to the console, nor the C RNG.
    
    See ‘Writing portable packages’ in the ‘Writing R Extensions’ manual.
Flavor: r-devel-linux-x86_64-fedora-gcc

Version: 0.0.9
Check: compiled code
Result: NOTE
    File ‘/Users/ripley/R/packages/tests-devel/FastPCS.Rcheck/FastPCS/libs/FastPCS.so’:
     Found ‘_rand’, possibly from ‘rand’ (C)
     Object: ‘FastPCS.o’
     Found ‘_srand’, possibly from ‘srand’ (C)
     Object: ‘FastPCS.o’
    
    Compiled code should not call entry points which might terminate R nor
    write to stdout/stderr instead of to the console, nor the C RNG.
    
    See ‘Writing portable packages’ in the ‘Writing R Extensions’ manual.
Flavor: r-devel-osx-x86_64-clang

Version: 0.0.9
Check: compiled code
Result: NOTE
    File 'd:/Rcompile/CRANpkg/lib/3.2/FastPCS/libs/i386/FastPCS.dll':
     Found 'rand', possibly from 'rand' (C)
     Object: 'FastPCS.o'
     Found 'srand', possibly from 'srand' (C)
     Object: 'FastPCS.o'
    File 'd:/Rcompile/CRANpkg/lib/3.2/FastPCS/libs/x64/FastPCS.dll':
     Found 'rand', possibly from 'rand' (C)
     Object: 'FastPCS.o'
     Found 'srand', possibly from 'srand' (C)
     Object: 'FastPCS.o'
    
    Compiled code should not call entry points which might terminate R nor
    write to stdout/stderr instead of to the console, nor the C RNG.
    
    See 'Writing portable packages' in the 'Writing R Extensions' manual.
Flavor: r-devel-windows-ix86+x86_64

Version: 0.0.9
Check: whether package can be installed
Result: ERROR
    Installation failed.
Flavor: r-release-osx-x86_64-snowleopard