CRAN Package Check Results for Package FastPCS

Last updated on 2015-07-05 22:47:25.

Flavor Version Tinstall Tcheck Ttotal Status Flags
r-devel-linux-x86_64-debian-clang 0.1.2 8.66 9.98 18.63 NOTE
r-devel-linux-x86_64-debian-gcc 0.1.2 9.81 10.14 19.95 NOTE
r-devel-linux-x86_64-fedora-clang 0.1.2 38.40 NOTE
r-devel-linux-x86_64-fedora-gcc 0.1.2 37.90 NOTE
r-devel-osx-x86_64-clang 0.1.2 38.21 NOTE
r-devel-windows-ix86+x86_64 0.1.2 29.00 35.00 64.00 NOTE
r-patched-linux-x86_64 0.1.2 9.84 10.03 19.88 NOTE
r-patched-solaris-sparc 0.1.2 253.60 NOTE
r-patched-solaris-x86 0.1.2 55.90 NOTE
r-release-linux-x86_64 0.1.2 9.93 10.10 20.03 NOTE
r-release-osx-x86_64-mavericks 0.1.2 NOTE
r-release-windows-ix86+x86_64 0.1.2 27.00 29.00 56.00 OK
r-oldrel-windows-ix86+x86_64 0.1.2 30.00 45.00 75.00 OK

Check Details

Version: 0.1.2
Check: installed package size
Result: NOTE
     installed size is 8.4Mb
     sub-directories of 1Mb or more:
     libs 8.3Mb
Flavors: r-devel-linux-x86_64-debian-clang, r-devel-linux-x86_64-debian-gcc, r-devel-linux-x86_64-fedora-clang, r-devel-linux-x86_64-fedora-gcc, r-patched-linux-x86_64, r-patched-solaris-sparc, r-patched-solaris-x86, r-release-linux-x86_64, r-release-osx-x86_64-mavericks

Version: 0.1.2
Check: S3 generic/method consistency
Result: NOTE
    Found the following apparent S3 methods exported but not registered:
     plot.FastPCS
    See section ‘Registering S3 methods’ in the ‘Writing R Extensions’
    manual.
Flavors: r-devel-linux-x86_64-debian-clang, r-devel-linux-x86_64-debian-gcc, r-devel-linux-x86_64-fedora-clang, r-devel-linux-x86_64-fedora-gcc, r-devel-osx-x86_64-clang, r-patched-linux-x86_64, r-patched-solaris-sparc, r-patched-solaris-x86, r-release-linux-x86_64

Version: 0.1.2
Check: R code for possible problems
Result: NOTE
    FastPCS: no visible global function definition for ‘complete.cases’
    FastPCS: no visible global function definition for ‘cov’
    FastPCS: no visible global function definition for ‘mahalanobis’
    FastPCS: no visible global function definition for ‘qchisq’
    FastPCS: no visible global function definition for ‘quantile’
    plot.FastPCS: no visible global function definition for ‘plot’
    plot.FastPCS: no visible global function definition for ‘abline’
    plot.FastPCS: no visible global function definition for ‘qchisq’
    Undefined global functions or variables:
     abline complete.cases cov mahalanobis plot qchisq quantile
Flavors: r-devel-linux-x86_64-debian-clang, r-devel-linux-x86_64-debian-gcc, r-devel-linux-x86_64-fedora-clang, r-devel-linux-x86_64-fedora-gcc, r-devel-windows-ix86+x86_64