CRAN Package Check Results for Package FastPCS

Last updated on 2014-08-01 01:48:18.

Flavor Version Tinstall Tcheck Ttotal Status Flags
r-devel-linux-x86_64-debian-clang 0.0.9 5.62 10.78 16.39 OK
r-devel-linux-x86_64-debian-gcc 0.0.9 6.93 10.97 17.90 OK
r-devel-linux-x86_64-fedora-clang 0.0.9 34.51 OK
r-devel-linux-x86_64-fedora-gcc 0.0.9 34.78 OK
r-devel-osx-x86_64-clang 0.0.9 36.48 OK
r-devel-windows-ix86+x86_64 0.0.9 21.00 31.00 52.00 OK
r-patched-linux-x86_64 0.0.9 6.86 11.11 17.97 OK
r-patched-solaris-sparc 0.0.9 199.90 OK
r-patched-solaris-x86 0.0.9 49.00 OK
r-release-linux-ix86 0.0.9 8.07 18.02 26.09 OK
r-release-linux-x86_64 0.0.9 6.98 11.33 18.30 OK
r-release-osx-x86_64-mavericks 0.0.9 OK
r-release-osx-x86_64-snowleopard 0.0.9 ERROR
r-release-windows-ix86+x86_64 0.0.9 33.00 40.00 73.00 OK
r-oldrel-windows-ix86+x86_64 0.0.9 31.00 46.00 77.00 OK

Check Details

Version: 0.0.9
Check: whether package can be installed
Result: ERROR
    Installation failed.
Flavor: r-release-osx-x86_64-snowleopard