CRAN Package Check Results for Package FastPCS

Last updated on 2014-12-18 17:51:28.

Flavor Version Tinstall Tcheck Ttotal Status Flags
r-devel-linux-x86_64-debian-clang 0.1.1 8.82 11.90 20.73 NOTE
r-devel-linux-x86_64-debian-gcc 0.1.1 9.69 11.46 21.15 NOTE
r-devel-linux-x86_64-fedora-clang 0.1.1 45.32 NOTE
r-devel-linux-x86_64-fedora-gcc 0.1.1 40.30 NOTE
r-devel-osx-x86_64-clang 0.1.1 40.62 OK
r-devel-windows-ix86+x86_64 0.1.1 27.00 36.00 63.00 OK
r-patched-linux-x86_64 0.1.1 12.99 12.04 25.03 NOTE
r-patched-solaris-sparc 0.1.1 243.20 NOTE
r-patched-solaris-x86 0.1.1 59.20 NOTE
r-release-linux-ix86 0.1.1 11.25 17.51 28.76 NOTE
r-release-linux-x86_64 0.1.1 9.93 11.40 21.33 NOTE
r-release-osx-x86_64-mavericks 0.1.1 NOTE
r-release-osx-x86_64-snowleopard 0.1.1 ERROR
r-release-windows-ix86+x86_64 0.1.1 21.00 33.00 54.00 OK
r-oldrel-windows-ix86+x86_64 0.1.0 7.00 1.00 8.00 ERROR

Check Details

Version: 0.1.1
Check: installed package size
Result: NOTE
     installed size is 8.2Mb
     sub-directories of 1Mb or more:
     libs 8.1Mb
Flavors: r-devel-linux-x86_64-debian-clang, r-devel-linux-x86_64-debian-gcc, r-devel-linux-x86_64-fedora-clang, r-devel-linux-x86_64-fedora-gcc, r-patched-linux-x86_64, r-patched-solaris-sparc, r-patched-solaris-x86, r-release-linux-ix86, r-release-linux-x86_64, r-release-osx-x86_64-mavericks

Version: 0.1.1
Check: whether package can be installed
Result: ERROR
    Installation failed.
Flavor: r-release-osx-x86_64-snowleopard

Version: 0.1.0
Check: whether package can be installed
Result: ERROR
    Installation failed.
Flavor: r-oldrel-windows-ix86+x86_64