CRAN Package Check Results for Package FastPCS

Last updated on 2014-11-23 19:47:45.

Flavor Version Tinstall Tcheck Ttotal Status Flags
r-devel-linux-x86_64-debian-clang 0.1.1 11.44 11.67 23.12 NOTE
r-devel-linux-x86_64-debian-gcc 0.1.1 10.00 11.56 21.56 NOTE
r-devel-linux-x86_64-fedora-clang 0.1.1 44.73 NOTE
r-devel-linux-x86_64-fedora-gcc 0.1.1 42.49 NOTE
r-devel-osx-x86_64-clang 0.1.1 42.56 OK
r-devel-windows-ix86+x86_64 0.1.1 19.00 30.00 49.00 OK
r-patched-linux-x86_64 0.1.1 9.80 11.62 21.42 NOTE
r-patched-solaris-sparc 0.1.1 243.20 NOTE
r-patched-solaris-x86 0.1.1 59.80 NOTE
r-release-linux-ix86 0.1.1 11.38 18.07 29.45 NOTE
r-release-linux-x86_64 0.1.1 9.85 11.53 21.38 NOTE
r-release-osx-x86_64-mavericks 0.1.1 NOTE
r-release-osx-x86_64-snowleopard 0.1.1 ERROR
r-release-windows-ix86+x86_64 0.1.1 25.00 31.00 56.00 OK
r-oldrel-windows-ix86+x86_64 0.1.0 7.00 1.00 8.00 ERROR

Check Details

Version: 0.1.1
Check: installed package size
Result: NOTE
     installed size is 8.2Mb
     sub-directories of 1Mb or more:
     libs 8.1Mb
Flavors: r-devel-linux-x86_64-debian-clang, r-devel-linux-x86_64-debian-gcc, r-devel-linux-x86_64-fedora-clang, r-devel-linux-x86_64-fedora-gcc, r-patched-linux-x86_64, r-patched-solaris-sparc, r-patched-solaris-x86, r-release-linux-ix86, r-release-linux-x86_64, r-release-osx-x86_64-mavericks

Version: 0.1.1
Check: whether package can be installed
Result: ERROR
    Installation failed.
Flavor: r-release-osx-x86_64-snowleopard

Version: 0.1.0
Check: whether package can be installed
Result: ERROR
    Installation failed.
Flavor: r-oldrel-windows-ix86+x86_64