CRAN Package Check Results for Package FastRCS

Last updated on 2020-11-28 11:48:50 CET.

Flavor Version Tinstall Tcheck Ttotal Status Flags
r-devel-linux-x86_64-debian-clang 0.0.8 46.37 26.28 72.65 OK
r-devel-linux-x86_64-debian-gcc 0.0.8 61.68 22.70 84.38 OK
r-devel-linux-x86_64-fedora-clang 0.0.8 90.83 NOTE
r-devel-linux-x86_64-fedora-gcc 0.0.8 79.98 OK
r-devel-windows-ix86+x86_64 0.0.8 72.00 55.00 127.00 OK
r-patched-linux-x86_64 0.0.8 84.18 26.21 110.39 OK
r-patched-solaris-x86 0.0.8 77.20 OK
r-release-linux-x86_64 0.0.8 82.20 26.95 109.15 OK
r-release-macos-x86_64 0.0.8 NOTE
r-release-windows-ix86+x86_64 0.0.8 77.00 58.00 135.00 OK
r-oldrel-macos-x86_64 0.0.8 NOTE
r-oldrel-windows-ix86+x86_64 0.0.8 64.00 69.00 133.00 OK

Check Details

Version: 0.0.8
Check: installed package size
Result: NOTE
     installed size is 18.0Mb
     sub-directories of 1Mb or more:
     libs 17.8Mb
Flavors: r-devel-linux-x86_64-fedora-clang, r-release-macos-x86_64, r-oldrel-macos-x86_64