CRAN Package Check Results for Package FastRWeb

Last updated on 2014-07-30 03:48:19.

Flavor Version Tinstall Tcheck Ttotal Status Flags
r-devel-linux-x86_64-debian-clang 1.1-0 3.47 10.18 13.65 NOTE
r-devel-linux-x86_64-debian-gcc 1.1-0 3.11 10.05 13.16 NOTE
r-devel-linux-x86_64-fedora-clang 1.1-0 25.93 NOTE
r-devel-linux-x86_64-fedora-gcc 1.1-0 24.33 NOTE
r-devel-osx-x86_64-clang 1.1-0 32.71 NOTE
r-devel-windows-ix86+x86_64 1.1-0 11.00 20.00 31.00 NOTE
r-patched-linux-x86_64 1.1-0 2.96 10.01 12.96 NOTE
r-patched-solaris-sparc 1.1-0 38.80 ERROR
r-patched-solaris-x86 1.1-0 10.10 ERROR
r-release-linux-ix86 1.1-0 5.52 16.20 21.73 NOTE
r-release-linux-x86_64 1.1-0 3.01 10.06 13.07 NOTE
r-release-osx-x86_64-mavericks 1.1-0 NOTE
r-release-windows-ix86+x86_64 1.1-0 14.00 20.00 34.00 NOTE
r-oldrel-windows-ix86+x86_64 1.1-0 15.00 25.00 40.00 NOTE

Check Details

Version: 1.1-0
Check: dependencies in R code
Result: NOTE
    Package in Depends field not imported from: Cairo
     These packages need to be imported from (in the NAMESPACE file)
     for when this namespace is loaded but not attached.
    See the information on DESCRIPTION files in the chapter Creating R
    packages of the Writing R Extensions manual.
Flavors: r-devel-linux-x86_64-debian-clang, r-devel-linux-x86_64-debian-gcc, r-devel-linux-x86_64-fedora-clang, r-devel-linux-x86_64-fedora-gcc, r-devel-osx-x86_64-clang, r-devel-windows-ix86+x86_64, r-patched-linux-x86_64, r-release-linux-ix86, r-release-linux-x86_64, r-release-osx-x86_64-mavericks, r-release-windows-ix86+x86_64, r-oldrel-windows-ix86+x86_64

Version: 1.1-0
Check: R code for possible problems
Result: NOTE
    .run: no visible binding for global variable init
    .run: no visible global function definition for init
    .run: no visible binding for global variable run
Flavors: r-devel-linux-x86_64-debian-clang, r-devel-linux-x86_64-debian-gcc, r-devel-linux-x86_64-fedora-clang, r-devel-linux-x86_64-fedora-gcc, r-devel-osx-x86_64-clang, r-devel-windows-ix86+x86_64, r-patched-linux-x86_64, r-release-linux-ix86, r-release-linux-x86_64, r-release-osx-x86_64-mavericks, r-release-windows-ix86+x86_64, r-oldrel-windows-ix86+x86_64

Version: 1.1-0
Check: compiled code
Result: NOTE
    Note: information on .o files is not available
Flavors: r-devel-linux-x86_64-debian-clang, r-devel-linux-x86_64-debian-gcc, r-devel-linux-x86_64-fedora-clang, r-devel-linux-x86_64-fedora-gcc, r-devel-osx-x86_64-clang, r-patched-linux-x86_64, r-release-linux-ix86, r-release-linux-x86_64, r-release-osx-x86_64-mavericks

Version: 1.1-0
Check: Rd line widths
Result: NOTE
    Rd file 'WebResult.Rd':
     \usage lines wider than 90 characters:
     WebResult(cmd = "html", payload = "", content.type = "text/html; charset=utf-8", headers = character(0))
    
    These lines will be truncated in the PDF manual.
Flavors: r-devel-linux-x86_64-fedora-clang, r-devel-linux-x86_64-fedora-gcc

Version: 1.1-0
Check: compiled code
Result: NOTE
    Note: information on .o files for i386 is not available
    Note: information on .o files for x64 is not available
    
    
    See 'Writing portable packages' in the 'Writing R Extensions' manual.
    * checking examples ...
Flavors: r-devel-windows-ix86+x86_64, r-release-windows-ix86+x86_64, r-oldrel-windows-ix86+x86_64

Version: 1.1-0
Check: package dependencies
Result: NOTE
    Package suggested but not available for checking: Rserve
Flavors: r-patched-solaris-sparc, r-patched-solaris-x86

Version: 1.1-0
Check: whether package can be installed
Result: ERROR
    Installation failed.
Flavors: r-patched-solaris-sparc, r-patched-solaris-x86