CRAN Package Check Results for Package FastRWeb

Last updated on 2014-04-23 07:54:58.

Flavor Version Tinstall Tcheck Ttotal Status Flags
r-devel-linux-x86_64-debian-clang 1.1-0 3.54 10.78 14.31 NOTE
r-devel-linux-x86_64-debian-gcc 1.1-0 2.96 11.01 13.96 NOTE
r-devel-linux-x86_64-fedora-clang 1.1-0 25.85 NOTE
r-devel-linux-x86_64-fedora-gcc 1.1-0 23.82 NOTE
r-devel-osx-x86_64-clang 1.1-0 33.59 NOTE
r-devel-osx-x86_64-gcc 1.1-0 NOTE
r-devel-windows-ix86+x86_64 1.1-0 10.00 19.00 29.00 NOTE
r-patched-linux-x86_64 1.1-0 2.99 10.64 13.63 NOTE
r-patched-solaris-sparc 1.1-0 38.80 ERROR
r-patched-solaris-x86 1.1-0 9.40 ERROR
r-release-linux-ix86 1.1-0 8.00 23.00 31.00 NOTE
r-release-linux-x86_64 1.1-0 3.00 10.72 13.72 NOTE
r-release-osx-x86_64-mavericks 1.1-0 WARN
r-release-windows-ix86+x86_64 1.1-0 24.00 26.00 50.00 NOTE
r-oldrel-windows-ix86+x86_64 1.1-0 10.00 21.00 31.00 NOTE

Check Details

Version: 1.1-0
Check: dependencies in R code
Result: NOTE
    Package in Depends field not imported from: ‘Cairo’
     These packages need to be imported from (in the NAMESPACE file)
     for when this namespace is loaded but not attached.
    See the information on DESCRIPTION files in the chapter ‘Creating R
    packages’ of the ‘Writing R Extensions’ manual.
Flavors: r-devel-linux-x86_64-debian-clang, r-devel-linux-x86_64-debian-gcc, r-devel-linux-x86_64-fedora-clang, r-devel-linux-x86_64-fedora-gcc, r-devel-osx-x86_64-clang, r-devel-osx-x86_64-gcc, r-devel-windows-ix86+x86_64, r-patched-linux-x86_64, r-release-linux-ix86, r-release-linux-x86_64, r-release-osx-x86_64-mavericks, r-release-windows-ix86+x86_64, r-oldrel-windows-ix86+x86_64

Version: 1.1-0
Check: R code for possible problems
Result: NOTE
    .run: no visible binding for global variable ‘init’
    .run: no visible global function definition for ‘init’
    .run: no visible binding for global variable ‘run’
Flavors: r-devel-linux-x86_64-debian-clang, r-devel-linux-x86_64-debian-gcc, r-devel-linux-x86_64-fedora-clang, r-devel-linux-x86_64-fedora-gcc, r-devel-osx-x86_64-clang, r-devel-osx-x86_64-gcc, r-devel-windows-ix86+x86_64, r-patched-linux-x86_64, r-release-linux-ix86, r-release-linux-x86_64, r-release-osx-x86_64-mavericks, r-release-windows-ix86+x86_64, r-oldrel-windows-ix86+x86_64

Version: 1.1-0
Check: compiled code
Result: NOTE
    Note: information on .o files is not available
Flavors: r-devel-linux-x86_64-debian-clang, r-devel-linux-x86_64-debian-gcc, r-devel-linux-x86_64-fedora-clang, r-devel-linux-x86_64-fedora-gcc, r-devel-osx-x86_64-clang, r-devel-osx-x86_64-gcc, r-patched-linux-x86_64, r-release-linux-ix86, r-release-linux-x86_64, r-release-osx-x86_64-mavericks

Version: 1.1-0
Check: Rd line widths
Result: NOTE
    Rd file 'WebResult.Rd':
     \usage lines wider than 90 characters:
     WebResult(cmd = "html", payload = "", content.type = "text/html; charset=utf-8", headers = character(0))
    
    These lines will be truncated in the PDF manual.
Flavors: r-devel-linux-x86_64-fedora-clang, r-devel-linux-x86_64-fedora-gcc

Version: 1.1-0
Check: compiled code
Result: NOTE
    Note: information on .o files for i386 is not available
    Note: information on .o files for x64 is not available
    
    
    See 'Writing portable packages' in the 'Writing R Extensions' manual.
    * checking examples ...
Flavors: r-devel-windows-ix86+x86_64, r-release-windows-ix86+x86_64, r-oldrel-windows-ix86+x86_64

Version: 1.1-0
Check: package dependencies
Result: NOTE
    Package suggested but not available for checking: ‘Rserve’
Flavors: r-patched-solaris-sparc, r-patched-solaris-x86

Version: 1.1-0
Check: whether package can be installed
Result: ERROR
    Installation failed.
    See ‘/home/ripley/R/packages/tests32/FastRWeb.Rcheck/00install.out’ for details.
Flavors: r-patched-solaris-sparc, r-patched-solaris-x86

Version: 1.1-0
Check: PDF version of manual
Result: WARNING
    LaTeX errors when creating PDF version.
    This typically indicates Rd problems.
    LaTeX errors found:
    ! LaTeX Error: File `upquote.sty' not found.
    
    Type X to quit or <RETURN> to proceed,
    or enter new name. (Default extension: sty)
    
    ac39cef/Rd2.tex:8: ==> Fatal error occurred, no output PDF file produced!
Flavor: r-release-osx-x86_64-mavericks