CRAN Package Check Results for Package FastRWeb

Last updated on 2017-02-25 17:47:20.

Flavor Version Tinstall Tcheck Ttotal Status Flags
r-devel-linux-x86_64-debian-clang 1.1-1 4.87 12.61 17.48 WARN
r-devel-linux-x86_64-debian-gcc 1.1-1 3.52 12.56 16.09 WARN
r-devel-linux-x86_64-fedora-clang 1.1-1 27.24 WARN --no-stop-on-test-error
r-devel-linux-x86_64-fedora-gcc 1.1-1 27.38 WARN --no-stop-on-test-error
r-devel-macos-x86_64-clang 1.1-1 28.38 NOTE --no-stop-on-test-error
r-devel-windows-ix86+x86_64 1.1-1 2.00 5.00 7.00 ERROR
r-patched-linux-x86_64 1.1-1 3.36 10.82 14.17 WARN
r-patched-solaris-sparc 1.1-1 33.40 ERROR
r-patched-solaris-x86 1.1-1 7.60 ERROR
r-release-linux-x86_64 1.1-1 3.26 10.57 13.83 WARN
r-release-osx-x86_64-mavericks 1.1-1 NOTE
r-release-windows-ix86+x86_64 1.1-1 3.00 4.00 7.00 ERROR
r-oldrel-windows-ix86+x86_64 1.1-1 19.00 28.00 47.00 NOTE

Check Details

Version: 1.1-1
Check: whether package can be installed
Result: WARN
    Found the following significant warnings:
     Rconnection.h:202:12: warning: ISO C++ forbids converting a string constant to ‘char*’ [-Wwrite-strings]
     Rconnection.h:205:12: warning: ISO C++ forbids converting a string constant to ‘char*’ [-Wwrite-strings]
     Rconnection.cc:53:20: warning: ISO C++ forbids converting a string constant to ‘char*’ [-Wwrite-strings]
Flavors: r-devel-linux-x86_64-debian-clang, r-devel-linux-x86_64-debian-gcc, r-patched-linux-x86_64, r-release-linux-x86_64

Version: 1.1-1
Check: R code for possible problems
Result: NOTE
    .run: no visible binding for global variable ‘init’
    .run: no visible global function definition for ‘init’
    .run: no visible binding for global variable ‘run’
    Undefined global functions or variables:
     init run
Flavors: r-devel-linux-x86_64-debian-clang, r-devel-linux-x86_64-debian-gcc, r-patched-linux-x86_64, r-release-linux-x86_64, r-release-osx-x86_64-mavericks

Version: 1.1-1
Check: compiled code
Result: NOTE
    Note: information on .o files is not available
    File ‘FastRWeb/libs/null.so’:
     Found no calls to: ‘R_registerRoutines’, ‘R_useDynamicSymbols’
    
    It is good practice to register native routines and to disable symbol
    search.
    
    See ‘Writing portable packages’ in the ‘Writing R Extensions’ manual.
Flavors: r-devel-linux-x86_64-debian-clang, r-devel-linux-x86_64-debian-gcc

Version: 1.1-1
Flags: --no-stop-on-test-error
Check: whether package can be installed
Result: WARN
    Found the following significant warnings:
     Rconnection.h:202:12: warning: ISO C++ forbids converting a string constant to ‘char*’ [-Wwrite-strings]
     Rconnection.h:205:12: warning: ISO C++ forbids converting a string constant to ‘char*’ [-Wwrite-strings]
     Rconnection.cc:53:20: warning: ISO C++ forbids converting a string constant to ‘char*’ [-Wwrite-strings]
Flavors: r-devel-linux-x86_64-fedora-clang, r-devel-linux-x86_64-fedora-gcc

Version: 1.1-1
Flags: --no-stop-on-test-error
Check: R code for possible problems
Result: NOTE
    .run: no visible binding for global variable ‘init’
    .run: no visible global function definition for ‘init’
    .run: no visible binding for global variable ‘run’
    Undefined global functions or variables:
     init run
Flavors: r-devel-linux-x86_64-fedora-clang, r-devel-linux-x86_64-fedora-gcc, r-devel-macos-x86_64-clang

Version: 1.1-1
Flags: --no-stop-on-test-error
Check: compiled code
Result: NOTE
    Note: information on .o files is not available
    File ‘FastRWeb/libs/null.so’:
     Found no calls to: ‘R_registerRoutines’, ‘R_useDynamicSymbols’
    
    It is good practice to register native routines and to disable symbol
    search.
    
    See ‘Writing portable packages’ in the ‘Writing R Extensions’ manual.
Flavors: r-devel-linux-x86_64-fedora-clang, r-devel-linux-x86_64-fedora-gcc, r-devel-macos-x86_64-clang

Version: 1.1-1
Check: whether package can be installed
Result: ERROR
    Installation failed.
Flavors: r-devel-windows-ix86+x86_64, r-patched-solaris-sparc, r-patched-solaris-x86, r-release-windows-ix86+x86_64

Version: 1.1-1
Check: compiled code
Result: NOTE
    Note: information on .o files is not available
Flavors: r-patched-linux-x86_64, r-release-linux-x86_64, r-release-osx-x86_64-mavericks

Version: 1.1-1
Check: package dependencies
Result: NOTE
    Package suggested but not available for checking: ‘Rserve’
Flavors: r-patched-solaris-sparc, r-patched-solaris-x86

Version: 1.1-1
Check: R code for possible problems
Result: NOTE
    .run: no visible binding for global variable 'init'
    .run: no visible global function definition for 'init'
    .run: no visible binding for global variable 'run'
Flavor: r-oldrel-windows-ix86+x86_64

Version: 1.1-1
Check: compiled code
Result: NOTE
    Note: information on .o files for i386 is not available
    Note: information on .o files for x64 is not available
    
    
    See 'Writing portable packages' in the 'Writing R Extensions' manual.
Flavor: r-oldrel-windows-ix86+x86_64