CRAN Package Check Results for Package FastRWeb

Last updated on 2015-04-27 23:47:23.

Flavor Version Tinstall Tcheck Ttotal Status Flags
r-devel-linux-x86_64-debian-clang 1.1-0 3.54 10.25 13.79 WARN
r-devel-linux-x86_64-debian-gcc 1.1-0 2.97 10.52 13.49 WARN
r-devel-linux-x86_64-fedora-clang 1.1-0 26.71 WARN
r-devel-linux-x86_64-fedora-gcc 1.1-0 24.30 WARN
r-devel-osx-x86_64-clang 1.1-0 37.23 WARN
r-devel-windows-ix86+x86_64 1.1-0 13.00 20.00 33.00 WARN
r-patched-linux-x86_64 1.1-0 2.93 10.40 13.33 WARN
r-patched-solaris-sparc 1.1-0 37.90 ERROR
r-patched-solaris-x86 1.1-0 9.10 ERROR
r-release-linux-x86_64 1.1-0 2.99 10.32 13.31 WARN
r-release-osx-x86_64-mavericks 1.1-0 WARN
r-release-osx-x86_64-snowleopard 1.1-0 WARN
r-release-windows-ix86+x86_64 1.1-0 8.00 22.00 30.00 WARN
r-oldrel-windows-ix86+x86_64 1.1-0 18.00 31.00 49.00 WARN

Check Details

Version: 1.1-0
Check: DESCRIPTION meta-information
Result: NOTE
    Malformed Description field: should contain one or more complete sentences.
Flavors: r-devel-linux-x86_64-debian-clang, r-devel-linux-x86_64-debian-gcc, r-devel-linux-x86_64-fedora-clang, r-devel-linux-x86_64-fedora-gcc, r-devel-osx-x86_64-clang, r-devel-windows-ix86+x86_64, r-release-linux-x86_64, r-release-osx-x86_64-mavericks, r-release-osx-x86_64-snowleopard, r-release-windows-ix86+x86_64

Version: 1.1-0
Check: dependencies in R code
Result: NOTE
    Package in Depends field not imported from: ‘Cairo’
     These packages need to be imported from (in the NAMESPACE file)
     for when this namespace is loaded but not attached.
Flavors: r-devel-linux-x86_64-debian-clang, r-devel-linux-x86_64-debian-gcc, r-devel-linux-x86_64-fedora-clang, r-devel-linux-x86_64-fedora-gcc, r-devel-osx-x86_64-clang, r-devel-windows-ix86+x86_64, r-release-linux-x86_64, r-release-osx-x86_64-mavericks, r-release-osx-x86_64-snowleopard, r-release-windows-ix86+x86_64, r-oldrel-windows-ix86+x86_64

Version: 1.1-0
Check: R code for possible problems
Result: NOTE
    .run: no visible binding for global variable ‘init’
    .run: no visible global function definition for ‘init’
    .run: no visible binding for global variable ‘run’
    WebPlot: no visible global function definition for ‘Cairo’
Flavors: r-devel-linux-x86_64-debian-clang, r-devel-linux-x86_64-debian-gcc, r-devel-linux-x86_64-fedora-clang, r-devel-linux-x86_64-fedora-gcc, r-devel-osx-x86_64-clang, r-devel-windows-ix86+x86_64, r-release-linux-x86_64, r-release-osx-x86_64-mavericks, r-release-osx-x86_64-snowleopard, r-release-windows-ix86+x86_64, r-oldrel-windows-ix86+x86_64

Version: 1.1-0
Check: Rd line widths
Result: NOTE
    Rd file 'WebResult.Rd':
     \usage lines wider than 90 characters:
     WebResult(cmd = "html", payload = "", content.type = "text/html; charset=utf-8", headers = character(0))
    
    These lines will be truncated in the PDF manual.
Flavors: r-devel-linux-x86_64-debian-clang, r-devel-linux-x86_64-debian-gcc, r-devel-linux-x86_64-fedora-clang, r-devel-linux-x86_64-fedora-gcc, r-release-linux-x86_64

Version: 1.1-0
Check: for GNU extensions in Makefiles
Result: WARN
    Found the following file(s) containing GNU extensions:
     src/Rcgi/Makefile.in
    Portable Makefiles do not use GNU extensions such as +=, :=, $(shell),
    $(wildcard), ifeq ... endif. See section ‘Writing portable packages’ in
    the ‘Writing R Extensions’ manual.
Flavors: r-devel-linux-x86_64-debian-clang, r-devel-linux-x86_64-debian-gcc, r-devel-windows-ix86+x86_64, r-release-linux-x86_64, r-release-windows-ix86+x86_64, r-oldrel-windows-ix86+x86_64

Version: 1.1-0
Check: compiled code
Result: NOTE
    Note: information on .o files is not available
Flavors: r-devel-linux-x86_64-debian-clang, r-devel-linux-x86_64-debian-gcc, r-devel-linux-x86_64-fedora-clang, r-devel-linux-x86_64-fedora-gcc, r-devel-osx-x86_64-clang, r-release-linux-x86_64, r-release-osx-x86_64-mavericks, r-release-osx-x86_64-snowleopard

Version: 1.1-0
Check: for GNU extensions in Makefiles
Result: WARN
    Found the following file(s) containing GNU extensions:
     inst/Rcgi/Makefile
     src/Rcgi/Makefile
     src/Rcgi/Makefile.in
    Portable Makefiles do not use GNU extensions such as +=, :=, $(shell),
    $(wildcard), ifeq ... endif. See section ‘Writing portable packages’ in
    the ‘Writing R Extensions’ manual.
Flavors: r-devel-linux-x86_64-fedora-clang, r-devel-linux-x86_64-fedora-gcc, r-devel-osx-x86_64-clang, r-release-osx-x86_64-mavericks, r-release-osx-x86_64-snowleopard

Version: 1.1-0
Check: compiled code
Result: NOTE
    Note: information on .o files for i386 is not available
    Note: information on .o files for x64 is not available
    
    
    See 'Writing portable packages' in the 'Writing R Extensions' manual.
Flavors: r-devel-windows-ix86+x86_64, r-release-windows-ix86+x86_64, r-oldrel-windows-ix86+x86_64

Version: 1.1-0
Check: package dependencies
Result: NOTE
    Package suggested but not available for checking: ‘Rserve’
Flavors: r-patched-solaris-sparc, r-patched-solaris-x86

Version: 1.1-0
Check: whether package can be installed
Result: ERROR
    Installation failed.
Flavors: r-patched-solaris-sparc, r-patched-solaris-x86