CRAN Package Check Results for Package FastRWeb

Last updated on 2016-05-26 20:00:00.

Flavor Version Tinstall Tcheck Ttotal Status Flags
r-devel-linux-x86_64-debian-gcc 1.1-1 3.15 11.09 14.24 NOTE
r-devel-linux-x86_64-fedora-clang 1.1-1 23.62 NOTE
r-devel-linux-x86_64-fedora-gcc 1.1-1 24.42 NOTE
r-devel-osx-x86_64-clang 1.1-1 35.77 NOTE
r-devel-windows-ix86+x86_64 1.1-1 3.00 3.00 6.00 ERROR
r-patched-linux-x86_64 1.1-1 3.12 10.60 13.71 NOTE
r-patched-solaris-sparc 1.1-1 31.40 ERROR
r-patched-solaris-x86 1.1-1 7.50 ERROR
r-release-linux-x86_64 1.1-1 3.40 10.45 13.85 NOTE
r-release-osx-x86_64-mavericks 1.1-1 NOTE
r-release-windows-ix86+x86_64 1.1-1 3.00 4.00 7.00 ERROR
r-oldrel-windows-ix86+x86_64 1.1-1 13.00 21.00 34.00 NOTE

Check Details

Version: 1.1-1
Check: R code for possible problems
Result: NOTE
    .run: no visible binding for global variable ‘init’
    .run: no visible global function definition for ‘init’
    .run: no visible binding for global variable ‘run’
    Undefined global functions or variables:
     init run
Flavors: r-devel-linux-x86_64-debian-gcc, r-devel-linux-x86_64-fedora-clang, r-devel-linux-x86_64-fedora-gcc, r-devel-osx-x86_64-clang, r-patched-linux-x86_64, r-release-linux-x86_64, r-release-osx-x86_64-mavericks

Version: 1.1-1
Check: compiled code
Result: NOTE
    Note: information on .o files is not available
Flavors: r-devel-linux-x86_64-debian-gcc, r-devel-linux-x86_64-fedora-clang, r-devel-linux-x86_64-fedora-gcc, r-devel-osx-x86_64-clang, r-patched-linux-x86_64, r-release-linux-x86_64, r-release-osx-x86_64-mavericks

Version: 1.1-1
Check: whether package can be installed
Result: ERROR
    Installation failed.
Flavors: r-devel-windows-ix86+x86_64, r-patched-solaris-sparc, r-patched-solaris-x86, r-release-windows-ix86+x86_64

Version: 1.1-1
Check: package dependencies
Result: NOTE
    Package suggested but not available for checking: ‘Rserve’
Flavors: r-patched-solaris-sparc, r-patched-solaris-x86

Version: 1.1-1
Check: R code for possible problems
Result: NOTE
    .run: no visible binding for global variable 'init'
    .run: no visible global function definition for 'init'
    .run: no visible binding for global variable 'run'
Flavor: r-oldrel-windows-ix86+x86_64

Version: 1.1-1
Check: compiled code
Result: NOTE
    Note: information on .o files for i386 is not available
    Note: information on .o files for x64 is not available
    
    
    See 'Writing portable packages' in the 'Writing R Extensions' manual.
Flavor: r-oldrel-windows-ix86+x86_64