CRAN Package Check Results for Package FastSF

Last updated on 2022-12-05 20:53:08 CET.

Flavor Version Tinstall Tcheck Ttotal Status Flags
r-devel-linux-x86_64-debian-clang 0.1.1 79.66 35.93 115.59 NOTE
r-devel-linux-x86_64-debian-gcc 0.1.1 65.57 27.44 93.01 NOTE
r-devel-linux-x86_64-fedora-clang 0.1.1 189.72 NOTE
r-devel-linux-x86_64-fedora-gcc 0.1.1 165.57 NOTE
r-devel-windows-x86_64 0.1.1 72.00 83.00 155.00 NOTE
r-patched-linux-x86_64 0.1.1 67.30 34.42 101.72 NOTE
r-release-linux-x86_64 0.1.1 69.54 35.70 105.24 NOTE
r-release-macos-arm64 0.1.1 42.00 NOTE
r-release-macos-x86_64 0.1.1 60.00 NOTE
r-release-windows-x86_64 0.1.1 82.00 92.00 174.00 NOTE
r-oldrel-macos-arm64 0.1.1 48.00 NOTE
r-oldrel-macos-x86_64 0.1.1 74.00 NOTE
r-oldrel-windows-ix86+x86_64 0.1.1 206.00 89.00 295.00 NOTE

Check Details

Version: 0.1.1
Check: LazyData
Result: NOTE
     'LazyData' is specified without a 'data' directory
Flavors: r-devel-linux-x86_64-debian-clang, r-devel-linux-x86_64-debian-gcc, r-devel-linux-x86_64-fedora-clang, r-devel-linux-x86_64-fedora-gcc, r-devel-windows-x86_64, r-patched-linux-x86_64, r-release-linux-x86_64, r-release-macos-arm64, r-release-macos-x86_64, r-release-windows-x86_64, r-oldrel-macos-arm64, r-oldrel-macos-x86_64, r-oldrel-windows-ix86+x86_64