Last updated on 2022-05-20 14:52:27 CEST.
Flavor | Version | Tinstall | Tcheck | Ttotal | Status | Flags |
---|---|---|---|---|---|---|
r-devel-linux-x86_64-debian-clang | 0.2.1 | 10.86 | 172.09 | 182.95 | OK | |
r-devel-linux-x86_64-debian-gcc | 0.2.1 | 9.01 | 131.10 | 140.11 | OK | |
r-devel-linux-x86_64-fedora-clang | 0.2.1 | 231.99 | OK | |||
r-devel-linux-x86_64-fedora-gcc | 0.2.1 | 234.24 | OK | |||
r-devel-windows-x86_64 | 0.2.1 | 18.00 | 190.00 | 208.00 | OK | |
r-patched-linux-x86_64 | 0.2.1 | 11.44 | 169.07 | 180.51 | OK | |
r-release-linux-x86_64 | 0.2.1 | 12.02 | 170.13 | 182.15 | OK | |
r-release-macos-arm64 | 0.2.1 | 69.00 | NOTE | |||
r-release-macos-x86_64 | 0.2.1 | 92.00 | OK | |||
r-release-windows-x86_64 | 0.2.1 | 18.00 | 196.00 | 214.00 | OK | |
r-oldrel-macos-arm64 | 0.2.1 | 58.00 | OK | |||
r-oldrel-macos-x86_64 | 0.2.1 | 85.00 | OK | |||
r-oldrel-windows-ix86+x86_64 | 0.2.1 | 28.00 | 195.00 | 223.00 | OK |
Version: 0.2.1
Check: package dependencies
Result: NOTE
Package suggested but not available for checking: ‘DESeq2’
Flavor: r-release-macos-arm64