CRAN Package Check Results for Package FaultTree

Last updated on 2022-12-03 18:55:57 CET.

Flavor Version Tinstall Tcheck Ttotal Status Flags
r-devel-linux-x86_64-debian-clang 0.99.5 153.82 37.76 191.58 OK
r-devel-linux-x86_64-debian-gcc 0.99.5 120.40 29.46 149.86 OK
r-devel-linux-x86_64-fedora-clang 0.99.5 303.43 OK
r-devel-linux-x86_64-fedora-gcc 0.99.5 261.76 OK
r-devel-windows-x86_64 0.99.5 143.00 89.00 232.00 OK
r-patched-linux-x86_64 0.99.5 130.55 36.13 166.68 OK
r-release-linux-x86_64 0.99.5 134.56 37.09 171.65 OK
r-release-macos-arm64 0.99.5 56.00 OK
r-release-macos-x86_64 0.99.5 77.00 OK
r-release-windows-x86_64 0.99.5 158.00 89.00 247.00 OK
r-oldrel-macos-arm64 0.99.5 58.00 NOTE
r-oldrel-macos-x86_64 0.99.5 103.00 OK
r-oldrel-windows-ix86+x86_64 0.99.5 383.00 85.00 468.00 OK

Check Details

Version: 0.99.5
Check: installed package size
Result: NOTE
     installed size is 5.2Mb
     sub-directories of 1Mb or more:
     libs 4.9Mb
Flavor: r-oldrel-macos-arm64