CRAN Package Check Results for Package FeaLect

Last updated on 2017-03-23 03:47:47.

Flavor Version Tinstall Tcheck Ttotal Status Flags
r-devel-linux-x86_64-debian-clang 1.10 4.04 64.29 68.33 NOTE
r-devel-linux-x86_64-debian-gcc 1.10 4.01 63.08 67.09 NOTE
r-devel-linux-x86_64-fedora-clang 1.10 147.44 NOTE --no-stop-on-test-error
r-devel-linux-x86_64-fedora-gcc 1.10 148.53 NOTE --no-stop-on-test-error
r-devel-macos-x86_64-clang 1.10 113.48 NOTE --no-stop-on-test-error
r-devel-windows-ix86+x86_64 1.10 13.00 114.00 127.00 NOTE
r-patched-linux-x86_64 1.10 4.26 59.32 63.58 NOTE
r-patched-solaris-sparc 1.10 866.40 NOTE
r-patched-solaris-x86 1.10 197.80 NOTE
r-release-linux-x86_64 1.10 3.90 58.98 62.87 NOTE
r-release-osx-x86_64-mavericks 1.10 NOTE
r-release-windows-ix86+x86_64 1.10 20.00 160.00 180.00 NOTE
r-oldrel-windows-ix86+x86_64 1.10 21.00 194.00 215.00 OK

Check Details

Version: 1.10
Check: R code for possible problems
Result: NOTE
    FeaLect: no visible global function definition for ‘plot’
    compute.logistic.score: no visible global function definition for
     ‘coef’
    ignore.redundant: no visible global function definition for ‘var’
    train.doctor: no visible global function definition for ‘coef’
    train.doctor: no visible global function definition for ‘predict’
    Undefined global functions or variables:
     coef plot predict var
    Consider adding
     importFrom("graphics", "plot")
     importFrom("stats", "coef", "predict", "var")
    to your NAMESPACE file.
Flavors: r-devel-linux-x86_64-debian-clang, r-devel-linux-x86_64-debian-gcc, r-devel-windows-ix86+x86_64, r-patched-linux-x86_64, r-patched-solaris-sparc, r-patched-solaris-x86, r-release-linux-x86_64, r-release-osx-x86_64-mavericks, r-release-windows-ix86+x86_64

Version: 1.10
Flags: --no-stop-on-test-error
Check: R code for possible problems
Result: NOTE
    FeaLect: no visible global function definition for ‘plot’
    compute.logistic.score: no visible global function definition for
     ‘coef’
    ignore.redundant: no visible global function definition for ‘var’
    train.doctor: no visible global function definition for ‘coef’
    train.doctor: no visible global function definition for ‘predict’
    Undefined global functions or variables:
     coef plot predict var
    Consider adding
     importFrom("graphics", "plot")
     importFrom("stats", "coef", "predict", "var")
    to your NAMESPACE file.
Flavors: r-devel-linux-x86_64-fedora-clang, r-devel-linux-x86_64-fedora-gcc, r-devel-macos-x86_64-clang