CRAN Package Check Results for Package FeaLect

Last updated on 2015-07-29 17:47:58.

Flavor Version Tinstall Tcheck Ttotal Status Flags
r-devel-linux-x86_64-debian-clang 1.10 2.09 46.60 48.68 NOTE
r-devel-linux-x86_64-debian-gcc 1.10 2.06 49.56 51.62 NOTE
r-devel-linux-x86_64-fedora-clang 1.10 100.42 NOTE
r-devel-linux-x86_64-fedora-gcc 1.10 98.21 NOTE
r-devel-osx-x86_64-clang 1.10 93.78 OK
r-devel-windows-ix86+x86_64 1.10 8.00 89.00 97.00 NOTE
r-patched-linux-x86_64 1.10 2.00 47.00 49.00 OK
r-patched-solaris-sparc 1.10 618.30 OK
r-patched-solaris-x86 1.10 140.70 OK
r-release-linux-x86_64 1.10 2.21 46.40 48.60 OK
r-release-osx-x86_64-mavericks 1.10 OK
r-release-windows-ix86+x86_64 1.10 13.00 81.00 94.00 OK
r-oldrel-windows-ix86+x86_64 1.10 22.00 202.00 224.00 OK

Check Details

Version: 1.10
Check: R code for possible problems
Result: NOTE
    FeaLect: no visible global function definition for ‘plot’
    compute.logistic.score: no visible global function definition for
     ‘coef’
    ignore.redundant: no visible global function definition for ‘var’
    train.doctor: no visible global function definition for ‘coef’
    train.doctor: no visible global function definition for ‘predict’
    Undefined global functions or variables:
     coef plot predict var
    Consider adding
     importFrom("graphics", "plot")
     importFrom("stats", "coef", "predict", "var")
    to your NAMESPACE.
Flavors: r-devel-linux-x86_64-debian-clang, r-devel-linux-x86_64-debian-gcc, r-devel-linux-x86_64-fedora-clang, r-devel-linux-x86_64-fedora-gcc, r-devel-windows-ix86+x86_64