CRAN Package Check Results for Package FeaLect

Last updated on 2017-10-21 00:51:42.

Flavor Version Tinstall Tcheck Ttotal Status Flags
r-devel-linux-x86_64-debian-clang 1.10 3.86 66.05 69.91 NOTE
r-devel-linux-x86_64-debian-gcc 1.10 3.96 72.47 76.43 NOTE
r-devel-linux-x86_64-fedora-clang 1.10 153.84 NOTE
r-devel-linux-x86_64-fedora-gcc 1.10 153.52 NOTE
r-devel-windows-ix86+x86_64 1.10 14.00 113.00 127.00 NOTE
r-patched-linux-x86_64 1.10 6.30 65.00 71.31 NOTE
r-patched-solaris-x86 1.10 200.30 NOTE
r-release-linux-x86_64 1.10 4.14 63.79 67.93 NOTE
r-release-windows-ix86+x86_64 1.10 18.00 165.00 183.00 NOTE
r-release-osx-x86_64 1.10 NOTE
r-oldrel-windows-ix86+x86_64 1.10 11.00 168.00 179.00 NOTE
r-oldrel-osx-x86_64 1.10 NOTE

Check Details

Version: 1.10
Check: R code for possible problems
Result: NOTE
    FeaLect: no visible global function definition for ‘plot’
    compute.logistic.score: no visible global function definition for
     ‘coef’
    ignore.redundant: no visible global function definition for ‘var’
    train.doctor: no visible global function definition for ‘coef’
    train.doctor: no visible global function definition for ‘predict’
    Undefined global functions or variables:
     coef plot predict var
    Consider adding
     importFrom("graphics", "plot")
     importFrom("stats", "coef", "predict", "var")
    to your NAMESPACE file.
Flavors: r-devel-linux-x86_64-debian-clang, r-devel-linux-x86_64-debian-gcc, r-devel-linux-x86_64-fedora-clang, r-devel-linux-x86_64-fedora-gcc, r-devel-windows-ix86+x86_64, r-patched-linux-x86_64, r-patched-solaris-x86, r-release-linux-x86_64, r-release-windows-ix86+x86_64, r-release-osx-x86_64, r-oldrel-windows-ix86+x86_64, r-oldrel-osx-x86_64