CRAN Package Check Results for Package FeaLect

Last updated on 2017-02-26 10:47:55.

Flavor Version Tinstall Tcheck Ttotal Status Flags
r-devel-linux-x86_64-debian-clang 1.10 4.16 63.85 68.01 NOTE
r-devel-linux-x86_64-debian-gcc 1.10 4.11 63.25 67.36 NOTE
r-devel-linux-x86_64-fedora-clang 1.10 142.59 NOTE --no-stop-on-test-error
r-devel-linux-x86_64-fedora-gcc 1.10 148.79 NOTE --no-stop-on-test-error
r-devel-macos-x86_64-clang 1.10 113.33 NOTE --no-stop-on-test-error
r-devel-windows-ix86+x86_64 1.10 24.00 212.00 236.00 NOTE
r-patched-linux-x86_64 1.10 3.81 56.33 60.14 NOTE
r-patched-solaris-sparc 1.10 743.70 NOTE
r-patched-solaris-x86 1.10 163.20 NOTE
r-release-linux-x86_64 1.10 4.20 56.58 60.78 NOTE
r-release-osx-x86_64-mavericks 1.10 NOTE
r-release-windows-ix86+x86_64 1.10 20.00 162.00 182.00 NOTE
r-oldrel-windows-ix86+x86_64 1.10 23.00 189.00 212.00 OK

Check Details

Version: 1.10
Check: R code for possible problems
Result: NOTE
    FeaLect: no visible global function definition for ‘plot’
    compute.logistic.score: no visible global function definition for
     ‘coef’
    ignore.redundant: no visible global function definition for ‘var’
    train.doctor: no visible global function definition for ‘coef’
    train.doctor: no visible global function definition for ‘predict’
    Undefined global functions or variables:
     coef plot predict var
    Consider adding
     importFrom("graphics", "plot")
     importFrom("stats", "coef", "predict", "var")
    to your NAMESPACE file.
Flavors: r-devel-linux-x86_64-debian-clang, r-devel-linux-x86_64-debian-gcc, r-devel-windows-ix86+x86_64, r-patched-linux-x86_64, r-patched-solaris-sparc, r-patched-solaris-x86, r-release-linux-x86_64, r-release-osx-x86_64-mavericks, r-release-windows-ix86+x86_64

Version: 1.10
Flags: --no-stop-on-test-error
Check: R code for possible problems
Result: NOTE
    FeaLect: no visible global function definition for ‘plot’
    compute.logistic.score: no visible global function definition for
     ‘coef’
    ignore.redundant: no visible global function definition for ‘var’
    train.doctor: no visible global function definition for ‘coef’
    train.doctor: no visible global function definition for ‘predict’
    Undefined global functions or variables:
     coef plot predict var
    Consider adding
     importFrom("graphics", "plot")
     importFrom("stats", "coef", "predict", "var")
    to your NAMESPACE file.
Flavors: r-devel-linux-x86_64-fedora-clang, r-devel-linux-x86_64-fedora-gcc, r-devel-macos-x86_64-clang