CRAN Package Check Results for Package FeaLect

Last updated on 2017-08-20 14:46:51.

Flavor Version Tinstall Tcheck Ttotal Status Flags
r-devel-linux-x86_64-debian-clang 1.10 4.03 64.88 68.91 NOTE
r-devel-linux-x86_64-debian-gcc 1.10 4.30 63.06 67.36 NOTE
r-devel-linux-x86_64-fedora-clang 1.10 154.24 NOTE
r-devel-linux-x86_64-fedora-gcc 1.10 150.80 NOTE
r-devel-windows-ix86+x86_64 1.10 12.00 116.00 128.00 NOTE
r-patched-linux-x86_64 1.10 4.42 63.97 68.38 NOTE
r-patched-solaris-x86 1.10 194.80 NOTE
r-release-linux-x86_64 1.10 4.12 66.78 70.90 NOTE
r-release-windows-ix86+x86_64 1.10 18.00 120.00 138.00 NOTE
r-release-osx-x86_64 1.10 NOTE
r-oldrel-windows-ix86+x86_64 1.10 12.00 157.00 169.00 NOTE
r-oldrel-osx-x86_64 1.10 NOTE

Check Details

Version: 1.10
Check: R code for possible problems
Result: NOTE
    FeaLect: no visible global function definition for ‘plot’
    compute.logistic.score: no visible global function definition for
     ‘coef’
    ignore.redundant: no visible global function definition for ‘var’
    train.doctor: no visible global function definition for ‘coef’
    train.doctor: no visible global function definition for ‘predict’
    Undefined global functions or variables:
     coef plot predict var
    Consider adding
     importFrom("graphics", "plot")
     importFrom("stats", "coef", "predict", "var")
    to your NAMESPACE file.
Flavors: r-devel-linux-x86_64-debian-clang, r-devel-linux-x86_64-debian-gcc, r-devel-linux-x86_64-fedora-clang, r-devel-linux-x86_64-fedora-gcc, r-devel-windows-ix86+x86_64, r-patched-linux-x86_64, r-patched-solaris-x86, r-release-linux-x86_64, r-release-windows-ix86+x86_64, r-release-osx-x86_64, r-oldrel-windows-ix86+x86_64, r-oldrel-osx-x86_64