CRAN Package Check Results for Package FeaLect

Last updated on 2016-12-11 06:57:21.

Flavor Version Tinstall Tcheck Ttotal Status Flags
r-devel-linux-x86_64-debian-clang 1.10 3.87 60.76 64.62 NOTE
r-devel-linux-x86_64-debian-gcc 1.10 3.97 62.50 66.47 NOTE
r-devel-linux-x86_64-fedora-clang 1.10 145.76 NOTE --no-stop-on-test-error
r-devel-linux-x86_64-fedora-gcc 1.10 142.48 NOTE --no-stop-on-test-error
r-devel-macos-x86_64-clang 1.10 111.95 NOTE --no-stop-on-test-error
r-devel-windows-ix86+x86_64 1.10 14.00 123.00 137.00 NOTE
r-patched-linux-x86_64 1.10 4.04 57.08 61.12 NOTE
r-patched-solaris-sparc 1.10 758.80 NOTE
r-patched-solaris-x86 1.10 163.40 NOTE
r-release-linux-x86_64 1.10 3.92 56.55 60.47 NOTE
r-release-osx-x86_64-mavericks 1.10 NOTE
r-release-windows-ix86+x86_64 1.10 5.00 5.00 10.00 ERROR
r-oldrel-windows-ix86+x86_64 1.10 5.00 3.00 8.00 ERROR

Check Details

Version: 1.10
Check: R code for possible problems
Result: NOTE
    FeaLect: no visible global function definition for ‘plot’
    compute.logistic.score: no visible global function definition for
     ‘coef’
    ignore.redundant: no visible global function definition for ‘var’
    train.doctor: no visible global function definition for ‘coef’
    train.doctor: no visible global function definition for ‘predict’
    Undefined global functions or variables:
     coef plot predict var
    Consider adding
     importFrom("graphics", "plot")
     importFrom("stats", "coef", "predict", "var")
    to your NAMESPACE file.
Flavors: r-devel-linux-x86_64-debian-clang, r-devel-linux-x86_64-debian-gcc, r-devel-windows-ix86+x86_64, r-patched-linux-x86_64, r-patched-solaris-sparc, r-patched-solaris-x86, r-release-linux-x86_64, r-release-osx-x86_64-mavericks

Version: 1.10
Flags: --no-stop-on-test-error
Check: R code for possible problems
Result: NOTE
    FeaLect: no visible global function definition for ‘plot’
    compute.logistic.score: no visible global function definition for
     ‘coef’
    ignore.redundant: no visible global function definition for ‘var’
    train.doctor: no visible global function definition for ‘coef’
    train.doctor: no visible global function definition for ‘predict’
    Undefined global functions or variables:
     coef plot predict var
    Consider adding
     importFrom("graphics", "plot")
     importFrom("stats", "coef", "predict", "var")
    to your NAMESPACE file.
Flavors: r-devel-linux-x86_64-fedora-clang, r-devel-linux-x86_64-fedora-gcc, r-devel-macos-x86_64-clang

Version: 1.10
Check: whether package can be installed
Result: ERROR
    Installation failed.
Flavors: r-release-windows-ix86+x86_64, r-oldrel-windows-ix86+x86_64