CRAN Package Check Results for Package FeaLect

Last updated on 2018-05-22 22:48:28 CEST.

Flavor Version Tinstall Tcheck Ttotal Status Flags
r-devel-linux-x86_64-debian-clang 1.12 7.36 114.86 122.22 OK
r-devel-linux-x86_64-debian-gcc 1.12 5.44 90.48 95.92 OK
r-devel-linux-x86_64-fedora-clang 1.12 129.17 OK
r-devel-linux-x86_64-fedora-gcc 1.12 80.07 OK
r-devel-windows-ix86+x86_64 1.12 15.00 200.00 215.00 OK
r-patched-linux-x86_64 1.12 4.87 103.24 108.11 OK
r-patched-solaris-x86 1.12 191.90 OK
r-release-linux-x86_64 1.12 5.86 100.60 106.46 OK
r-release-windows-ix86+x86_64 1.12 20.00 176.00 196.00 OK
r-release-osx-x86_64 1.12 OK
r-oldrel-windows-ix86+x86_64 1.12 18.00 121.00 139.00 OK
r-oldrel-osx-x86_64 1.10 NOTE

Check Details

Version: 1.10
Check: R code for possible problems
Result: NOTE
    FeaLect: no visible global function definition for ‘plot’
    compute.logistic.score: no visible global function definition for
     ‘coef’
    ignore.redundant: no visible global function definition for ‘var’
    train.doctor: no visible global function definition for ‘coef’
    train.doctor: no visible global function definition for ‘predict’
    Undefined global functions or variables:
     coef plot predict var
    Consider adding
     importFrom("graphics", "plot")
     importFrom("stats", "coef", "predict", "var")
    to your NAMESPACE file.
Flavor: r-oldrel-osx-x86_64