CRAN Package Check Results for Package FeaLect

Last updated on 2015-09-04 22:46:47.

Flavor Version Tinstall Tcheck Ttotal Status Flags
r-devel-linux-x86_64-debian-clang 1.10 3.83 67.92 71.75 NOTE
r-devel-linux-x86_64-debian-gcc 1.10 3.83 68.22 72.05 NOTE
r-devel-linux-x86_64-fedora-clang 1.10 147.49 NOTE
r-devel-linux-x86_64-fedora-gcc 1.10 143.82 NOTE
r-devel-osx-x86_64-clang 1.10 124.43 OK
r-devel-windows-ix86+x86_64 1.10 14.00 110.00 124.00 NOTE
r-patched-linux-x86_64 1.10 4.34 71.94 76.28 OK
r-patched-solaris-sparc 1.10 618.30 OK
r-patched-solaris-x86 1.10 214.10 OK
r-release-linux-x86_64 1.10 4.10 71.08 75.18 OK
r-release-osx-x86_64-mavericks 1.10 OK
r-release-windows-ix86+x86_64 1.10 20.00 121.00 141.00 OK
r-oldrel-windows-ix86+x86_64 1.10 27.00 195.00 222.00 OK

Check Details

Version: 1.10
Check: R code for possible problems
Result: NOTE
    FeaLect: no visible global function definition for ‘plot’
    compute.logistic.score: no visible global function definition for
     ‘coef’
    ignore.redundant: no visible global function definition for ‘var’
    train.doctor: no visible global function definition for ‘coef’
    train.doctor: no visible global function definition for ‘predict’
    Undefined global functions or variables:
     coef plot predict var
    Consider adding
     importFrom("graphics", "plot")
     importFrom("stats", "coef", "predict", "var")
    to your NAMESPACE.
Flavors: r-devel-linux-x86_64-debian-clang, r-devel-linux-x86_64-debian-gcc, r-devel-linux-x86_64-fedora-clang, r-devel-linux-x86_64-fedora-gcc, r-devel-windows-ix86+x86_64