CRAN Package Check Results for Package FeaLect

Last updated on 2016-02-10 11:55:13.

Flavor Version Tinstall Tcheck Ttotal Status Flags
r-devel-linux-x86_64-debian-gcc 1.10 3.70 55.01 58.71 NOTE
r-devel-linux-x86_64-fedora-clang 1.10 120.13 NOTE
r-devel-linux-x86_64-fedora-gcc 1.10 112.93 NOTE
r-devel-osx-x86_64-clang 1.10 131.85 NOTE
r-devel-windows-ix86+x86_64 1.10 15.00 105.00 120.00 NOTE
r-patched-linux-x86_64 1.10 4.21 70.10 74.31 OK
r-patched-solaris-sparc 1.10 862.90 OK
r-patched-solaris-x86 1.10 193.50 OK
r-release-linux-x86_64 1.10 4.36 70.04 74.39 OK
r-release-osx-x86_64-mavericks 1.10 OK
r-release-windows-ix86+x86_64 1.10 16.00 129.00 145.00 OK
r-oldrel-windows-ix86+x86_64 1.10 36.00 191.00 227.00 OK

Check Details

Version: 1.10
Check: R code for possible problems
Result: NOTE
    FeaLect: no visible global function definition for ‘plot’
    compute.logistic.score: no visible global function definition for
     ‘coef’
    ignore.redundant: no visible global function definition for ‘var’
    train.doctor: no visible global function definition for ‘coef’
    train.doctor: no visible global function definition for ‘predict’
    Undefined global functions or variables:
     coef plot predict var
    Consider adding
     importFrom("graphics", "plot")
     importFrom("stats", "coef", "predict", "var")
    to your NAMESPACE file.
Flavors: r-devel-linux-x86_64-debian-gcc, r-devel-linux-x86_64-fedora-clang, r-devel-linux-x86_64-fedora-gcc, r-devel-osx-x86_64-clang, r-devel-windows-ix86+x86_64