CRAN Package Check Results for Package FeaLect

Last updated on 2017-12-18 13:47:58 CET.

Flavor Version Tinstall Tcheck Ttotal Status Flags
r-devel-linux-x86_64-debian-clang 1.10 5.12 90.50 95.62 NOTE
r-devel-linux-x86_64-debian-gcc 1.10 4.66 80.95 85.61 NOTE
r-devel-linux-x86_64-fedora-clang 1.10 136.94 NOTE
r-devel-linux-x86_64-fedora-gcc 1.10 133.27 NOTE
r-devel-windows-ix86+x86_64 1.10 16.00 125.00 141.00 NOTE
r-patched-linux-x86_64 1.10 5.75 110.88 116.63 NOTE
r-patched-solaris-x86 1.10 206.60 NOTE
r-release-linux-x86_64 1.10 5.80 110.26 116.06 NOTE
r-release-windows-ix86+x86_64 1.10 15.00 202.00 217.00 NOTE
r-release-osx-x86_64 1.10 NOTE
r-oldrel-windows-ix86+x86_64 1.10 16.00 161.00 177.00 NOTE
r-oldrel-osx-x86_64 1.10 NOTE

Check Details

Version: 1.10
Check: R code for possible problems
Result: NOTE
    FeaLect: no visible global function definition for ‘plot’
    compute.logistic.score: no visible global function definition for
     ‘coef’
    ignore.redundant: no visible global function definition for ‘var’
    train.doctor: no visible global function definition for ‘coef’
    train.doctor: no visible global function definition for ‘predict’
    Undefined global functions or variables:
     coef plot predict var
    Consider adding
     importFrom("graphics", "plot")
     importFrom("stats", "coef", "predict", "var")
    to your NAMESPACE file.
Flavors: r-devel-linux-x86_64-debian-clang, r-devel-linux-x86_64-debian-gcc, r-devel-linux-x86_64-fedora-clang, r-devel-linux-x86_64-fedora-gcc, r-devel-windows-ix86+x86_64, r-patched-linux-x86_64, r-patched-solaris-x86, r-release-linux-x86_64, r-release-windows-ix86+x86_64, r-release-osx-x86_64, r-oldrel-windows-ix86+x86_64, r-oldrel-osx-x86_64