CRAN Package Check Results for Package FeaLect

Last updated on 2016-06-01 05:48:31.

Flavor Version Tinstall Tcheck Ttotal Status Flags
r-devel-linux-x86_64-debian-gcc 1.10 4.44 62.96 67.39 NOTE
r-devel-linux-x86_64-fedora-clang 1.10 122.22 NOTE
r-devel-linux-x86_64-fedora-gcc 1.10 124.25 NOTE
r-devel-osx-x86_64-clang 1.10 137.53 NOTE
r-devel-windows-ix86+x86_64 1.10 17.00 155.00 172.00 NOTE
r-patched-linux-x86_64 1.10 4.16 60.59 64.75 NOTE
r-patched-solaris-sparc 1.10 707.00 NOTE
r-patched-solaris-x86 1.10 153.20 NOTE
r-release-linux-x86_64 1.10 3.74 58.32 62.06 NOTE
r-release-osx-x86_64-mavericks 1.10 NOTE
r-release-windows-ix86+x86_64 1.10 17.00 113.00 130.00 NOTE
r-oldrel-windows-ix86+x86_64 1.10 12.00 130.00 142.00 OK

Check Details

Version: 1.10
Check: R code for possible problems
Result: NOTE
    FeaLect: no visible global function definition for ‘plot’
    compute.logistic.score: no visible global function definition for
     ‘coef’
    ignore.redundant: no visible global function definition for ‘var’
    train.doctor: no visible global function definition for ‘coef’
    train.doctor: no visible global function definition for ‘predict’
    Undefined global functions or variables:
     coef plot predict var
    Consider adding
     importFrom("graphics", "plot")
     importFrom("stats", "coef", "predict", "var")
    to your NAMESPACE file.
Flavors: r-devel-linux-x86_64-debian-gcc, r-devel-linux-x86_64-fedora-clang, r-devel-linux-x86_64-fedora-gcc, r-devel-osx-x86_64-clang, r-devel-windows-ix86+x86_64, r-patched-linux-x86_64, r-patched-solaris-sparc, r-patched-solaris-x86, r-release-linux-x86_64, r-release-osx-x86_64-mavericks, r-release-windows-ix86+x86_64