CRAN Package Check Results for Package FeaLect

Last updated on 2017-06-22 17:47:41.

Flavor Version Tinstall Tcheck Ttotal Status Flags
r-devel-linux-x86_64-debian-clang 1.10 3.98 66.03 70.02 NOTE
r-devel-linux-x86_64-debian-gcc 1.10 4.29 69.26 73.55 NOTE
r-devel-linux-x86_64-fedora-clang 1.10 150.32 NOTE
r-devel-linux-x86_64-fedora-gcc 1.10 151.48 NOTE
r-devel-windows-ix86+x86_64 1.10 22.00 167.00 189.00 NOTE
r-patched-linux-x86_64 1.10 4.25 63.93 68.18 NOTE
r-patched-solaris-sparc 1.10 866.40 NOTE
r-patched-solaris-x86 1.10 200.40 NOTE
r-release-linux-x86_64 1.10 4.48 64.40 68.87 NOTE
r-release-windows-ix86+x86_64 1.10 23.00 132.00 155.00 NOTE
r-release-osx-x86_64 1.10 NOTE
r-oldrel-windows-ix86+x86_64 1.10 23.00 119.00 142.00 NOTE
r-oldrel-osx-x86_64 1.10 NOTE

Check Details

Version: 1.10
Check: R code for possible problems
Result: NOTE
    FeaLect: no visible global function definition for ‘plot’
    compute.logistic.score: no visible global function definition for
     ‘coef’
    ignore.redundant: no visible global function definition for ‘var’
    train.doctor: no visible global function definition for ‘coef’
    train.doctor: no visible global function definition for ‘predict’
    Undefined global functions or variables:
     coef plot predict var
    Consider adding
     importFrom("graphics", "plot")
     importFrom("stats", "coef", "predict", "var")
    to your NAMESPACE file.
Flavors: r-devel-linux-x86_64-debian-clang, r-devel-linux-x86_64-debian-gcc, r-devel-linux-x86_64-fedora-clang, r-devel-linux-x86_64-fedora-gcc, r-devel-windows-ix86+x86_64, r-patched-linux-x86_64, r-patched-solaris-sparc, r-patched-solaris-x86, r-release-linux-x86_64, r-release-windows-ix86+x86_64, r-release-osx-x86_64, r-oldrel-windows-ix86+x86_64, r-oldrel-osx-x86_64