CRAN Package Check Results for Package FeaLect

Last updated on 2016-09-30 09:48:04.

Flavor Version Tinstall Tcheck Ttotal Status Flags
r-devel-linux-x86_64-debian-clang 1.10 3.68 57.55 61.22 NOTE
r-devel-linux-x86_64-debian-gcc 1.10 4.08 54.91 58.99 NOTE
r-devel-linux-x86_64-fedora-clang 1.10 154.28 NOTE
r-devel-linux-x86_64-fedora-gcc 1.10 118.37 NOTE
r-devel-macos-x86_64-clang 1.10 93.22 NOTE
r-devel-windows-ix86+x86_64 1.10 23.00 145.00 168.00 NOTE
r-patched-linux-x86_64 1.10 4.37 55.21 59.58 NOTE
r-patched-solaris-sparc 1.10 709.70 NOTE
r-patched-solaris-x86 1.10 151.80 NOTE
r-release-linux-x86_64 1.10 3.75 56.63 60.38 NOTE
r-release-osx-x86_64-mavericks 1.10 NOTE
r-release-windows-ix86+x86_64 1.10 11.00 104.00 115.00 NOTE
r-oldrel-windows-ix86+x86_64 1.10 21.00 169.00 190.00 OK

Check Details

Version: 1.10
Check: R code for possible problems
Result: NOTE
    FeaLect: no visible global function definition for ‘plot’
    compute.logistic.score: no visible global function definition for
     ‘coef’
    ignore.redundant: no visible global function definition for ‘var’
    train.doctor: no visible global function definition for ‘coef’
    train.doctor: no visible global function definition for ‘predict’
    Undefined global functions or variables:
     coef plot predict var
    Consider adding
     importFrom("graphics", "plot")
     importFrom("stats", "coef", "predict", "var")
    to your NAMESPACE file.
Flavors: r-devel-linux-x86_64-debian-clang, r-devel-linux-x86_64-debian-gcc, r-devel-linux-x86_64-fedora-clang, r-devel-linux-x86_64-fedora-gcc, r-devel-macos-x86_64-clang, r-devel-windows-ix86+x86_64, r-patched-linux-x86_64, r-patched-solaris-sparc, r-patched-solaris-x86, r-release-linux-x86_64, r-release-osx-x86_64-mavericks, r-release-windows-ix86+x86_64