CRAN Package Check Results for Package FeaLect

Last updated on 2017-04-28 23:52:17.

Flavor Version Tinstall Tcheck Ttotal Status Flags
r-devel-linux-x86_64-debian-clang 1.10 4.14 65.06 69.21 NOTE
r-devel-linux-x86_64-debian-gcc 1.10 4.14 63.22 67.35 NOTE
r-devel-linux-x86_64-fedora-clang 1.10 145.99 NOTE --no-stop-on-test-error
r-devel-linux-x86_64-fedora-gcc 1.10 143.49 NOTE --no-stop-on-test-error
r-devel-windows-ix86+x86_64 1.10 28.00 163.00 191.00 NOTE
r-patched-linux-x86_64 1.10 3.99 64.53 68.52 NOTE
r-patched-solaris-sparc 1.10 866.40 NOTE
r-patched-solaris-x86 1.10 200.80 NOTE
r-release-linux-x86_64 1.10 4.14 66.53 70.67 NOTE
r-release-windows-ix86+x86_64 1.10 19.00 172.00 191.00 NOTE
r-release-osx-x86_64 1.10 NOTE
r-oldrel-windows-ix86+x86_64 1.10 22.00 153.00 175.00 NOTE
r-oldrel-osx-x86_64 1.10 NOTE

Check Details

Version: 1.10
Check: R code for possible problems
Result: NOTE
    FeaLect: no visible global function definition for ‘plot’
    compute.logistic.score: no visible global function definition for
     ‘coef’
    ignore.redundant: no visible global function definition for ‘var’
    train.doctor: no visible global function definition for ‘coef’
    train.doctor: no visible global function definition for ‘predict’
    Undefined global functions or variables:
     coef plot predict var
    Consider adding
     importFrom("graphics", "plot")
     importFrom("stats", "coef", "predict", "var")
    to your NAMESPACE file.
Flavors: r-devel-linux-x86_64-debian-clang, r-devel-linux-x86_64-debian-gcc, r-devel-windows-ix86+x86_64, r-patched-linux-x86_64, r-patched-solaris-sparc, r-patched-solaris-x86, r-release-linux-x86_64, r-release-windows-ix86+x86_64, r-release-osx-x86_64, r-oldrel-windows-ix86+x86_64, r-oldrel-osx-x86_64

Version: 1.10
Flags: --no-stop-on-test-error
Check: R code for possible problems
Result: NOTE
    FeaLect: no visible global function definition for ‘plot’
    compute.logistic.score: no visible global function definition for
     ‘coef’
    ignore.redundant: no visible global function definition for ‘var’
    train.doctor: no visible global function definition for ‘coef’
    train.doctor: no visible global function definition for ‘predict’
    Undefined global functions or variables:
     coef plot predict var
    Consider adding
     importFrom("graphics", "plot")
     importFrom("stats", "coef", "predict", "var")
    to your NAMESPACE file.
Flavors: r-devel-linux-x86_64-fedora-clang, r-devel-linux-x86_64-fedora-gcc