Last updated on 2025-01-17 00:49:05 CET.
Flavor | Version | Tinstall | Tcheck | Ttotal | Status | Flags |
---|---|---|---|---|---|---|
r-devel-linux-x86_64-debian-clang | 0.9.2 | 44.70 | 105.15 | 149.85 | NOTE | |
r-devel-linux-x86_64-debian-gcc | 0.9.2 | 37.56 | 79.76 | 117.32 | NOTE | |
r-devel-linux-x86_64-fedora-clang | 0.9.2 | 264.17 | NOTE | |||
r-devel-linux-x86_64-fedora-gcc | 0.9.2 | 285.94 | NOTE | |||
r-devel-windows-x86_64 | 0.9.2 | 52.00 | 133.00 | 185.00 | NOTE | |
r-patched-linux-x86_64 | 0.9.2 | 50.57 | 100.30 | 150.87 | OK | |
r-release-linux-x86_64 | 0.9.2 | 49.54 | 99.44 | 148.98 | OK | |
r-release-macos-arm64 | 0.9.2 | 81.00 | OK | |||
r-release-macos-x86_64 | 0.9.2 | 107.00 | OK | |||
r-release-windows-x86_64 | 0.9.2 | 53.00 | 128.00 | 181.00 | OK | |
r-oldrel-macos-arm64 | 0.9.2 | 88.00 | OK | |||
r-oldrel-macos-x86_64 | 0.9.2 | 158.00 | OK | |||
r-oldrel-windows-x86_64 | 0.9.2 | 48.00 | 159.00 | 207.00 | OK |
Version: 0.9.2
Check: Rd cross-references
Result: NOTE
Found the following Rd file(s) with Rd \link{} targets missing package
anchors:
CSCMatrix-class.Rd: dgCMatrix-class
hashed.model.matrix.Rd: dgCMatrix-class
Please provide package anchors for all Rd \link{} targets not in the
package itself and the base packages.
Flavors: r-devel-linux-x86_64-debian-clang, r-devel-linux-x86_64-debian-gcc, r-devel-windows-x86_64
Version: 0.9.2
Check: compiled code
Result: NOTE
File ‘FeatureHashing/libs/FeatureHashing.so’:
Found non-API call to R: ‘HASHTAB’
Compiled code should not call non-API entry points in R.
See ‘Writing portable packages’ in the ‘Writing R Extensions’ manual,
and section ‘Moving into C API compliance’ for issues with the use of
non-API entry points.
Flavors: r-devel-linux-x86_64-fedora-clang, r-devel-linux-x86_64-fedora-gcc