CRAN Package Check Results for Package FieldSim

Last updated on 2015-09-05 09:46:49.

Flavor Version Tinstall Tcheck Ttotal Status Flags
r-devel-linux-x86_64-debian-clang 3.2.1 0.77 22.05 22.82 NOTE
r-devel-linux-x86_64-debian-gcc 3.2.1 0.74 22.14 22.88 NOTE
r-devel-linux-x86_64-fedora-clang 3.2.1 46.37 NOTE
r-devel-linux-x86_64-fedora-gcc 3.2.1 41.75 NOTE
r-devel-osx-x86_64-clang 3.2.1 40.41 OK
r-devel-windows-ix86+x86_64 3.2.1 6.00 42.00 48.00 NOTE
r-patched-linux-x86_64 3.2.1 0.81 22.24 23.04 OK
r-patched-solaris-sparc 3.2.1 335.20 OK
r-patched-solaris-x86 3.2.1 70.70 OK
r-release-linux-x86_64 3.2.1 0.79 24.14 24.92 OK
r-release-osx-x86_64-mavericks 3.2.1 OK
r-release-windows-ix86+x86_64 3.2.1 5.00 45.00 50.00 OK
r-oldrel-windows-ix86+x86_64 3.2.1 5.00 52.00 57.00 OK

Check Details

Version: 3.2.1
Check: R code for possible problems
Result: NOTE
    fieldsim: no visible global function definition for ‘rnorm’
    midpoint: no visible global function definition for ‘rnorm’
    setAtlas_under: no visible global function definition for ‘runif’
    setCovf_under : Ibeta: no visible global function definition for
     ‘pbeta’
    visualize: no visible global function definition for ‘colorRampPalette’
    Undefined global functions or variables:
     colorRampPalette pbeta rnorm runif
    Consider adding
     importFrom("grDevices", "colorRampPalette")
     importFrom("stats", "pbeta", "rnorm", "runif")
    to your NAMESPACE.
Flavors: r-devel-linux-x86_64-debian-clang, r-devel-linux-x86_64-debian-gcc, r-devel-linux-x86_64-fedora-clang, r-devel-linux-x86_64-fedora-gcc, r-devel-windows-ix86+x86_64