CRAN Package Check Results for Package FieldSim

Last updated on 2016-09-26 20:49:32.

Flavor Version Tinstall Tcheck Ttotal Status Flags
r-devel-linux-x86_64-debian-clang 3.2.1 1.26 27.16 28.42 NOTE
r-devel-linux-x86_64-debian-gcc 3.2.1 1.42 26.59 28.01 NOTE
r-devel-linux-x86_64-fedora-clang 3.2.1 53.34 NOTE
r-devel-linux-x86_64-fedora-gcc 3.2.1 49.04 NOTE
r-devel-macos-x86_64-clang 3.2.1 42.19 NOTE
r-devel-windows-ix86+x86_64 3.2.1 6.00 74.00 80.00 NOTE
r-patched-linux-x86_64 3.2.1 1.33 25.98 27.30 NOTE
r-patched-solaris-sparc 3.2.1 313.40 NOTE
r-patched-solaris-x86 3.2.1 66.10 NOTE
r-release-linux-x86_64 3.2.1 1.14 26.95 28.10 NOTE
r-release-osx-x86_64-mavericks 3.2.1 WARN
r-release-windows-ix86+x86_64 3.2.1 5.00 74.00 79.00 NOTE
r-oldrel-windows-ix86+x86_64 3.2.1 8.00 72.00 80.00 OK

Check Details

Version: 3.2.1
Check: R code for possible problems
Result: NOTE
    fieldsim: no visible global function definition for ‘rnorm’
    midpoint: no visible global function definition for ‘rnorm’
    setAtlas_under: no visible global function definition for ‘runif’
    setCovf_under : Ibeta: no visible global function definition for
     ‘pbeta’
    visualize: no visible global function definition for ‘colorRampPalette’
    Undefined global functions or variables:
     colorRampPalette pbeta rnorm runif
    Consider adding
     importFrom("grDevices", "colorRampPalette")
     importFrom("stats", "pbeta", "rnorm", "runif")
    to your NAMESPACE file.
Flavors: r-devel-linux-x86_64-debian-clang, r-devel-linux-x86_64-debian-gcc, r-devel-linux-x86_64-fedora-clang, r-devel-linux-x86_64-fedora-gcc, r-devel-macos-x86_64-clang, r-devel-windows-ix86+x86_64, r-patched-linux-x86_64, r-patched-solaris-sparc, r-patched-solaris-x86, r-release-linux-x86_64, r-release-windows-ix86+x86_64

Version: 3.2.1
Check: whether package can be installed
Result: WARN
    Found the following significant warnings:
     Warning: 'rgl_init' failed, running with rgl.useNULL = TRUE
Flavor: r-release-osx-x86_64-mavericks

Version: 3.2.1
Check: dependencies in R code
Result: NOTE
    Invalid MIT-MAGIC-COOKIE-1 key
Flavor: r-release-osx-x86_64-mavericks

Version: 3.2.1
Check: S3 generic/method consistency
Result: WARN
    Invalid MIT-MAGIC-COOKIE-1 key
    See section ‘Generic functions and methods’ in the ‘Writing R
    Extensions’ manual.
Flavor: r-release-osx-x86_64-mavericks

Version: 3.2.1
Check: replacement functions
Result: WARN
    Invalid MIT-MAGIC-COOKIE-1 key
    The argument of a replacement function which corresponds to the right
    hand side must be named ‘value’.
Flavor: r-release-osx-x86_64-mavericks

Version: 3.2.1
Check: foreign function calls
Result: NOTE
    Invalid MIT-MAGIC-COOKIE-1 key
    See chapter ‘System and foreign language interfaces’ in the ‘Writing R
    Extensions’ manual.
Flavor: r-release-osx-x86_64-mavericks

Version: 3.2.1
Check: R code for possible problems
Result: NOTE
    Invalid MIT-MAGIC-COOKIE-1 keyfieldsim: no visible global function definition for ‘rnorm’
    midpoint: no visible global function definition for ‘rnorm’
    setAtlas_under: no visible global function definition for ‘runif’
    setCovf_under : Ibeta: no visible global function definition for
     ‘pbeta’
    visualize: no visible global function definition for ‘colorRampPalette’
    Undefined global functions or variables:
     colorRampPalette pbeta rnorm runif
    Consider adding
     importFrom("grDevices", "colorRampPalette")
     importFrom("stats", "pbeta", "rnorm", "runif")
    to your NAMESPACE file.
Flavor: r-release-osx-x86_64-mavericks

Version: 3.2.1
Check: for missing documentation entries
Result: WARN
    Invalid MIT-MAGIC-COOKIE-1 key
    All user-level objects in a package should have documentation entries.
    See chapter ‘Writing R documentation files’ in the ‘Writing R
    Extensions’ manual.
Flavor: r-release-osx-x86_64-mavericks

Version: 3.2.1
Check: for code/documentation mismatches
Result: WARN
    Invalid MIT-MAGIC-COOKIE-1 key
    Invalid MIT-MAGIC-COOKIE-1 key
    Invalid MIT-MAGIC-COOKIE-1 key
Flavor: r-release-osx-x86_64-mavericks

Version: 3.2.1
Check: Rd \usage sections
Result: NOTE
    Invalid MIT-MAGIC-COOKIE-1 key
    The \usage entries for S3 methods should use the \method markup and not
    their full name.
    See chapter ‘Writing R documentation files’ in the ‘Writing R
    Extensions’ manual.
Flavor: r-release-osx-x86_64-mavericks