CRAN Package Check Results for Package FieldSim

Last updated on 2015-08-02 17:47:43.

Flavor Version Tinstall Tcheck Ttotal Status Flags
r-devel-linux-x86_64-debian-clang 3.2.1 0.79 22.88 23.66 NOTE
r-devel-linux-x86_64-debian-gcc 3.2.1 0.77 22.58 23.36 NOTE
r-devel-linux-x86_64-fedora-clang 3.2.1 48.01 NOTE
r-devel-linux-x86_64-fedora-gcc 3.2.1 45.40 NOTE
r-devel-osx-x86_64-clang 3.2.1 41.48 OK
r-devel-windows-ix86+x86_64 3.2.1 3.00 45.00 48.00 NOTE
r-patched-linux-x86_64 3.2.1 0.84 27.68 28.52 OK
r-patched-solaris-sparc 3.2.1 335.20 OK
r-patched-solaris-x86 3.2.1 65.80 OK
r-release-linux-x86_64 3.2.1 0.80 23.06 23.86 OK
r-release-osx-x86_64-mavericks 3.2.1 OK
r-release-windows-ix86+x86_64 3.2.1 4.00 42.00 46.00 OK
r-oldrel-windows-ix86+x86_64 3.2.1 6.00 47.00 53.00 OK

Check Details

Version: 3.2.1
Check: R code for possible problems
Result: NOTE
    fieldsim: no visible global function definition for ‘rnorm’
    midpoint: no visible global function definition for ‘rnorm’
    setAtlas_under: no visible global function definition for ‘runif’
    setCovf_under : Ibeta: no visible global function definition for
     ‘pbeta’
    visualize: no visible global function definition for ‘colorRampPalette’
    Undefined global functions or variables:
     colorRampPalette pbeta rnorm runif
    Consider adding
     importFrom("grDevices", "colorRampPalette")
     importFrom("stats", "pbeta", "rnorm", "runif")
    to your NAMESPACE.
Flavors: r-devel-linux-x86_64-debian-clang, r-devel-linux-x86_64-debian-gcc, r-devel-linux-x86_64-fedora-clang, r-devel-linux-x86_64-fedora-gcc, r-devel-windows-ix86+x86_64