CRAN Package Check Results for Package FieldSim

Last updated on 2015-07-01 06:48:33.

Flavor Version Tinstall Tcheck Ttotal Status Flags
r-devel-linux-x86_64-debian-clang 3.2.1 0.78 25.30 26.08 NOTE
r-devel-linux-x86_64-debian-gcc 3.2.1 0.81 21.99 22.80 NOTE
r-devel-linux-x86_64-fedora-clang 3.2.1 46.68 NOTE
r-devel-linux-x86_64-fedora-gcc 3.2.1 44.51 NOTE
r-devel-osx-x86_64-clang 3.2.1 43.82 OK
r-devel-windows-ix86+x86_64 3.2.1 6.00 39.00 45.00 NOTE
r-patched-linux-x86_64 3.2.1 0.98 22.30 23.28 OK
r-patched-solaris-sparc 3.2.1 326.80 OK
r-patched-solaris-x86 3.2.1 70.50 OK
r-release-linux-x86_64 3.2.1 1.08 22.24 23.32 OK
r-release-osx-x86_64-mavericks 3.2.1 OK
r-release-windows-ix86+x86_64 3.2.1 3.00 41.00 44.00 OK
r-oldrel-windows-ix86+x86_64 3.2.1 6.00 44.00 50.00 OK

Check Details

Version: 3.2.1
Check: R code for possible problems
Result: NOTE
    fieldsim: no visible global function definition for ‘rnorm’
    midpoint: no visible global function definition for ‘rnorm’
    setAtlas_under: no visible global function definition for ‘runif’
    setCovf_under : Ibeta: no visible global function definition for
     ‘pbeta’
    visualize: no visible global function definition for ‘colorRampPalette’
Flavors: r-devel-linux-x86_64-debian-clang, r-devel-linux-x86_64-debian-gcc, r-devel-linux-x86_64-fedora-clang, r-devel-linux-x86_64-fedora-gcc, r-devel-windows-ix86+x86_64