CRAN Package Check Results for Package FieldSim

Last updated on 2018-05-22 05:49:23 CEST.

Flavor Version Tinstall Tcheck Ttotal Status Flags
r-devel-linux-x86_64-debian-clang 3.2.1 4.36 42.87 47.23 NOTE
r-devel-linux-x86_64-debian-gcc 3.2.1 3.90 36.07 39.97 NOTE
r-devel-linux-x86_64-fedora-clang 3.2.1 63.06 NOTE
r-devel-linux-x86_64-fedora-gcc 3.2.1 60.59 NOTE
r-devel-windows-ix86+x86_64 3.2.1 7.00 66.00 73.00 NOTE
r-patched-linux-x86_64 3.2.1 3.85 46.58 50.43 NOTE
r-patched-solaris-x86 3.2.1 89.50 NOTE
r-release-linux-x86_64 3.2.1 4.32 45.43 49.75 NOTE
r-release-windows-ix86+x86_64 3.2.1 8.00 89.00 97.00 NOTE
r-release-osx-x86_64 3.2.1 NOTE
r-oldrel-windows-ix86+x86_64 3.2.1 11.00 59.00 70.00 NOTE
r-oldrel-osx-x86_64 3.2.1 NOTE

Check Details

Version: 3.2.1
Check: R code for possible problems
Result: NOTE
    fieldsim: no visible global function definition for ‘rnorm’
    midpoint: no visible global function definition for ‘rnorm’
    setAtlas_under: no visible global function definition for ‘runif’
    setCovf_under : Ibeta: no visible global function definition for
     ‘pbeta’
    visualize: no visible global function definition for ‘colorRampPalette’
    Undefined global functions or variables:
     colorRampPalette pbeta rnorm runif
    Consider adding
     importFrom("grDevices", "colorRampPalette")
     importFrom("stats", "pbeta", "rnorm", "runif")
    to your NAMESPACE file.
Flavors: r-devel-linux-x86_64-debian-clang, r-devel-linux-x86_64-debian-gcc, r-devel-linux-x86_64-fedora-clang, r-devel-linux-x86_64-fedora-gcc, r-devel-windows-ix86+x86_64, r-patched-linux-x86_64, r-patched-solaris-x86, r-release-linux-x86_64, r-release-windows-ix86+x86_64, r-release-osx-x86_64, r-oldrel-windows-ix86+x86_64, r-oldrel-osx-x86_64