CRAN Package Check Results for Package FieldSim

Last updated on 2016-02-08 02:47:20.

Flavor Version Tinstall Tcheck Ttotal Status Flags
r-devel-linux-x86_64-debian-gcc 3.2.1 0.85 21.68 22.54 NOTE
r-devel-linux-x86_64-fedora-clang 3.2.1 44.05 NOTE
r-devel-linux-x86_64-fedora-gcc 3.2.1 41.26 NOTE
r-devel-osx-x86_64-clang 3.2.1 49.54 NOTE
r-devel-windows-ix86+x86_64 3.2.1 6.00 44.00 50.00 NOTE
r-patched-linux-x86_64 3.2.1 0.89 23.58 24.47 OK
r-patched-solaris-sparc 3.2.1 310.90 OK
r-patched-solaris-x86 3.2.1 58.90 OK
r-release-linux-x86_64 3.2.1 0.88 22.64 23.52 OK
r-release-osx-x86_64-mavericks 3.2.1 OK
r-release-windows-ix86+x86_64 3.2.1 5.00 45.00 50.00 OK
r-oldrel-windows-ix86+x86_64 3.2.1 6.00 50.00 56.00 OK

Check Details

Version: 3.2.1
Check: R code for possible problems
Result: NOTE
    fieldsim: no visible global function definition for ‘rnorm’
    midpoint: no visible global function definition for ‘rnorm’
    setAtlas_under: no visible global function definition for ‘runif’
    setCovf_under : Ibeta: no visible global function definition for
     ‘pbeta’
    visualize: no visible global function definition for ‘colorRampPalette’
    Undefined global functions or variables:
     colorRampPalette pbeta rnorm runif
    Consider adding
     importFrom("grDevices", "colorRampPalette")
     importFrom("stats", "pbeta", "rnorm", "runif")
    to your NAMESPACE file.
Flavors: r-devel-linux-x86_64-debian-gcc, r-devel-linux-x86_64-fedora-clang, r-devel-linux-x86_64-fedora-gcc, r-devel-osx-x86_64-clang, r-devel-windows-ix86+x86_64