CRAN Package Check Results for Package FieldSim

Last updated on 2016-04-29 11:48:28.

Flavor Version Tinstall Tcheck Ttotal Status Flags
r-devel-linux-x86_64-debian-gcc 3.2.1 0.83 23.02 23.85 NOTE
r-devel-linux-x86_64-fedora-clang 3.2.1 44.97 NOTE
r-devel-linux-x86_64-fedora-gcc 3.2.1 42.33 NOTE
r-devel-osx-x86_64-clang 3.2.1 49.42 NOTE
r-devel-windows-ix86+x86_64 3.2.1 3.00 52.00 55.00 NOTE
r-patched-linux-x86_64 3.2.1 0.77 23.12 23.90 NOTE
r-patched-solaris-sparc 3.2.1 307.80 NOTE
r-patched-solaris-x86 3.2.1 58.50 NOTE
r-release-linux-x86_64 3.2.1 0.85 23.63 24.48 OK
r-release-osx-x86_64-mavericks 3.2.1 OK
r-release-windows-ix86+x86_64 3.2.1 4.00 49.00 53.00 OK
r-oldrel-windows-ix86+x86_64 3.2.1 6.00 51.00 57.00 OK

Check Details

Version: 3.2.1
Check: R code for possible problems
Result: NOTE
    fieldsim: no visible global function definition for ‘rnorm’
    midpoint: no visible global function definition for ‘rnorm’
    setAtlas_under: no visible global function definition for ‘runif’
    setCovf_under : Ibeta: no visible global function definition for
     ‘pbeta’
    visualize: no visible global function definition for ‘colorRampPalette’
    Undefined global functions or variables:
     colorRampPalette pbeta rnorm runif
    Consider adding
     importFrom("grDevices", "colorRampPalette")
     importFrom("stats", "pbeta", "rnorm", "runif")
    to your NAMESPACE file.
Flavors: r-devel-linux-x86_64-debian-gcc, r-devel-linux-x86_64-fedora-clang, r-devel-linux-x86_64-fedora-gcc, r-devel-osx-x86_64-clang, r-devel-windows-ix86+x86_64, r-patched-linux-x86_64, r-patched-solaris-sparc, r-patched-solaris-x86