CRAN Package Check Results for Package FinCal

Last updated on 2014-04-25 05:47:15.

Flavor Version Tinstall Tcheck Ttotal Status Flags
r-devel-linux-x86_64-debian-clang 0.6 2.73 29.90 32.63 OK
r-devel-linux-x86_64-debian-gcc 0.6 2.60 29.93 32.53 OK
r-devel-linux-x86_64-fedora-clang 0.6 64.39 OK
r-devel-linux-x86_64-fedora-gcc 0.6 61.40 OK
r-devel-osx-x86_64-clang 0.6 68.88 OK
r-devel-osx-x86_64-gcc 0.6 ERROR
r-devel-windows-ix86+x86_64 0.6 9.00 44.00 53.00 OK
r-patched-linux-x86_64 0.6 2.58 30.21 32.79 OK
r-patched-solaris-sparc 0.6 365.20 OK
r-patched-solaris-x86 0.6 81.70 OK
r-release-linux-ix86 0.6 4.00 55.00 59.00 OK
r-release-linux-x86_64 0.6 2.70 29.83 32.53 OK
r-release-osx-x86_64-mavericks 0.6 OK
r-release-osx-x86_64-snowleopard 0.6 OK
r-release-windows-ix86+x86_64 0.6 8.00 53.00 61.00 OK
r-oldrel-windows-ix86+x86_64 0.6 8.00 55.00 63.00 OK

Check Details

Version: 0.6
Check: package dependencies
Result: ERROR
    Packages required but not available: ‘ggplot2’ ‘scales’
    
    See the information on DESCRIPTION files in the chapter ‘Creating R
    packages’ of the ‘Writing R Extensions’ manual.
Flavor: r-devel-osx-x86_64-gcc