CRAN Package Check Results for Package FinCal

Last updated on 2015-04-25 08:48:48.

Flavor Version Tinstall Tcheck Ttotal Status Flags
r-devel-linux-x86_64-debian-clang 0.6 2.28 23.09 25.37 NOTE
r-devel-linux-x86_64-debian-gcc 0.6 2.20 21.39 23.59 NOTE
r-devel-linux-x86_64-fedora-clang 0.6 46.48 NOTE
r-devel-linux-x86_64-fedora-gcc 0.6 45.16 NOTE
r-devel-osx-x86_64-clang 0.6 44.86 NOTE
r-devel-windows-ix86+x86_64 0.6 7.00 37.00 44.00 NOTE
r-patched-linux-x86_64 0.6 1.64 21.74 23.38 NOTE
r-patched-solaris-sparc 0.6 298.50 NOTE
r-patched-solaris-x86 0.6 61.10 NOTE
r-release-linux-x86_64 0.6 1.83 21.40 23.23 NOTE
r-release-osx-x86_64-mavericks 0.6 NOTE
r-release-osx-x86_64-snowleopard 0.6 ERROR
r-release-windows-ix86+x86_64 0.6 6.00 39.00 45.00 NOTE
r-oldrel-windows-ix86+x86_64 0.6 7.00 53.00 60.00 OK

Check Details

Version: 0.6
Check: DESCRIPTION meta-information
Result: NOTE
    Malformed Description field: should contain one or more complete sentences.
Flavors: r-devel-windows-ix86+x86_64, r-patched-linux-x86_64, r-release-windows-ix86+x86_64