CRAN Package Check Results for Package FinCal

Last updated on 2015-07-01 03:47:27.

Flavor Version Tinstall Tcheck Ttotal Status Flags
r-devel-linux-x86_64-debian-clang 0.6 1.67 22.86 24.53 NOTE
r-devel-linux-x86_64-debian-gcc 0.6 1.66 22.04 23.70 NOTE
r-devel-linux-x86_64-fedora-clang 0.6 47.02 NOTE
r-devel-linux-x86_64-fedora-gcc 0.6 44.20 NOTE
r-devel-osx-x86_64-clang 0.6 45.57 NOTE
r-devel-windows-ix86+x86_64 0.6 7.00 36.00 43.00 NOTE
r-patched-linux-x86_64 0.6 1.85 21.80 23.64 NOTE
r-patched-solaris-sparc 0.6 300.00 NOTE
r-patched-solaris-x86 0.6 68.10 NOTE
r-release-linux-x86_64 0.6 1.85 22.03 23.88 NOTE
r-release-osx-x86_64-mavericks 0.6 NOTE
r-release-windows-ix86+x86_64 0.6 10.00 40.00 50.00 NOTE
r-oldrel-windows-ix86+x86_64 0.6 11.00 64.00 75.00 OK

Check Details

Version: 0.6
Check: DESCRIPTION meta-information
Result: NOTE
    Malformed Description field: should contain one or more complete sentences.
Flavors: r-devel-linux-x86_64-debian-clang, r-devel-linux-x86_64-debian-gcc, r-devel-linux-x86_64-fedora-clang, r-devel-linux-x86_64-fedora-gcc, r-devel-osx-x86_64-clang, r-devel-windows-ix86+x86_64, r-patched-linux-x86_64, r-patched-solaris-sparc, r-patched-solaris-x86, r-release-linux-x86_64, r-release-osx-x86_64-mavericks, r-release-windows-ix86+x86_64

Version: 0.6
Check: R code for possible problems
Result: NOTE
    get.ohlc.google: no visible global function definition for ‘read.csv’
    get.ohlc.yahoo: no visible global function definition for ‘read.csv’
    get.ohlcs.google: no visible global function definition for ‘read.csv’
    get.ohlcs.yahoo: no visible global function definition for ‘read.csv’
Flavors: r-devel-linux-x86_64-debian-clang, r-devel-linux-x86_64-debian-gcc, r-devel-linux-x86_64-fedora-clang, r-devel-linux-x86_64-fedora-gcc, r-devel-windows-ix86+x86_64