CRAN Package Check Results for Package FinCal

Last updated on 2015-03-28 09:48:15.

Flavor Version Tinstall Tcheck Ttotal Status Flags
r-devel-linux-x86_64-debian-clang 0.6 1.68 21.78 23.46 NOTE
r-devel-linux-x86_64-debian-gcc 0.6 2.23 21.69 23.92 NOTE
r-devel-linux-x86_64-fedora-clang 0.6 49.51 NOTE
r-devel-linux-x86_64-fedora-gcc 0.6 46.73 NOTE
r-devel-osx-x86_64-clang 0.6 48.56 NOTE
r-prerel-windows-ix86+x86_64 0.6 6.00 37.00 43.00 NOTE
r-prerel-linux-x86_64 0.6 1.76 21.50 23.26 NOTE
r-prerel-solaris-sparc 0.6 298.50 NOTE
r-prerel-solaris-x86 0.6 63.70 NOTE
r-release-linux-x86_64 0.6 2.97 30.28 33.25 OK
r-release-osx-x86_64-mavericks 0.6 OK
r-release-osx-x86_64-snowleopard 0.6 OK
r-release-windows-ix86+x86_64 0.6 9.00 56.00 65.00 OK
r-oldrel-windows-ix86+x86_64 0.6 9.00 79.00 88.00 OK

Check Details

Version: 0.6
Check: DESCRIPTION meta-information
Result: NOTE
    Malformed Description field: should contain one or more complete sentences.
Flavors: r-devel-linux-x86_64-debian-clang, r-devel-linux-x86_64-debian-gcc, r-devel-linux-x86_64-fedora-clang, r-devel-linux-x86_64-fedora-gcc, r-devel-osx-x86_64-clang, r-prerel-windows-ix86+x86_64, r-prerel-linux-x86_64, r-prerel-solaris-sparc, r-prerel-solaris-x86