CRAN Package Check Results for Package FinCal

Last updated on 2015-09-04 08:50:30.

Flavor Version Tinstall Tcheck Ttotal Status Flags
r-devel-linux-x86_64-debian-clang 0.6 1.65 23.68 25.33 NOTE
r-devel-linux-x86_64-debian-gcc 0.6 1.65 22.23 23.88 NOTE
r-devel-linux-x86_64-fedora-clang 0.6 45.83 NOTE
r-devel-linux-x86_64-fedora-gcc 0.6 43.69 NOTE
r-devel-osx-x86_64-clang 0.6 40.98 NOTE
r-devel-windows-ix86+x86_64 0.6 6.00 37.00 43.00 NOTE
r-patched-linux-x86_64 0.6 1.70 22.60 24.29 NOTE
r-patched-solaris-sparc 0.6 313.70 NOTE
r-patched-solaris-x86 0.6 67.50 NOTE
r-release-linux-x86_64 0.6 1.79 23.36 25.15 NOTE
r-release-osx-x86_64-mavericks 0.6 NOTE
r-release-windows-ix86+x86_64 0.6 10.00 41.00 51.00 NOTE
r-oldrel-windows-ix86+x86_64 0.6 11.00 67.00 78.00 OK

Check Details

Version: 0.6
Check: DESCRIPTION meta-information
Result: NOTE
    Malformed Description field: should contain one or more complete sentences.
Flavors: r-devel-linux-x86_64-debian-clang, r-devel-linux-x86_64-debian-gcc, r-devel-linux-x86_64-fedora-clang, r-devel-linux-x86_64-fedora-gcc, r-devel-osx-x86_64-clang, r-devel-windows-ix86+x86_64, r-patched-linux-x86_64, r-patched-solaris-sparc, r-patched-solaris-x86, r-release-linux-x86_64, r-release-osx-x86_64-mavericks, r-release-windows-ix86+x86_64

Version: 0.6
Check: R code for possible problems
Result: NOTE
    get.ohlc.google: no visible global function definition for ‘read.csv’
    get.ohlc.yahoo: no visible global function definition for ‘read.csv’
    get.ohlcs.google: no visible global function definition for ‘read.csv’
    get.ohlcs.yahoo: no visible global function definition for ‘read.csv’
    Undefined global functions or variables:
     read.csv
    Consider adding
     importFrom("utils", "read.csv")
    to your NAMESPACE.
Flavors: r-devel-linux-x86_64-debian-clang, r-devel-linux-x86_64-debian-gcc, r-devel-linux-x86_64-fedora-clang, r-devel-linux-x86_64-fedora-gcc, r-devel-windows-ix86+x86_64