CRAN Package Check Results for Package FinTS

Last updated on 2015-03-31 03:48:29.

Flavor Version Tinstall Tcheck Ttotal Status Flags
r-devel-linux-x86_64-debian-clang 0.4-5 1.26 15.61 16.87 NOTE
r-devel-linux-x86_64-debian-gcc 0.4-5 1.21 15.27 16.48 NOTE
r-devel-linux-x86_64-fedora-clang 0.4-5 32.36 NOTE
r-devel-linux-x86_64-fedora-gcc 0.4-5 30.46 NOTE
r-devel-osx-x86_64-clang 0.4-5 37.23 NOTE
r-prerel-windows-ix86+x86_64 0.4-5 23.00 25.00 48.00 NOTE
r-prerel-linux-x86_64 0.4-5 1.19 15.28 16.47 NOTE
r-prerel-solaris-sparc 0.4-5 207.70 NOTE
r-prerel-solaris-x86 0.4-5 43.80 NOTE
r-release-linux-x86_64 0.4-5 1.30 18.33 19.63 NOTE
r-release-osx-x86_64-mavericks 0.4-5 NOTE
r-release-osx-x86_64-snowleopard 0.4-5 OK
r-release-windows-ix86+x86_64 0.4-5 17.00 33.00 50.00 NOTE
r-oldrel-windows-ix86+x86_64 0.4-5 18.00 37.00 55.00 OK

Check Details

Version: 0.4-5
Check: dependencies in R code
Result: NOTE
    'library' or 'require' calls in package code:
     ‘e1071’ ‘fUnitRoots’ ‘polynom’
     Please use :: or requireNamespace() instead.
     See section 'Suggested packages' in the 'Writing R Extensions' manual.
Flavors: r-devel-linux-x86_64-debian-clang, r-devel-linux-x86_64-debian-gcc, r-devel-linux-x86_64-fedora-clang, r-devel-linux-x86_64-fedora-gcc, r-devel-osx-x86_64-clang, r-prerel-windows-ix86+x86_64, r-prerel-linux-x86_64, r-prerel-solaris-sparc, r-prerel-solaris-x86, r-release-linux-x86_64, r-release-windows-ix86+x86_64

Version: 0.4-5
Check: R code for possible problems
Result: NOTE
    FinTS.stats: no visible global function definition for ‘skewness’
    FinTS.stats: no visible global function definition for ‘kurtosis’
    Unitroot: no visible global function definition for ‘adfTest’
    Unitroot: no visible global function definition for ‘unitrootTest’
    plotArmaTrueacf: no visible global function definition for ‘polynomial’
    summary.fHTEST: no visible global function definition for ‘padf’
Flavors: r-devel-linux-x86_64-debian-clang, r-devel-linux-x86_64-debian-gcc, r-devel-linux-x86_64-fedora-clang, r-devel-linux-x86_64-fedora-gcc, r-devel-osx-x86_64-clang, r-prerel-windows-ix86+x86_64, r-prerel-linux-x86_64, r-prerel-solaris-sparc, r-prerel-solaris-x86, r-release-linux-x86_64, r-release-osx-x86_64-mavericks, r-release-windows-ix86+x86_64