CRAN Package Check Results for Package FinTS

Last updated on 2014-04-24 11:48:45.

Flavor Version Tinstall Tcheck Ttotal Status Flags
r-devel-linux-x86_64-debian-clang 0.4-5 1.52 20.80 22.32 OK
r-devel-linux-x86_64-debian-gcc 0.4-5 1.34 20.21 21.55 OK
r-devel-linux-x86_64-fedora-clang 0.4-5 43.87 OK
r-devel-linux-x86_64-fedora-gcc 0.4-5 41.12 OK
r-devel-osx-x86_64-clang 0.4-5 42.79 OK
r-devel-osx-x86_64-gcc 0.4-5 ERROR
r-devel-windows-ix86+x86_64 0.4-5 16.00 33.00 49.00 OK
r-patched-linux-x86_64 0.4-5 1.46 20.64 22.10 OK
r-patched-solaris-sparc 0.4-5 232.40 OK
r-patched-solaris-x86 0.4-5 57.70 OK
r-release-linux-ix86 0.4-5 3.00 39.00 42.00 OK
r-release-linux-x86_64 0.4-5 1.38 20.09 21.47 OK
r-release-osx-x86_64-mavericks 0.4-5 WARN
r-release-osx-x86_64-snowleopard 0.4-5 OK
r-release-windows-ix86+x86_64 0.4-5 15.00 34.00 49.00 OK
r-oldrel-windows-ix86+x86_64 0.4-5 19.00 34.00 53.00 OK

Check Details

Version: 0.4-5
Check: package dependencies
Result: ERROR
    Package required but not available: ‘zoo’
    
    Packages suggested but not available for checking:
     ‘tseries’ ‘lmtest’ ‘sandwich’
    
    See the information on DESCRIPTION files in the chapter ‘Creating R
    packages’ of the ‘Writing R Extensions’ manual.
Flavor: r-devel-osx-x86_64-gcc

Version: 0.4-5
Check: PDF version of manual
Result: WARNING
    LaTeX errors when creating PDF version.
    This typically indicates Rd problems.
    LaTeX errors found:
    ! LaTeX Error: File `upquote.sty' not found.
    
    Type X to quit or <RETURN> to proceed,
    or enter new name. (Default extension: sty)
    
    4ffa09a1/Rd2.tex:8: ==> Fatal error occurred, no output PDF file produced!
Flavor: r-release-osx-x86_64-mavericks