CRAN Package Check Results for Package FinTS

Last updated on 2015-07-07 11:48:07.

Flavor Version Tinstall Tcheck Ttotal Status Flags
r-devel-linux-x86_64-debian-clang 0.4-5 1.19 14.88 16.07 NOTE
r-devel-linux-x86_64-debian-gcc 0.4-5 1.16 15.19 16.36 NOTE
r-devel-linux-x86_64-fedora-clang 0.4-5 30.35 NOTE
r-devel-linux-x86_64-fedora-gcc 0.4-5 28.90 NOTE
r-devel-osx-x86_64-clang 0.4-5 31.10 NOTE
r-devel-windows-ix86+x86_64 0.4-5 20.00 31.00 51.00 NOTE
r-patched-linux-x86_64 0.4-5 1.22 15.55 16.78 NOTE
r-patched-solaris-sparc 0.4-5 206.00 NOTE
r-patched-solaris-x86 0.4-5 43.50 NOTE
r-release-linux-x86_64 0.4-5 1.18 15.20 16.39 NOTE
r-release-osx-x86_64-mavericks 0.4-5 NOTE
r-release-windows-ix86+x86_64 0.4-5 20.00 26.00 46.00 NOTE
r-oldrel-windows-ix86+x86_64 0.4-5 15.00 33.00 48.00 NOTE

Check Details

Version: 0.4-5
Check: dependencies in R code
Result: NOTE
    'library' or 'require' calls in package code:
     ‘e1071’ ‘fUnitRoots’ ‘polynom’
     Please use :: or requireNamespace() instead.
     See section 'Suggested packages' in the 'Writing R Extensions' manual.
Flavors: r-devel-linux-x86_64-debian-clang, r-devel-linux-x86_64-debian-gcc, r-devel-linux-x86_64-fedora-clang, r-devel-linux-x86_64-fedora-gcc, r-devel-osx-x86_64-clang, r-devel-windows-ix86+x86_64, r-patched-linux-x86_64, r-patched-solaris-sparc, r-patched-solaris-x86, r-release-linux-x86_64, r-release-osx-x86_64-mavericks, r-release-windows-ix86+x86_64, r-oldrel-windows-ix86+x86_64

Version: 0.4-5
Check: R code for possible problems
Result: NOTE
    ARIMA: no visible global function definition for ‘arima’
    ARIMA: no visible global function definition for ‘vcov’
    ARIMA: no visible global function definition for ‘var’
    ARIMA: no visible global function definition for ‘coef’
    Acf: no visible binding for global variable ‘na.fail’
    Acf: no visible global function definition for ‘acf’
    ArchTest: no visible global function definition for ‘embed’
    ArchTest: no visible global function definition for ‘lm’
    ArchTest: no visible global function definition for ‘resid’
    ArchTest: no visible global function definition for ‘pchisq’
    AutocorTest: no visible global function definition for ‘Box.test’
    AutocorTest: no visible global function definition for ‘pchisq’
    FinTS.stats: no visible global function definition for ‘sd’
    FinTS.stats: no visible global function definition for ‘skewness’
    FinTS.stats: no visible global function definition for ‘kurtosis’
    Unitroot: no visible global function definition for ‘adfTest’
    Unitroot: no visible global function definition for ‘unitrootTest’
    apca: no visible global function definition for ‘lm’
    apca: no visible global function definition for ‘var’
    apca: no visible global function definition for ‘quantile’
    plot.Acf: no visible global function definition for ‘dev.interactive’
    plot.Acf: no visible global function definition for ‘par’
    plot.Acf: no visible global function definition for ‘qnorm’
    plot.Acf: no visible global function definition for ‘str’
    plot.Acf: no visible global function definition for ‘frame’
    plot.Acf: no visible global function definition for ‘box’
    plot.Acf: no visible global function definition for ‘abline’
    plot.Acf: no visible global function definition for ‘lines’
    plot.Acf: no visible global function definition for ‘title’
    plot.Acf: no visible global function definition for ‘mtext’
    plot.loadings: no visible global function definition for ‘par’
    plot.loadings : f: no visible global function definition for ‘barplot’
    plotArmaTrueacf: no visible global function definition for ‘polynomial’
    plotArmaTrueacf: no visible global function definition for ‘ARMAacf’
    plotArmaTrueacf: no visible global function definition for ‘abline’
    read.yearmon: no visible global function definition for ‘read.table’
    runscript: no visible global function definition for ‘select.list’
    runscript: no visible global function definition for ‘par’
    summary.fHTEST: no visible global function definition for ‘padf’
    url2data: no visible global function definition for ‘download.file’
    Undefined global functions or variables:
     ARMAacf Box.test abline acf adfTest arima barplot box coef
     dev.interactive download.file embed frame kurtosis lines lm mtext
     na.fail padf par pchisq polynomial qnorm quantile read.table resid sd
     select.list skewness str title unitrootTest var vcov
Flavors: r-devel-linux-x86_64-debian-clang, r-devel-linux-x86_64-debian-gcc, r-devel-linux-x86_64-fedora-clang, r-devel-linux-x86_64-fedora-gcc, r-devel-windows-ix86+x86_64

Version: 0.4-5
Check: R code for possible problems
Result: NOTE
    FinTS.stats: no visible global function definition for ‘skewness’
    FinTS.stats: no visible global function definition for ‘kurtosis’
    Unitroot: no visible global function definition for ‘adfTest’
    Unitroot: no visible global function definition for ‘unitrootTest’
    plotArmaTrueacf: no visible global function definition for ‘polynomial’
    summary.fHTEST: no visible global function definition for ‘padf’
    Undefined global functions or variables:
     adfTest kurtosis padf polynomial skewness unitrootTest
Flavor: r-devel-osx-x86_64-clang

Version: 0.4-5
Check: R code for possible problems
Result: NOTE
    FinTS.stats: no visible global function definition for ‘skewness’
    FinTS.stats: no visible global function definition for ‘kurtosis’
    Unitroot: no visible global function definition for ‘adfTest’
    Unitroot: no visible global function definition for ‘unitrootTest’
    plotArmaTrueacf: no visible global function definition for ‘polynomial’
    summary.fHTEST: no visible global function definition for ‘padf’
Flavors: r-patched-linux-x86_64, r-patched-solaris-sparc, r-patched-solaris-x86, r-release-linux-x86_64, r-release-osx-x86_64-mavericks, r-release-windows-ix86+x86_64, r-oldrel-windows-ix86+x86_64