CRAN Package Check Results for Package FinTS

Last updated on 2014-09-30 11:48:23.

Flavor Version Tinstall Tcheck Ttotal Status Flags
r-devel-linux-x86_64-debian-clang 0.4-5 1.31 17.12 18.42 NOTE
r-devel-linux-x86_64-debian-gcc 0.4-5 1.23 17.25 18.48 NOTE
r-devel-linux-x86_64-fedora-clang 0.4-5 36.17 NOTE
r-devel-linux-x86_64-fedora-gcc 0.4-5 39.23 NOTE
r-devel-osx-x86_64-clang 0.4-5 36.15 NOTE
r-devel-windows-ix86+x86_64 0.4-5 16.00 27.00 43.00 NOTE
r-patched-linux-x86_64 0.4-5 1.55 21.62 23.17 OK
r-patched-solaris-sparc 0.4-5 236.90 OK
r-patched-solaris-x86 0.4-5 57.90 OK
r-release-linux-ix86 0.4-5 1.80 28.24 30.04 OK
r-release-linux-x86_64 0.4-5 1.77 20.26 22.04 OK
r-release-osx-x86_64-mavericks 0.4-5 OK
r-release-osx-x86_64-snowleopard 0.4-5 OK
r-release-windows-ix86+x86_64 0.4-5 17.00 33.00 50.00 OK
r-oldrel-windows-ix86+x86_64 0.4-5 17.00 33.00 50.00 OK

Check Details

Version: 0.4-5
Check: R code for possible problems
Result: NOTE
    FinTS.stats: no visible global function definition for ‘skewness’
    FinTS.stats: no visible global function definition for ‘kurtosis’
    Unitroot: no visible global function definition for ‘adfTest’
    Unitroot: no visible global function definition for ‘unitrootTest’
    plotArmaTrueacf: no visible global function definition for ‘polynomial’
    summary.fHTEST: no visible global function definition for ‘padf’
Flavors: r-devel-linux-x86_64-debian-clang, r-devel-linux-x86_64-debian-gcc, r-devel-linux-x86_64-fedora-clang, r-devel-linux-x86_64-fedora-gcc, r-devel-osx-x86_64-clang, r-devel-windows-ix86+x86_64