CRAN Package Check Results for Package FinTS

Last updated on 2014-11-20 19:48:18.

Flavor Version Tinstall Tcheck Ttotal Status Flags
r-devel-linux-x86_64-debian-clang 0.4-5 1.37 17.50 18.87 NOTE
r-devel-linux-x86_64-debian-gcc 0.4-5 1.22 17.13 18.35 NOTE
r-devel-linux-x86_64-fedora-clang 0.4-5 38.51 NOTE
r-devel-linux-x86_64-fedora-gcc 0.4-5 36.06 NOTE
r-devel-osx-x86_64-clang 0.4-5 38.52 NOTE
r-devel-windows-ix86+x86_64 0.4-5 16.00 27.00 43.00 NOTE
r-patched-linux-x86_64 0.4-5 1.31 17.52 18.83 NOTE
r-patched-solaris-sparc 0.4-5 213.40 NOTE
r-patched-solaris-x86 0.4-5 49.40 NOTE
r-release-linux-ix86 0.4-5 1.89 23.56 25.45 NOTE
r-release-linux-x86_64 0.4-5 1.41 16.87 18.28 NOTE
r-release-osx-x86_64-mavericks 0.4-5 OK
r-release-osx-x86_64-snowleopard 0.4-5 OK
r-release-windows-ix86+x86_64 0.4-5 21.00 28.00 49.00 NOTE
r-oldrel-windows-ix86+x86_64 0.4-5 17.00 33.00 50.00 OK

Check Details

Version: 0.4-5
Check: R code for possible problems
Result: NOTE
    FinTS.stats: no visible global function definition for ‘skewness’
    FinTS.stats: no visible global function definition for ‘kurtosis’
    Unitroot: no visible global function definition for ‘adfTest’
    Unitroot: no visible global function definition for ‘unitrootTest’
    plotArmaTrueacf: no visible global function definition for ‘polynomial’
    summary.fHTEST: no visible global function definition for ‘padf’
Flavors: r-devel-linux-x86_64-debian-clang, r-devel-linux-x86_64-debian-gcc, r-devel-linux-x86_64-fedora-clang, r-devel-linux-x86_64-fedora-gcc, r-devel-osx-x86_64-clang, r-devel-windows-ix86+x86_64, r-patched-linux-x86_64, r-patched-solaris-sparc, r-patched-solaris-x86, r-release-linux-ix86, r-release-linux-x86_64, r-release-windows-ix86+x86_64