CRAN Package Check Results for Package FinTS

Last updated on 2017-04-29 15:47:56.

Flavor Version Tinstall Tcheck Ttotal Status Flags
r-devel-linux-x86_64-debian-clang 0.4-5 1.28 19.75 21.03 ERROR
r-devel-linux-x86_64-debian-gcc 0.4-5 1.28 19.74 21.01 ERROR
r-devel-linux-x86_64-fedora-clang 0.4-5 34.71 ERROR --no-stop-on-test-error
r-devel-linux-x86_64-fedora-gcc 0.4-5 32.70 ERROR --no-stop-on-test-error
r-devel-windows-ix86+x86_64 0.4-5 22.00 58.00 80.00 NOTE
r-patched-linux-x86_64 0.4-5 1.33 19.91 21.24 ERROR
r-patched-solaris-sparc 0.4-5 188.60 ERROR
r-patched-solaris-x86 0.4-5 38.80 ERROR
r-release-linux-x86_64 0.4-5 1.30 19.82 21.11 ERROR
r-release-windows-ix86+x86_64 0.4-5 27.00 59.00 86.00 NOTE
r-release-osx-x86_64 0.4-5 NOTE
r-oldrel-windows-ix86+x86_64 0.4-5 20.00 49.00 69.00 NOTE
r-oldrel-osx-x86_64 0.4-5 NOTE

Check Details

Version: 0.4-5
Check: package dependencies
Result: NOTE
    Package suggested but not available for checking: ‘fUnitRoots’
Flavors: r-devel-linux-x86_64-debian-clang, r-devel-linux-x86_64-debian-gcc, r-patched-linux-x86_64, r-patched-solaris-sparc, r-patched-solaris-x86, r-release-linux-x86_64

Version: 0.4-5
Check: dependencies in R code
Result: NOTE
    'library' or 'require' calls in package code:
     ‘e1071’ ‘fUnitRoots’ ‘polynom’
     Please use :: or requireNamespace() instead.
     See section 'Suggested packages' in the 'Writing R Extensions' manual.
Flavors: r-devel-linux-x86_64-debian-clang, r-devel-linux-x86_64-debian-gcc, r-devel-windows-ix86+x86_64, r-patched-linux-x86_64, r-patched-solaris-sparc, r-patched-solaris-x86, r-release-linux-x86_64, r-release-windows-ix86+x86_64, r-release-osx-x86_64, r-oldrel-windows-ix86+x86_64, r-oldrel-osx-x86_64

Version: 0.4-5
Check: R code for possible problems
Result: NOTE
    ARIMA: no visible global function definition for ‘arima’
    ARIMA: no visible global function definition for ‘vcov’
    ARIMA: no visible global function definition for ‘var’
    ARIMA: no visible global function definition for ‘coef’
    Acf: no visible binding for global variable ‘na.fail’
    Acf: no visible global function definition for ‘acf’
    ArchTest: no visible global function definition for ‘embed’
    ArchTest: no visible global function definition for ‘lm’
    ArchTest: no visible global function definition for ‘resid’
    ArchTest: no visible global function definition for ‘pchisq’
    AutocorTest: no visible global function definition for ‘Box.test’
    AutocorTest: no visible global function definition for ‘pchisq’
    FinTS.stats: no visible global function definition for ‘sd’
    FinTS.stats: no visible global function definition for ‘skewness’
    FinTS.stats: no visible global function definition for ‘kurtosis’
    Unitroot: no visible global function definition for ‘adfTest’
    Unitroot: no visible global function definition for ‘unitrootTest’
    apca: no visible global function definition for ‘lm’
    apca: no visible global function definition for ‘var’
    apca: no visible global function definition for ‘quantile’
    plot.Acf: no visible global function definition for ‘dev.interactive’
    plot.Acf: no visible global function definition for ‘par’
    plot.Acf: no visible global function definition for ‘qnorm’
    plot.Acf: no visible global function definition for ‘str’
    plot.Acf: no visible global function definition for ‘frame’
    plot.Acf: no visible global function definition for ‘box’
    plot.Acf: no visible global function definition for ‘abline’
    plot.Acf: no visible global function definition for ‘lines’
    plot.Acf: no visible global function definition for ‘title’
    plot.Acf: no visible global function definition for ‘mtext’
    plot.loadings: no visible global function definition for ‘par’
    plot.loadings : f: no visible global function definition for ‘barplot’
    plotArmaTrueacf: no visible global function definition for ‘polynomial’
    plotArmaTrueacf: no visible global function definition for ‘ARMAacf’
    plotArmaTrueacf: no visible global function definition for ‘abline’
    read.yearmon: no visible global function definition for ‘read.table’
    runscript: no visible global function definition for ‘select.list’
    runscript: no visible global function definition for ‘par’
    summary.fHTEST: no visible global function definition for ‘padf’
    url2data: no visible global function definition for ‘download.file’
    Undefined global functions or variables:
     ARMAacf Box.test abline acf adfTest arima barplot box coef
     dev.interactive download.file embed frame kurtosis lines lm mtext
     na.fail padf par pchisq polynomial qnorm quantile read.table resid sd
     select.list skewness str title unitrootTest var vcov
    Consider adding
     importFrom("grDevices", "dev.interactive")
     importFrom("graphics", "abline", "barplot", "box", "frame", "lines",
     "mtext", "par", "title")
     importFrom("stats", "ARMAacf", "Box.test", "acf", "arima", "coef",
     "embed", "lm", "na.fail", "pchisq", "qnorm", "quantile",
     "resid", "sd", "var", "vcov")
     importFrom("utils", "download.file", "read.table", "select.list",
     "str")
    to your NAMESPACE file.
Flavors: r-devel-linux-x86_64-debian-clang, r-devel-linux-x86_64-debian-gcc, r-devel-windows-ix86+x86_64, r-patched-linux-x86_64, r-patched-solaris-sparc, r-patched-solaris-x86, r-release-linux-x86_64, r-release-windows-ix86+x86_64, r-release-osx-x86_64, r-oldrel-windows-ix86+x86_64, r-oldrel-osx-x86_64

Version: 0.4-5
Check: Rd cross-references
Result: WARN
    Unknown package ‘fUnitRoots’ in Rd xrefs
Flavors: r-devel-linux-x86_64-debian-clang, r-devel-linux-x86_64-debian-gcc, r-patched-linux-x86_64, r-patched-solaris-sparc, r-patched-solaris-x86, r-release-linux-x86_64

Version: 0.4-5
Check: examples
Result: ERROR
    Running examples in ‘FinTS-Ex.R’ failed
    The error most likely occurred in:
    
    > base::assign(".ptime", proc.time(), pos = "CheckExEnv")
    > ### Name: Unitroot
    > ### Title: unit root tests
    > ### Aliases: Unitroot summary.fHTEST
    > ### Keywords: ts
    >
    > ### ** Examples
    >
    > ##
    > ## Tsay, pp. 69-71
    > ##
    > data(q.gdp4703)
    > adft.gdp <- Unitroot(log(q.gdp4703), trend='c', method='adf', lags=10)
    Loading required package: fUnitRoots
    Warning in library(package, lib.loc = lib.loc, character.only = TRUE, logical.return = TRUE, :
     there is no package called ‘fUnitRoots’
    Error in Unitroot(log(q.gdp4703), trend = "c", method = "adf", lags = 10) :
     require(fUnitRoots); not available.
    Execution halted
Flavors: r-devel-linux-x86_64-debian-clang, r-devel-linux-x86_64-debian-gcc, r-patched-linux-x86_64, r-release-linux-x86_64

Version: 0.4-5
Flags: --no-stop-on-test-error
Check: package dependencies
Result: NOTE
    Package suggested but not available for checking: ‘fUnitRoots’
Flavors: r-devel-linux-x86_64-fedora-clang, r-devel-linux-x86_64-fedora-gcc

Version: 0.4-5
Flags: --no-stop-on-test-error
Check: dependencies in R code
Result: NOTE
    'library' or 'require' calls in package code:
     ‘e1071’ ‘fUnitRoots’ ‘polynom’
     Please use :: or requireNamespace() instead.
     See section 'Suggested packages' in the 'Writing R Extensions' manual.
Flavors: r-devel-linux-x86_64-fedora-clang, r-devel-linux-x86_64-fedora-gcc

Version: 0.4-5
Flags: --no-stop-on-test-error
Check: R code for possible problems
Result: NOTE
    ARIMA: no visible global function definition for ‘arima’
    ARIMA: no visible global function definition for ‘vcov’
    ARIMA: no visible global function definition for ‘var’
    ARIMA: no visible global function definition for ‘coef’
    Acf: no visible binding for global variable ‘na.fail’
    Acf: no visible global function definition for ‘acf’
    ArchTest: no visible global function definition for ‘embed’
    ArchTest: no visible global function definition for ‘lm’
    ArchTest: no visible global function definition for ‘resid’
    ArchTest: no visible global function definition for ‘pchisq’
    AutocorTest: no visible global function definition for ‘Box.test’
    AutocorTest: no visible global function definition for ‘pchisq’
    FinTS.stats: no visible global function definition for ‘sd’
    FinTS.stats: no visible global function definition for ‘skewness’
    FinTS.stats: no visible global function definition for ‘kurtosis’
    Unitroot: no visible global function definition for ‘adfTest’
    Unitroot: no visible global function definition for ‘unitrootTest’
    apca: no visible global function definition for ‘lm’
    apca: no visible global function definition for ‘var’
    apca: no visible global function definition for ‘quantile’
    plot.Acf: no visible global function definition for ‘dev.interactive’
    plot.Acf: no visible global function definition for ‘par’
    plot.Acf: no visible global function definition for ‘qnorm’
    plot.Acf: no visible global function definition for ‘str’
    plot.Acf: no visible global function definition for ‘frame’
    plot.Acf: no visible global function definition for ‘box’
    plot.Acf: no visible global function definition for ‘abline’
    plot.Acf: no visible global function definition for ‘lines’
    plot.Acf: no visible global function definition for ‘title’
    plot.Acf: no visible global function definition for ‘mtext’
    plot.loadings: no visible global function definition for ‘par’
    plot.loadings : f: no visible global function definition for ‘barplot’
    plotArmaTrueacf: no visible global function definition for ‘polynomial’
    plotArmaTrueacf: no visible global function definition for ‘ARMAacf’
    plotArmaTrueacf: no visible global function definition for ‘abline’
    read.yearmon: no visible global function definition for ‘read.table’
    runscript: no visible global function definition for ‘select.list’
    runscript: no visible global function definition for ‘par’
    summary.fHTEST: no visible global function definition for ‘padf’
    url2data: no visible global function definition for ‘download.file’
    Undefined global functions or variables:
     ARMAacf Box.test abline acf adfTest arima barplot box coef
     dev.interactive download.file embed frame kurtosis lines lm mtext
     na.fail padf par pchisq polynomial qnorm quantile read.table resid sd
     select.list skewness str title unitrootTest var vcov
    Consider adding
     importFrom("grDevices", "dev.interactive")
     importFrom("graphics", "abline", "barplot", "box", "frame", "lines",
     "mtext", "par", "title")
     importFrom("stats", "ARMAacf", "Box.test", "acf", "arima", "coef",
     "embed", "lm", "na.fail", "pchisq", "qnorm", "quantile",
     "resid", "sd", "var", "vcov")
     importFrom("utils", "download.file", "read.table", "select.list",
     "str")
    to your NAMESPACE file.
Flavors: r-devel-linux-x86_64-fedora-clang, r-devel-linux-x86_64-fedora-gcc

Version: 0.4-5
Flags: --no-stop-on-test-error
Check: Rd cross-references
Result: WARN
    Unknown package ‘fUnitRoots’ in Rd xrefs
Flavors: r-devel-linux-x86_64-fedora-clang, r-devel-linux-x86_64-fedora-gcc

Version: 0.4-5
Flags: --no-stop-on-test-error
Check: examples
Result: ERROR
    Running examples in ‘FinTS-Ex.R’ failed
    The error most likely occurred in:
    
    > ### Name: Unitroot
    > ### Title: unit root tests
    > ### Aliases: Unitroot summary.fHTEST
    > ### Keywords: ts
    >
    > ### ** Examples
    >
    > ##
    > ## Tsay, pp. 69-71
    > ##
    > data(q.gdp4703)
    > adft.gdp <- Unitroot(log(q.gdp4703), trend='c', method='adf', lags=10)
    Loading required package: fUnitRoots
    Warning in library(package, lib.loc = lib.loc, character.only = TRUE, logical.return = TRUE, :
     there is no package called ‘fUnitRoots’
    Error in Unitroot(log(q.gdp4703), trend = "c", method = "adf", lags = 10) :
     require(fUnitRoots); not available.
    Execution halted
Flavors: r-devel-linux-x86_64-fedora-clang, r-devel-linux-x86_64-fedora-gcc

Version: 0.4-5
Check: examples
Result: ERROR
    Running examples in ‘FinTS-Ex.R’ failed
    The error most likely occurred in:
    
    > ### Name: Unitroot
    > ### Title: unit root tests
    > ### Aliases: Unitroot summary.fHTEST
    > ### Keywords: ts
    >
    > ### ** Examples
    >
    > ##
    > ## Tsay, pp. 69-71
    > ##
    > data(q.gdp4703)
    > adft.gdp <- Unitroot(log(q.gdp4703), trend='c', method='adf', lags=10)
    Loading required package: fUnitRoots
    Warning in library(package, lib.loc = lib.loc, character.only = TRUE, logical.return = TRUE, :
     there is no package called ‘fUnitRoots’
    Error in Unitroot(log(q.gdp4703), trend = "c", method = "adf", lags = 10) :
     require(fUnitRoots); not available.
    Execution halted
Flavors: r-patched-solaris-sparc, r-patched-solaris-x86