CRAN Package Check Results for Package FinTS

Last updated on 2015-02-27 04:46:46.

Flavor Version Tinstall Tcheck Ttotal Status Flags
r-devel-linux-x86_64-debian-clang 0.4-5 1.27 15.57 16.84 NOTE
r-devel-linux-x86_64-debian-gcc 0.4-5 1.26 15.10 16.35 NOTE
r-devel-linux-x86_64-fedora-clang 0.4-5 32.49 NOTE
r-devel-linux-x86_64-fedora-gcc 0.4-5 30.27 NOTE
r-devel-osx-x86_64-clang 0.4-5 34.42 NOTE
r-devel-windows-ix86+x86_64 0.4-5 23.00 26.00 49.00 NOTE
r-patched-linux-x86_64 0.4-5 1.43 17.53 18.96 NOTE
r-patched-solaris-sparc 0.4-5 241.60 NOTE
r-patched-solaris-x86 0.4-5 52.40 NOTE
r-release-linux-ix86 0.4-5 1.88 24.40 26.28 NOTE
r-release-linux-x86_64 0.4-5 1.56 17.82 19.38 NOTE
r-release-osx-x86_64-mavericks 0.4-5 NOTE
r-release-osx-x86_64-snowleopard 0.4-5 OK
r-release-windows-ix86+x86_64 0.4-5 18.00 31.00 49.00 NOTE
r-oldrel-windows-ix86+x86_64 0.4-5 18.00 34.00 52.00 OK

Check Details

Version: 0.4-5
Check: dependencies in R code
Result: NOTE
    'library' or 'require' calls in package code:
     ‘e1071’ ‘fUnitRoots’ ‘polynom’
     Please use :: or requireNamespace() instead.
     See section 'Suggested packages' in the 'Writing R Extensions' manual.
Flavors: r-devel-linux-x86_64-debian-clang, r-devel-linux-x86_64-debian-gcc, r-devel-linux-x86_64-fedora-clang, r-devel-linux-x86_64-fedora-gcc, r-devel-osx-x86_64-clang, r-devel-windows-ix86+x86_64, r-patched-linux-x86_64, r-patched-solaris-sparc, r-patched-solaris-x86

Version: 0.4-5
Check: R code for possible problems
Result: NOTE
    FinTS.stats: no visible global function definition for ‘skewness’
    FinTS.stats: no visible global function definition for ‘kurtosis’
    Unitroot: no visible global function definition for ‘adfTest’
    Unitroot: no visible global function definition for ‘unitrootTest’
    plotArmaTrueacf: no visible global function definition for ‘polynomial’
    summary.fHTEST: no visible global function definition for ‘padf’
Flavors: r-devel-linux-x86_64-debian-clang, r-devel-linux-x86_64-debian-gcc, r-devel-linux-x86_64-fedora-clang, r-devel-linux-x86_64-fedora-gcc, r-devel-osx-x86_64-clang, r-devel-windows-ix86+x86_64, r-patched-linux-x86_64, r-patched-solaris-sparc, r-patched-solaris-x86, r-release-linux-ix86, r-release-linux-x86_64, r-release-osx-x86_64-mavericks, r-release-windows-ix86+x86_64