CRAN Package Check Results for Package FinTS

Last updated on 2015-05-26 08:47:52.

Flavor Version Tinstall Tcheck Ttotal Status Flags
r-devel-linux-x86_64-debian-clang 0.4-5 1.33 16.10 17.44 NOTE
r-devel-linux-x86_64-debian-gcc 0.4-5 1.34 14.95 16.30 NOTE
r-devel-linux-x86_64-fedora-clang 0.4-5 31.57 NOTE
r-devel-linux-x86_64-fedora-gcc 0.4-5 29.77 NOTE
r-devel-osx-x86_64-clang 0.4-5 33.28 NOTE
r-devel-windows-ix86+x86_64 0.4-5 16.00 25.00 41.00 NOTE
r-patched-linux-x86_64 0.4-5 1.29 15.23 16.52 NOTE
r-patched-solaris-sparc 0.4-5 206.00 NOTE
r-patched-solaris-x86 0.4-5 44.80 NOTE
r-release-linux-x86_64 0.4-5 1.21 15.16 16.37 NOTE
r-release-osx-x86_64-mavericks 0.4-5 NOTE
r-release-osx-x86_64-snowleopard 0.4-5 ERROR
r-release-windows-ix86+x86_64 0.4-5 18.00 24.00 42.00 NOTE
r-oldrel-windows-ix86+x86_64 0.4-5 18.00 29.00 47.00 NOTE

Check Details

Version: 0.4-5
Check: dependencies in R code
Result: NOTE
    'library' or 'require' calls in package code:
     ‘e1071’ ‘fUnitRoots’ ‘polynom’
     Please use :: or requireNamespace() instead.
     See section 'Suggested packages' in the 'Writing R Extensions' manual.
Flavors: r-devel-linux-x86_64-debian-clang, r-devel-linux-x86_64-debian-gcc, r-devel-linux-x86_64-fedora-clang, r-devel-linux-x86_64-fedora-gcc, r-devel-osx-x86_64-clang, r-devel-windows-ix86+x86_64, r-patched-linux-x86_64, r-patched-solaris-sparc, r-patched-solaris-x86, r-release-linux-x86_64, r-release-osx-x86_64-mavericks, r-release-windows-ix86+x86_64, r-oldrel-windows-ix86+x86_64

Version: 0.4-5
Check: R code for possible problems
Result: NOTE
    FinTS.stats: no visible global function definition for ‘skewness’
    FinTS.stats: no visible global function definition for ‘kurtosis’
    Unitroot: no visible global function definition for ‘adfTest’
    Unitroot: no visible global function definition for ‘unitrootTest’
    plotArmaTrueacf: no visible global function definition for ‘polynomial’
    summary.fHTEST: no visible global function definition for ‘padf’
Flavors: r-devel-linux-x86_64-debian-clang, r-devel-linux-x86_64-debian-gcc, r-devel-linux-x86_64-fedora-clang, r-devel-linux-x86_64-fedora-gcc, r-devel-osx-x86_64-clang, r-devel-windows-ix86+x86_64, r-patched-linux-x86_64, r-patched-solaris-sparc, r-patched-solaris-x86, r-release-linux-x86_64, r-release-osx-x86_64-mavericks, r-release-windows-ix86+x86_64, r-oldrel-windows-ix86+x86_64

Version: 0.4-5
Check: package dependencies
Result: ERROR
    Package required but not available: ‘zoo’
    
    Packages suggested but not available for checking:
     ‘tseries’ ‘lmtest’ ‘sandwich’
    
    See section ‘The DESCRIPTION file’ in the ‘Writing R Extensions’
    manual.
Flavor: r-release-osx-x86_64-snowleopard