CRAN Package Check Results for Package FinTS

Last updated on 2014-12-20 03:49:31.

Flavor Version Tinstall Tcheck Ttotal Status Flags
r-devel-linux-x86_64-debian-clang 0.4-5 1.35 18.30 19.66 NOTE
r-devel-linux-x86_64-debian-gcc 0.4-5 1.22 16.68 17.90 NOTE
r-devel-linux-x86_64-fedora-clang 0.4-5 37.18 NOTE
r-devel-linux-x86_64-fedora-gcc 0.4-5 34.81 NOTE
r-devel-osx-x86_64-clang 0.4-5 37.10 NOTE
r-devel-windows-ix86+x86_64 0.4-5 17.00 30.00 47.00 NOTE
r-patched-linux-x86_64 0.4-5 1.35 17.36 18.71 NOTE
r-patched-solaris-sparc 0.4-5 213.40 NOTE
r-patched-solaris-x86 0.4-5 49.70 NOTE
r-release-linux-ix86 0.4-5 1.79 23.35 25.14 NOTE
r-release-linux-x86_64 0.4-5 1.38 17.76 19.14 NOTE
r-release-osx-x86_64-mavericks 0.4-5 OK
r-release-osx-x86_64-snowleopard 0.4-5 OK
r-release-windows-ix86+x86_64 0.4-5 17.00 30.00 47.00 NOTE
r-oldrel-windows-ix86+x86_64 0.4-5 16.00 33.00 49.00 OK

Check Details

Version: 0.4-5
Check: R code for possible problems
Result: NOTE
    FinTS.stats: no visible global function definition for ‘skewness’
    FinTS.stats: no visible global function definition for ‘kurtosis’
    Unitroot: no visible global function definition for ‘adfTest’
    Unitroot: no visible global function definition for ‘unitrootTest’
    plotArmaTrueacf: no visible global function definition for ‘polynomial’
    summary.fHTEST: no visible global function definition for ‘padf’
Flavors: r-devel-linux-x86_64-debian-clang, r-devel-linux-x86_64-debian-gcc, r-devel-linux-x86_64-fedora-clang, r-devel-linux-x86_64-fedora-gcc, r-devel-osx-x86_64-clang, r-devel-windows-ix86+x86_64, r-patched-linux-x86_64, r-patched-solaris-sparc, r-patched-solaris-x86, r-release-linux-ix86, r-release-linux-x86_64, r-release-windows-ix86+x86_64