CRAN Package Check Results for Package FinancialInstrument

Last updated on 2015-08-27 22:48:50.

Flavor Version Tinstall Tcheck Ttotal Status Flags
r-devel-linux-x86_64-debian-clang 1.2.0 1.58 29.28 30.86 NOTE
r-devel-linux-x86_64-debian-gcc 1.2.0 1.63 27.63 29.26 NOTE
r-devel-linux-x86_64-fedora-clang 1.2.0 57.87 NOTE
r-devel-linux-x86_64-fedora-gcc 1.2.0 52.84 NOTE
r-devel-osx-x86_64-clang 1.2.0 53.61 NOTE
r-devel-windows-ix86+x86_64 1.2.0 11.00 49.00 60.00 NOTE
r-patched-linux-x86_64 1.2.0 1.79 30.01 31.80 NOTE
r-patched-solaris-sparc 1.2.0 364.90 NOTE
r-patched-solaris-x86 1.2.0 76.20 NOTE
r-release-linux-x86_64 1.2.0 1.69 29.22 30.91 NOTE
r-release-osx-x86_64-mavericks 1.2.0 NOTE
r-release-windows-ix86+x86_64 1.2.0 8.00 51.00 59.00 NOTE
r-oldrel-windows-ix86+x86_64 1.2.0 10.00 63.00 73.00 NOTE

Check Details

Version: 1.2.0
Check: dependencies in R code
Result: NOTE
    'library' or 'require' calls in package code:
     ‘XML’ ‘foreach’ ‘its’ ‘timeSeries’ ‘utils’
     Please use :: or requireNamespace() instead.
     See section 'Suggested packages' in the 'Writing R Extensions' manual.
Flavors: r-devel-linux-x86_64-debian-clang, r-devel-linux-x86_64-debian-gcc, r-devel-linux-x86_64-fedora-clang, r-devel-linux-x86_64-fedora-gcc, r-devel-osx-x86_64-clang, r-devel-windows-ix86+x86_64, r-patched-linux-x86_64, r-patched-solaris-sparc, r-patched-solaris-x86, r-release-linux-x86_64, r-release-osx-x86_64-mavericks, r-release-windows-ix86+x86_64, r-oldrel-windows-ix86+x86_64

Version: 1.2.0
Check: R code for possible problems
Result: NOTE
    ICS_root : getfirst: no visible global function definition for
     ‘na.omit’
    buildBasket: no visible global function definition for ‘start’
    buildBasket: no visible global function definition for ‘end’
    buildSpread: no visible global function definition for ‘start’
    buildSpread: no visible global function definition for ‘end’
    build_spread_symbols: no visible global function definition for
     ‘read.csv’
    build_spread_symbols: no visible global function definition for
     ‘write.csv’
    convert.time.series: no visible global function definition for ‘as.ts’
    currency: no visible global function definition for ‘hasArg’
    expires.xts: no visible global function definition for ‘end’
    expires.xts: no visible global function definition for ‘na.omit’
    fn_SpreadBuilder : fn_split: no visible global function definition for
     ‘na.omit’
    fn_SpreadBuilder: no visible global function definition for ‘na.omit’
    getSymbols.FI: no visible global function definition for ‘hasArg’
    instrument: no visible global function definition for ‘hasArg’
    instrument: no visible global function definition for ‘tail’
    load.instruments: no visible global function definition for ‘read.csv’
    loadInstruments: no visible global function definition for ‘tail’
    print.id.list: no visible global function definition for ‘str’
    print.instrument: no visible global function definition for ‘str’
    print.suffix.list: no visible global function definition for ‘str’
    redenominate: no visible global function definition for ‘na.omit’
    saveInstruments: no visible global function definition for ‘tail’
    update_instruments.SPDR: no visible global function definition for
     ‘download.file’
    update_instruments.SPDR: no visible global function definition for
     ‘read.csv’
    update_instruments.iShares: no visible global function definition for
     ‘download.file’
    update_instruments.iShares: no visible global function definition for
     ‘read.csv’
    update_instruments.iShares: no visible global function definition for
     ‘read.delim’
    update_instruments.masterDATA: no visible global function definition
     for ‘read.csv’
    update_instruments.md: no visible global function definition for
     ‘read.csv’
    update_instruments.yahoo: no visible global function definition for
     ‘hasArg’
    update_instruments.yahoo: no visible global function definition for
     ‘na.omit’
    Undefined global functions or variables:
     as.ts download.file end hasArg na.omit read.csv read.delim start str
     tail write.csv
    Consider adding
     importFrom("methods", "hasArg")
     importFrom("stats", "as.ts", "end", "na.omit", "start")
     importFrom("utils", "download.file", "read.csv", "read.delim", "str",
     "tail", "write.csv")
    to your NAMESPACE (and ensure that your DESCRIPTION Imports field
    contains 'methods').
Flavors: r-devel-linux-x86_64-debian-clang, r-devel-linux-x86_64-debian-gcc, r-devel-linux-x86_64-fedora-clang, r-devel-linux-x86_64-fedora-gcc, r-devel-windows-ix86+x86_64

Version: 1.2.0
Check: package dependencies
Result: NOTE
    Package suggested but not available for checking: ‘its’
Flavor: r-release-osx-x86_64-mavericks