CRAN Package Check Results for Package FinancialInstrument

Last updated on 2014-04-23 07:54:59.

Flavor Version Tinstall Tcheck Ttotal Status Flags
r-devel-linux-x86_64-debian-clang 1.1 2.12 32.40 34.52 NOTE
r-devel-linux-x86_64-debian-gcc 1.1 1.98 33.03 35.02 NOTE
r-devel-linux-x86_64-fedora-clang 1.1 69.17 NOTE
r-devel-linux-x86_64-fedora-gcc 1.1 65.70 NOTE
r-devel-osx-x86_64-clang 1.1 63.08 NOTE
r-devel-osx-x86_64-gcc 1.1 ERROR
r-devel-windows-ix86+x86_64 1.1 6.00 51.00 57.00 NOTE
r-patched-linux-x86_64 1.1 1.97 32.59 34.56 NOTE
r-patched-solaris-sparc 1.1 369.80 NOTE
r-patched-solaris-x86 1.1 81.90 NOTE
r-release-linux-ix86 1.1 3.00 57.00 60.00 NOTE
r-release-linux-x86_64 1.1 1.98 32.88 34.86 NOTE
r-release-osx-x86_64-mavericks 1.1 WARN
r-release-windows-ix86+x86_64 1.1 7.00 49.00 56.00 NOTE
r-oldrel-windows-ix86+x86_64 1.1 7.00 48.00 55.00 NOTE

Check Details

Version: 1.1
Check: dependencies in R code
Result: NOTE
    'library' or 'require' call to ‘quantmod’ which was already attached by Depends.
     Please remove these calls from your code.
    Package in Depends field not imported from: ‘quantmod’
     These packages need to be imported from (in the NAMESPACE file)
     for when this namespace is loaded but not attached.
    Unexported objects imported by ':::' calls:
     ‘quantmod:::convert.time.series’ ‘quantmod:::getQuote.yahoo’
     ‘quantmod:::has.Mid’
     See the note in ?`:::` about the use of this operator.
    There are ::: calls to the package's namespace in its code. A package
     almost never needs to use ::: for its own objects:
     ‘.instrument’
    See the information on DESCRIPTION files in the chapter ‘Creating R
    packages’ of the ‘Writing R Extensions’ manual.
Flavors: r-devel-linux-x86_64-debian-clang, r-devel-linux-x86_64-debian-gcc, r-devel-linux-x86_64-fedora-clang, r-devel-linux-x86_64-fedora-gcc, r-devel-osx-x86_64-clang, r-devel-windows-ix86+x86_64, r-patched-linux-x86_64, r-patched-solaris-sparc, r-patched-solaris-x86, r-release-linux-ix86, r-release-linux-x86_64, r-release-osx-x86_64-mavericks, r-release-windows-ix86+x86_64, r-oldrel-windows-ix86+x86_64

Version: 1.1
Check: Rd line widths
Result: NOTE
    Rd file 'fn_SpreadBuilder.Rd':
     \examples lines wider than 100 characters:
     fSB3 <- fn_SpreadBuilder("SPY","DIA",1.1) #assuming you first somehow calculated the ratio to be a constant 1.1
    
    These lines will be truncated in the PDF manual.
Flavors: r-devel-linux-x86_64-fedora-clang, r-devel-linux-x86_64-fedora-gcc

Version: 1.1
Check: package dependencies
Result: ERROR
    Packages required but not available: ‘quantmod’ ‘xts’ ‘zoo’
    
    Package suggested but not available for checking: ‘XML’
    
    See the information on DESCRIPTION files in the chapter ‘Creating R
    packages’ of the ‘Writing R Extensions’ manual.
Flavor: r-devel-osx-x86_64-gcc

Version: 1.1
Check: package dependencies
Result: NOTE
    Package suggested but not available for checking: ‘foreach’
Flavor: r-release-osx-x86_64-mavericks

Version: 1.1
Check: R code for possible problems
Result: NOTE
    alltick2sec: no visible global function definition for ‘%dopar%’
    alltick2sec: no visible global function definition for ‘foreach’
Flavor: r-release-osx-x86_64-mavericks

Version: 1.1
Check: PDF version of manual
Result: WARNING
    LaTeX errors when creating PDF version.
    This typically indicates Rd problems.
    LaTeX errors found:
    ! LaTeX Error: File `upquote.sty' not found.
    
    Type X to quit or <RETURN> to proceed,
    or enter new name. (Default extension: sty)
    
    b7bd870/Rd2.tex:8: ==> Fatal error occurred, no output PDF file produced!
Flavor: r-release-osx-x86_64-mavericks