CRAN Package Check Results for Package FinancialInstrument

Last updated on 2014-10-21 21:46:48.

Flavor Version Tinstall Tcheck Ttotal Status Flags
r-devel-linux-x86_64-debian-clang 1.1 1.84 34.03 35.87 WARN
r-devel-linux-x86_64-debian-gcc 1.1 2.56 34.70 37.26 WARN
r-devel-linux-x86_64-fedora-clang 1.1 68.30 WARN
r-devel-linux-x86_64-fedora-gcc 1.1 63.01 WARN
r-devel-osx-x86_64-clang 1.1 69.58 WARN
r-devel-windows-ix86+x86_64 1.1 6.00 44.00 50.00 NOTE
r-patched-linux-x86_64 1.1 1.83 34.78 36.61 WARN
r-patched-solaris-sparc 1.1 372.70 WARN
r-patched-solaris-x86 1.1 84.30 WARN
r-release-linux-ix86 1.1 2.47 43.42 45.89 WARN
r-release-linux-x86_64 1.1 1.92 34.85 36.77 WARN
r-release-osx-x86_64-mavericks 1.1 NOTE
r-release-windows-ix86+x86_64 1.1 7.00 47.00 54.00 NOTE
r-oldrel-windows-ix86+x86_64 1.1 6.00 49.00 55.00 NOTE

Check Details

Version: 1.1
Check: dependencies in R code
Result: NOTE
    'library' or 'require' call to ‘quantmod’ which was already attached by Depends.
     Please remove these calls from your code.
    Package in Depends field not imported from: ‘quantmod’
     These packages need to be imported from (in the NAMESPACE file)
     for when this namespace is loaded but not attached.
    Unexported objects imported by ':::' calls:
     ‘quantmod:::convert.time.series’ ‘quantmod:::getQuote.yahoo’
     ‘quantmod:::has.Mid’
     See the note in ?`:::` about the use of this operator.
    There are ::: calls to the package's namespace in its code. A package
     almost never needs to use ::: for its own objects:
     ‘.instrument’
    See the information on DESCRIPTION files in the chapter ‘Creating R
    packages’ of the ‘Writing R Extensions’ manual.
Flavors: r-devel-linux-x86_64-debian-clang, r-devel-linux-x86_64-debian-gcc, r-devel-linux-x86_64-fedora-clang, r-devel-linux-x86_64-fedora-gcc, r-devel-osx-x86_64-clang, r-devel-windows-ix86+x86_64, r-patched-linux-x86_64, r-patched-solaris-sparc, r-patched-solaris-x86, r-release-linux-ix86, r-release-linux-x86_64, r-release-osx-x86_64-mavericks, r-release-windows-ix86+x86_64, r-oldrel-windows-ix86+x86_64

Version: 1.1
Check: R code for possible problems
Result: NOTE
    .get_rate: no visible global function definition for ‘is.OHLC’
    .get_rate: no visible global function definition for ‘OHLC’
    .get_rate: no visible global function definition for ‘is.BBO’
    .get_rate: no visible global function definition for ‘has.Bid’
    .get_rate: no visible global function definition for ‘has.Ask’
    .to_daily: no visible global function definition for ‘index’
    alltick2sec: no visible global function definition for ‘%dopar%’
    alltick2sec: no visible global function definition for ‘foreach’
    buildBasket: no visible global function definition for ‘getSymbols’
    buildBasket: no visible global function definition for ‘index’
    buildBasket: no visible global function definition for ‘is.HLC’
    buildBasket: no visible global function definition for ‘has.Trade’
    buildBasket: no visible global function definition for ‘has.Price’
    buildBasket: no visible global function definition for ‘getPrice’
    buildBasket: no visible global function definition for ‘na.locf’
    buildRatio : Bi: no visible global function definition for ‘has.Bid’
    buildRatio : As: no visible global function definition for ‘has.Ask’
    buildRatio: no visible global function definition for ‘is.OHLC’
    buildRatio: no visible global function definition for ‘Op’
    buildRatio: no visible global function definition for ‘Cl’
    buildRatio: no visible global function definition for ‘has.Ad’
    buildRatio: no visible global function definition for ‘Ad’
    buildRatio: no visible global function definition for ‘is.BBO’
    buildRatio: no visible global function definition for ‘getPrice’
    buildRatio: no visible global function definition for ‘has.Cl’
    buildSpread: no visible global function definition for ‘getSymbols’
    buildSpread: no visible global function definition for ‘index’
    buildSpread: no visible global function definition for ‘is.HLC’
    buildSpread: no visible global function definition for ‘has.Trade’
    buildSpread: no visible global function definition for ‘has.Price’
    buildSpread: no visible global function definition for ‘getPrice’
    buildSpread: no visible global function definition for ‘na.locf’
    expires.xts: no visible global function definition for ‘getPrice’
    fn_SpreadBuilder: no visible global function definition for ‘has.Op’
    fn_SpreadBuilder: no visible global function definition for ‘has.Cl’
    fn_SpreadBuilder: no visible global function definition for ‘is.BBO’
    fn_SpreadBuilder: no visible global function definition for ‘index’
    fn_SpreadBuilder: no visible global function definition for ‘has.Ad’
    fn_SpreadBuilder: no visible global function definition for ‘Op’
    fn_SpreadBuilder: no visible global function definition for ‘Cl’
    fn_SpreadBuilder: no visible global function definition for ‘Ad’
    fn_SpreadBuilder : fn_split: no visible global function definition for
     ‘na.locf’
    fn_SpreadBuilder: no visible global function definition for ‘getPrice’
    getSymbols.FI: no visible global function definition for
     ‘importDefaults’
    getSymbols.FI: no visible global function definition for
     ‘getSymbolLookup’
    instrument: no visible global function definition for ‘setSymbolLookup’
    instrument_attr: no visible global function definition for
     ‘setSymbolLookup’
    option_series.yahoo: no visible global function definition for
     ‘getOptionChain’
    redenominate: no visible global function definition for ‘index’
    redenominate: no visible global function definition for ‘is.OHLC’
    redenominate: no visible global function definition for ‘is.BBO’
    redenominate: no visible global function definition for ‘getPrice’
    redenominate: no visible global function definition for ‘na.locf’
    saveSymbols.days : <anonymous>: no visible global function definition
     for ‘index’
    setSymbolLookup.FI: no visible global function definition for
     ‘setSymbolLookup’
    splice: no visible global function definition for ‘is.zoo’
    splice: no visible global function definition for ‘coredata’
    splice: no visible global function definition for ‘index’
    splooth: no visible global function definition for ‘is.zoo’
    splooth: no visible global function definition for ‘coredata’
    splooth: no visible global function definition for ‘index’
    to_secBATV : Bi: no visible global function definition for ‘has.Bid’
    to_secBATV : As: no visible global function definition for ‘has.Ask’
    to_secBATV: no visible global function definition for ‘has.Vo’
    to_secBATV: no visible global function definition for ‘Vo’
    to_secBATV: no visible global function definition for ‘index’
    to_secBATV: no visible global function definition for ‘na.locf’
    update_instruments.TTR: no visible global function definition for
     ‘stockSymbols’
    update_instruments.morningstar: no visible global function definition
     for ‘readHTMLTable’
    update_instruments.ms: no visible global function definition for
     ‘readHTMLTable’
    update_instruments.yahoo: no visible global function definition for
     ‘yahooQF’
    volep: no visible global function definition for ‘runSum’
    volep: no visible global function definition for ‘Vo’
Flavors: r-devel-linux-x86_64-debian-clang, r-devel-linux-x86_64-debian-gcc, r-devel-linux-x86_64-fedora-clang, r-devel-linux-x86_64-fedora-gcc, r-devel-osx-x86_64-clang, r-devel-windows-ix86+x86_64, r-patched-linux-x86_64, r-patched-solaris-sparc, r-patched-solaris-x86

Version: 1.1
Check: Rd line widths
Result: NOTE
    Rd file 'fn_SpreadBuilder.Rd':
     \examples lines wider than 100 characters:
     fSB3 <- fn_SpreadBuilder("SPY","DIA",1.1) #assuming you first somehow calculated the ratio to be a constant 1.1
    
    These lines will be truncated in the PDF manual.
Flavors: r-devel-linux-x86_64-debian-clang, r-devel-linux-x86_64-debian-gcc, r-devel-linux-x86_64-fedora-clang, r-devel-linux-x86_64-fedora-gcc, r-patched-linux-x86_64, r-release-linux-x86_64

Version: 1.1
Check: Rd cross-references
Result: WARN
    Unknown package ‘Defaults’ in Rd xrefs
Flavors: r-devel-linux-x86_64-debian-clang, r-devel-linux-x86_64-debian-gcc, r-devel-linux-x86_64-fedora-clang, r-devel-linux-x86_64-fedora-gcc, r-devel-osx-x86_64-clang, r-patched-linux-x86_64, r-patched-solaris-sparc, r-patched-solaris-x86, r-release-linux-ix86, r-release-linux-x86_64

Version: 1.1
Check: R code for possible problems
Result: NOTE
    getSymbols.FI: no visible global function definition for
     ‘importDefaults’
Flavors: r-release-linux-ix86, r-release-linux-x86_64, r-release-windows-ix86+x86_64, r-oldrel-windows-ix86+x86_64