CRAN Package Check Results for Package FinancialInstrument

Last updated on 2014-07-24 17:49:00.

Flavor Version Tinstall Tcheck Ttotal Status Flags
r-devel-linux-x86_64-debian-clang 1.1 2.07 31.22 33.29 NOTE
r-devel-linux-x86_64-debian-gcc 1.1 1.90 31.16 33.06 NOTE
r-devel-linux-x86_64-fedora-clang 1.1 69.46 NOTE
r-devel-linux-x86_64-fedora-gcc 1.1 67.50 NOTE
r-devel-osx-x86_64-clang 1.1 63.00 NOTE
r-devel-windows-ix86+x86_64 1.1 7.00 45.00 52.00 NOTE
r-patched-linux-x86_64 1.1 1.91 30.58 32.50 NOTE
r-patched-solaris-sparc 1.1 369.80 NOTE
r-patched-solaris-x86 1.1 81.40 NOTE
r-release-linux-ix86 1.1 2.46 42.58 45.05 NOTE
r-release-linux-x86_64 1.1 1.96 31.36 33.32 NOTE
r-release-osx-x86_64-mavericks 1.1 NOTE
r-release-windows-ix86+x86_64 1.1 6.00 45.00 51.00 NOTE
r-oldrel-windows-ix86+x86_64 1.1 7.00 49.00 56.00 NOTE

Check Details

Version: 1.1
Check: dependencies in R code
Result: NOTE
    'library' or 'require' call to ‘quantmod’ which was already attached by Depends.
     Please remove these calls from your code.
    Package in Depends field not imported from: ‘quantmod’
     These packages need to be imported from (in the NAMESPACE file)
     for when this namespace is loaded but not attached.
    Unexported objects imported by ':::' calls:
     ‘quantmod:::convert.time.series’ ‘quantmod:::getQuote.yahoo’
     ‘quantmod:::has.Mid’
     See the note in ?`:::` about the use of this operator.
    There are ::: calls to the package's namespace in its code. A package
     almost never needs to use ::: for its own objects:
     ‘.instrument’
    See the information on DESCRIPTION files in the chapter ‘Creating R
    packages’ of the ‘Writing R Extensions’ manual.
Flavors: r-devel-linux-x86_64-debian-clang, r-devel-linux-x86_64-debian-gcc, r-devel-linux-x86_64-fedora-clang, r-devel-linux-x86_64-fedora-gcc, r-devel-osx-x86_64-clang, r-devel-windows-ix86+x86_64, r-patched-linux-x86_64, r-patched-solaris-sparc, r-patched-solaris-x86, r-release-linux-ix86, r-release-linux-x86_64, r-release-osx-x86_64-mavericks, r-release-windows-ix86+x86_64, r-oldrel-windows-ix86+x86_64

Version: 1.1
Check: Rd line widths
Result: NOTE
    Rd file 'fn_SpreadBuilder.Rd':
     \examples lines wider than 100 characters:
     fSB3 <- fn_SpreadBuilder("SPY","DIA",1.1) #assuming you first somehow calculated the ratio to be a constant 1.1
    
    These lines will be truncated in the PDF manual.
Flavors: r-devel-linux-x86_64-fedora-clang, r-devel-linux-x86_64-fedora-gcc