CRAN Package Check Results for Package FinancialInstrument

Last updated on 2015-03-27 03:47:43.

Flavor Version Tinstall Tcheck Ttotal Status Flags
r-devel-linux-x86_64-debian-clang 1.2.0 1.71 28.79 30.50 NOTE
r-devel-linux-x86_64-debian-gcc 1.2.0 1.66 28.56 30.21 NOTE
r-devel-linux-x86_64-fedora-clang 1.2.0 63.34 NOTE
r-devel-linux-x86_64-fedora-gcc 1.2.0 57.35 NOTE
r-devel-osx-x86_64-clang 1.2.0 60.58 NOTE
r-prerel-windows-ix86+x86_64 1.2.0 6.00 47.00 53.00 NOTE
r-prerel-linux-x86_64 1.2.0 1.68 29.24 30.92 NOTE
r-prerel-solaris-sparc 1.2.0 370.00 NOTE
r-prerel-solaris-x86 1.2.0 73.80 NOTE
r-release-linux-x86_64 1.2.0 1.98 33.76 35.74 NOTE
r-release-osx-x86_64-mavericks 1.2.0 OK
r-release-osx-x86_64-snowleopard 1.2.0 OK
r-release-windows-ix86+x86_64 1.2.0 8.00 51.00 59.00 NOTE
r-oldrel-windows-ix86+x86_64 1.2.0 7.00 65.00 72.00 OK

Check Details

Version: 1.2.0
Check: dependencies in R code
Result: NOTE
    'library' or 'require' calls in package code:
     ‘XML’ ‘foreach’ ‘its’ ‘timeSeries’ ‘utils’
     Please use :: or requireNamespace() instead.
     See section 'Suggested packages' in the 'Writing R Extensions' manual.
Flavors: r-devel-linux-x86_64-debian-clang, r-devel-linux-x86_64-debian-gcc, r-devel-linux-x86_64-fedora-clang, r-devel-linux-x86_64-fedora-gcc, r-devel-osx-x86_64-clang, r-prerel-windows-ix86+x86_64, r-prerel-linux-x86_64, r-prerel-solaris-sparc, r-prerel-solaris-x86, r-release-linux-x86_64, r-release-windows-ix86+x86_64