CRAN Package Check Results for Package FinancialInstrument

Last updated on 2015-01-28 22:47:37.

Flavor Version Tinstall Tcheck Ttotal Status Flags
r-devel-linux-x86_64-debian-clang 1.2.0 1.84 30.23 32.07 NOTE
r-devel-linux-x86_64-debian-gcc 1.2.0 1.71 29.25 30.96 NOTE
r-devel-linux-x86_64-fedora-clang 1.2.0 71.95 NOTE
r-devel-linux-x86_64-fedora-gcc 1.2.0 62.56 NOTE
r-devel-osx-x86_64-clang 1.2.0 64.79 NOTE
r-devel-windows-ix86+x86_64 1.2.0 7.00 41.00 48.00 NOTE
r-patched-linux-x86_64 1.2.0 1.94 33.36 35.30 OK
r-patched-solaris-sparc 1.2.0 390.40 OK
r-patched-solaris-x86 1.2.0 85.20 OK
r-release-linux-ix86 1.2.0 2.36 41.15 43.50 OK
r-release-linux-x86_64 1.2.0 1.86 34.32 36.18 OK
r-release-osx-x86_64-mavericks 1.2.0 OK
r-release-osx-x86_64-snowleopard 1.2.0 OK
r-release-windows-ix86+x86_64 1.2.0 8.00 53.00 61.00 OK
r-oldrel-windows-ix86+x86_64 1.2.0 7.00 53.00 60.00 OK

Check Details

Version: 1.2.0
Check: dependencies in R code
Result: NOTE
    'library' or 'require' calls in package code:
     ‘XML’ ‘foreach’ ‘its’ ‘timeSeries’ ‘utils’
     Please use :: or requireNamespace() instead.
     See section 'Suggested packages' in the 'Writing R Extensions' manual.
Flavors: r-devel-linux-x86_64-debian-clang, r-devel-linux-x86_64-debian-gcc, r-devel-linux-x86_64-fedora-clang, r-devel-linux-x86_64-fedora-gcc, r-devel-osx-x86_64-clang, r-devel-windows-ix86+x86_64