CRAN Package Check Results for Package FinancialInstrument

Last updated on 2015-06-30 18:47:13.

Flavor Version Tinstall Tcheck Ttotal Status Flags
r-devel-linux-x86_64-debian-clang 1.2.0 1.70 29.07 30.77 NOTE
r-devel-linux-x86_64-debian-gcc 1.2.0 1.67 28.78 30.46 NOTE
r-devel-linux-x86_64-fedora-clang 1.2.0 57.23 NOTE
r-devel-linux-x86_64-fedora-gcc 1.2.0 54.50 NOTE
r-devel-osx-x86_64-clang 1.2.0 56.61 NOTE
r-devel-windows-ix86+x86_64 1.2.0 7.00 42.00 49.00 NOTE
r-patched-linux-x86_64 1.2.0 1.66 30.83 32.48 NOTE
r-patched-solaris-sparc 1.2.0 363.00 NOTE
r-patched-solaris-x86 1.2.0 76.00 NOTE
r-release-linux-x86_64 1.2.0 1.66 28.76 30.42 NOTE
r-release-osx-x86_64-mavericks 1.2.0 NOTE
r-release-windows-ix86+x86_64 1.2.0 9.00 46.00 55.00 NOTE
r-oldrel-windows-ix86+x86_64 1.2.0 6.00 53.00 59.00 NOTE

Check Details

Version: 1.2.0
Check: dependencies in R code
Result: NOTE
    'library' or 'require' calls in package code:
     ‘XML’ ‘foreach’ ‘its’ ‘timeSeries’ ‘utils’
     Please use :: or requireNamespace() instead.
     See section 'Suggested packages' in the 'Writing R Extensions' manual.
Flavors: r-devel-linux-x86_64-debian-clang, r-devel-linux-x86_64-debian-gcc, r-devel-linux-x86_64-fedora-clang, r-devel-linux-x86_64-fedora-gcc, r-devel-osx-x86_64-clang, r-devel-windows-ix86+x86_64, r-patched-linux-x86_64, r-patched-solaris-sparc, r-patched-solaris-x86, r-release-linux-x86_64, r-release-osx-x86_64-mavericks, r-release-windows-ix86+x86_64, r-oldrel-windows-ix86+x86_64

Version: 1.2.0
Check: R code for possible problems
Result: NOTE
    ICS_root : getfirst: no visible global function definition for
     ‘na.omit’
    buildBasket: no visible global function definition for ‘start’
    buildBasket: no visible global function definition for ‘end’
    buildSpread: no visible global function definition for ‘start’
    buildSpread: no visible global function definition for ‘end’
    build_spread_symbols: no visible global function definition for
     ‘read.csv’
    build_spread_symbols: no visible global function definition for
     ‘write.csv’
    convert.time.series: no visible global function definition for ‘as.ts’
    currency: no visible global function definition for ‘hasArg’
    expires.xts: no visible global function definition for ‘end’
    expires.xts: no visible global function definition for ‘na.omit’
    fn_SpreadBuilder : fn_split: no visible global function definition for
     ‘na.omit’
    fn_SpreadBuilder: no visible global function definition for ‘na.omit’
    getSymbols.FI: no visible global function definition for ‘hasArg’
    instrument: no visible global function definition for ‘hasArg’
    instrument: no visible global function definition for ‘tail’
    load.instruments: no visible global function definition for ‘read.csv’
    loadInstruments: no visible global function definition for ‘tail’
    print.id.list: no visible global function definition for ‘str’
    print.instrument: no visible global function definition for ‘str’
    print.suffix.list: no visible global function definition for ‘str’
    redenominate: no visible global function definition for ‘na.omit’
    saveInstruments: no visible global function definition for ‘tail’
    update_instruments.SPDR: no visible global function definition for
     ‘download.file’
    update_instruments.SPDR: no visible global function definition for
     ‘read.csv’
    update_instruments.iShares: no visible global function definition for
     ‘download.file’
    update_instruments.iShares: no visible global function definition for
     ‘read.csv’
    update_instruments.iShares: no visible global function definition for
     ‘read.delim’
    update_instruments.masterDATA: no visible global function definition
     for ‘read.csv’
    update_instruments.md: no visible global function definition for
     ‘read.csv’
    update_instruments.yahoo: no visible global function definition for
     ‘hasArg’
    update_instruments.yahoo: no visible global function definition for
     ‘na.omit’
Flavors: r-devel-linux-x86_64-debian-clang, r-devel-linux-x86_64-debian-gcc, r-devel-linux-x86_64-fedora-clang, r-devel-windows-ix86+x86_64

Version: 1.2.0
Check: package dependencies
Result: NOTE
    Package suggested but not available for checking: ‘its’
Flavor: r-release-osx-x86_64-mavericks