CRAN Package Check Results for Package FinancialInstrument

Last updated on 2015-02-27 23:47:48.

Flavor Version Tinstall Tcheck Ttotal Status Flags
r-devel-linux-x86_64-debian-clang 1.2.0 1.71 29.78 31.49 NOTE
r-devel-linux-x86_64-debian-gcc 1.2.0 1.68 28.86 30.54 NOTE
r-devel-linux-x86_64-fedora-clang 1.2.0 59.13 NOTE
r-devel-linux-x86_64-fedora-gcc 1.2.0 55.63 NOTE
r-devel-osx-x86_64-clang 1.2.0 57.88 NOTE
r-devel-windows-ix86+x86_64 1.2.0 9.00 43.00 52.00 NOTE
r-patched-linux-x86_64 1.2.0 2.00 34.30 36.30 NOTE
r-patched-solaris-sparc 1.2.0 437.10 NOTE
r-patched-solaris-x86 NOTE
r-release-linux-ix86 1.2.0 2.36 42.18 44.55 OK
r-release-linux-x86_64 1.2.0 2.02 33.65 35.67 OK
r-release-osx-x86_64-mavericks 1.2.0 OK
r-release-osx-x86_64-snowleopard 1.2.0 OK
r-release-windows-ix86+x86_64 1.2.0 7.00 54.00 61.00 OK
r-oldrel-windows-ix86+x86_64 1.2.0 7.00 60.00 67.00 OK

Check Details

Version: 1.2.0
Check: dependencies in R code
Result: NOTE
    'library' or 'require' calls in package code:
     ‘XML’ ‘foreach’ ‘its’ ‘timeSeries’ ‘utils’
     Please use :: or requireNamespace() instead.
     See section 'Suggested packages' in the 'Writing R Extensions' manual.
Flavors: r-devel-linux-x86_64-debian-clang, r-devel-linux-x86_64-debian-gcc, r-devel-linux-x86_64-fedora-clang, r-devel-linux-x86_64-fedora-gcc, r-devel-osx-x86_64-clang, r-devel-windows-ix86+x86_64, r-patched-linux-x86_64, r-patched-solaris-sparc, r-patched-solaris-x86