CRAN Package Check Results for Package FinancialInstrument

Last updated on 2015-04-28 17:46:50.

Flavor Version Tinstall Tcheck Ttotal Status Flags
r-devel-linux-x86_64-debian-clang 1.2.0 1.77 28.80 30.57 NOTE
r-devel-linux-x86_64-debian-gcc 1.2.0 1.72 29.07 30.79 NOTE
r-devel-linux-x86_64-fedora-clang 1.2.0 58.59 NOTE
r-devel-linux-x86_64-fedora-gcc 1.2.0 57.72 NOTE
r-devel-osx-x86_64-clang 1.2.0 57.03 NOTE
r-devel-windows-ix86+x86_64 1.2.0 7.00 44.00 51.00 NOTE
r-patched-linux-x86_64 1.2.0 1.89 28.69 30.58 NOTE
r-patched-solaris-sparc 1.2.0 370.00 NOTE
r-patched-solaris-x86 1.2.0 74.00 NOTE
r-release-linux-x86_64 1.2.0 1.65 29.29 30.94 NOTE
r-release-osx-x86_64-mavericks 1.2.0 NOTE
r-release-osx-x86_64-snowleopard 1.2.0 ERROR
r-release-windows-ix86+x86_64 1.2.0 6.00 43.00 49.00 NOTE
r-oldrel-windows-ix86+x86_64 1.2.0 5.00 49.00 54.00 NOTE

Check Details

Version: 1.2.0
Check: dependencies in R code
Result: NOTE
    'library' or 'require' calls in package code:
     ‘XML’ ‘foreach’ ‘its’ ‘timeSeries’ ‘utils’
     Please use :: or requireNamespace() instead.
     See section 'Suggested packages' in the 'Writing R Extensions' manual.
Flavors: r-devel-linux-x86_64-debian-clang, r-devel-linux-x86_64-debian-gcc, r-devel-linux-x86_64-fedora-clang, r-devel-linux-x86_64-fedora-gcc, r-devel-osx-x86_64-clang, r-devel-windows-ix86+x86_64, r-patched-linux-x86_64, r-patched-solaris-sparc, r-patched-solaris-x86, r-release-linux-x86_64, r-release-osx-x86_64-mavericks, r-release-windows-ix86+x86_64, r-oldrel-windows-ix86+x86_64

Version: 1.2.0
Check: package dependencies
Result: NOTE
    Package suggested but not available for checking: ‘its’
Flavor: r-release-osx-x86_64-mavericks

Version: 1.2.0
Check: package dependencies
Result: ERROR
    Packages required but not available: ‘quantmod’ ‘zoo’ ‘xts’ ‘TTR’
    
    Packages suggested but not available for checking: ‘XML’ ‘its’
    
    See section ‘The DESCRIPTION file’ in the ‘Writing R Extensions’
    manual.
Flavor: r-release-osx-x86_64-snowleopard