CRAN Package Check Results for Package FinancialMath

Last updated on 2024-02-22 14:48:16 CET.

Flavor Version Tinstall Tcheck Ttotal Status Flags
r-devel-linux-x86_64-debian-clang 0.1.1 NOTE
r-devel-linux-x86_64-debian-gcc 0.1.1 7.56 39.21 46.77 NOTE
r-devel-linux-x86_64-fedora-clang 0.1.1 78.87 NOTE
r-devel-linux-x86_64-fedora-gcc 0.1.1 71.89 NOTE
r-devel-windows-x86_64 0.1.1 10.00 57.00 67.00 NOTE
r-patched-linux-x86_64 0.1.1 9.10 51.56 60.66 NOTE
r-release-linux-x86_64 0.1.1 8.15 50.77 58.92 NOTE
r-release-macos-arm64 0.1.1 22.00 NOTE
r-release-macos-x86_64 0.1.1 36.00 NOTE
r-release-windows-x86_64 0.1.1 12.00 64.00 76.00 NOTE
r-oldrel-macos-arm64 0.1.1 21.00 NOTE
r-oldrel-windows-x86_64 0.1.1 15.00 65.00 80.00 NOTE

Check Details

Version: 0.1.1
Check: LazyData
Result: NOTE 'LazyData' is specified without a 'data' directory Flavors: r-devel-linux-x86_64-debian-clang, r-devel-linux-x86_64-debian-gcc, r-devel-linux-x86_64-fedora-clang, r-devel-linux-x86_64-fedora-gcc, r-devel-windows-x86_64, r-patched-linux-x86_64, r-release-linux-x86_64, r-release-macos-arm64, r-release-macos-x86_64, r-release-windows-x86_64, r-oldrel-macos-arm64, r-oldrel-windows-x86_64