CRAN Package Check Results for Package FindIt

Last updated on 2017-03-28 15:48:07.

Flavor Version Tinstall Tcheck Ttotal Status Flags
r-devel-linux-x86_64-debian-clang 1.0 7.46 59.20 66.67 NOTE
r-devel-linux-x86_64-debian-gcc 1.0 7.43 57.41 64.85 NOTE
r-devel-linux-x86_64-fedora-clang 1.0 140.15 NOTE --no-stop-on-test-error
r-devel-linux-x86_64-fedora-gcc 1.0 140.25 NOTE --no-stop-on-test-error
r-devel-macos-x86_64-clang 1.0 108.28 NOTE --no-stop-on-test-error
r-devel-windows-ix86+x86_64 1.0 27.00 140.00 167.00 OK
r-patched-linux-x86_64 1.0 7.19 57.78 64.97 NOTE
r-patched-solaris-sparc 1.0 965.60 OK
r-patched-solaris-x86 1.0 182.50 OK
r-release-linux-x86_64 1.0 7.45 55.40 62.86 OK
r-release-osx-x86_64-mavericks 1.0 OK
r-release-windows-ix86+x86_64 1.0 32.00 125.00 157.00 OK
r-oldrel-windows-ix86+x86_64 1.0 21.00 129.00 150.00 OK

Check Details

Version: 1.0
Check: compiled code
Result: NOTE
    File ‘FindIt/libs/FindIt.so’:
     Found no calls to: ‘R_registerRoutines’, ‘R_useDynamicSymbols’
    
    It is good practice to register native routines and to disable symbol
    search.
    
    See ‘Writing portable packages’ in the ‘Writing R Extensions’ manual.
Flavors: r-devel-linux-x86_64-debian-clang, r-devel-linux-x86_64-debian-gcc, r-patched-linux-x86_64

Version: 1.0
Flags: --no-stop-on-test-error
Check: compiled code
Result: NOTE
    File ‘FindIt/libs/FindIt.so’:
     Found no calls to: ‘R_registerRoutines’, ‘R_useDynamicSymbols’
    
    It is good practice to register native routines and to disable symbol
    search.
    
    See ‘Writing portable packages’ in the ‘Writing R Extensions’ manual.
Flavors: r-devel-linux-x86_64-fedora-clang, r-devel-linux-x86_64-fedora-gcc, r-devel-macos-x86_64-clang