CRAN Package Check Results for Package FindIt

Last updated on 2014-07-30 03:48:19.

Flavor Version Tinstall Tcheck Ttotal Status Flags
r-devel-linux-x86_64-debian-clang 0.3 4.03 39.47 43.50 NOTE
r-devel-linux-x86_64-debian-gcc 0.3 3.82 38.44 42.26 NOTE
r-devel-linux-x86_64-fedora-clang 0.3 102.99 NOTE
r-devel-linux-x86_64-fedora-gcc 0.3 98.53 NOTE
r-devel-osx-x86_64-clang 0.3 81.98 NOTE
r-devel-windows-ix86+x86_64 0.3 10.00 60.00 70.00 NOTE
r-patched-linux-x86_64 0.3 3.88 38.84 42.72 NOTE
r-patched-solaris-sparc 0.3 546.60 NOTE
r-patched-solaris-x86 0.3 133.60 NOTE
r-release-linux-ix86 0.3 4.69 48.61 53.30 NOTE
r-release-linux-x86_64 0.3 3.93 39.78 43.71 NOTE
r-release-osx-x86_64-mavericks 0.3 NOTE
r-release-windows-ix86+x86_64 0.3 10.00 64.00 74.00 NOTE
r-oldrel-windows-ix86+x86_64 0.3 9.00 58.00 67.00 NOTE

Check Details

Version: 0.3
Check: DESCRIPTION meta-information
Result: NOTE
    Packages listed in more than one of Depends, Imports, Suggests, Enhances:
     glmnet lars
    A package should be listed in only one of these fields.
Flavors: r-devel-linux-x86_64-debian-clang, r-devel-linux-x86_64-debian-gcc, r-devel-linux-x86_64-fedora-clang, r-devel-linux-x86_64-fedora-gcc, r-devel-osx-x86_64-clang, r-devel-windows-ix86+x86_64, r-patched-linux-x86_64, r-patched-solaris-sparc, r-patched-solaris-x86, r-release-linux-ix86, r-release-linux-x86_64, r-release-osx-x86_64-mavericks, r-release-windows-ix86+x86_64, r-oldrel-windows-ix86+x86_64

Version: 0.3
Check: Rd line widths
Result: NOTE
    Rd file 'FindIt.Rd':
     \examples lines wider than 100 characters:
     #Generate matrices of main effects and scaling factors. Center on weighted means, then interact.
     #F1<-FindIt(y,X.c=X$X,treat, scale.c=X$scale.X, search.lambdas=TRUE, fit.glmnet=TRUE) #Run to find the LASSO parameters
     #F2<-FindIt(y=y, X.c=X2$X, treat=treat, type="single", rescale.c=F, scale.c=X2$scale.X, search.lambdas=TRUE, wts=wts.extrap, fi ... [TRUNCATED]
     F1<-FindIt(y,X.c=X$X,treat, scale.c=X$scale.X, search.lambdas=FALSE,lambdas=c(-4.000 ,-4.127),fit.glmnet=TRUE )
     F2<-FindIt(y=y, X.c=X2$X, treat=treat, type="single", rescale.c=FALSE, scale.c=X2$scale.X, search.lambdas=FALSE, lambdas=c( -5. ... [TRUNCATED]
     F3<-FindIt(y=y, X.c=X$X, treat=X.t, type="multiple", rescale.c=FALSE , scale.c=X$s, search.lambdas=TRUE,fit.glmnet=FALSE)
     #F3<-FindIt(y=y,X.c=X$X, treat=X.t, type="multiple", rescale.c=FALSE, scale.c=X$s, search.lambdas=FALSE, #lambda=c(-9.9265,-6.6 ... [TRUNCATED]
    
    These lines will be truncated in the PDF manual.
Flavors: r-devel-linux-x86_64-fedora-clang, r-devel-linux-x86_64-fedora-gcc