CRAN Package Check Results for Package FindIt

Last updated on 2014-04-24 11:48:45.

Flavor Version Tinstall Tcheck Ttotal Status Flags
r-devel-linux-x86_64-debian-clang 0.3 4.28 41.12 45.40 NOTE
r-devel-linux-x86_64-debian-gcc 0.3 4.27 41.22 45.50 NOTE
r-devel-linux-x86_64-fedora-clang 0.3 102.97 NOTE
r-devel-linux-x86_64-fedora-gcc 0.3 99.91 NOTE
r-devel-osx-x86_64-clang 0.3 83.68 NOTE
r-devel-osx-x86_64-gcc 0.3 NOTE
r-devel-windows-ix86+x86_64 0.3 10.00 60.00 70.00 NOTE
r-patched-linux-x86_64 0.3 4.02 40.87 44.89 NOTE
r-patched-solaris-sparc 0.3 546.60 NOTE
r-patched-solaris-x86 0.3 135.00 NOTE
r-release-linux-ix86 0.3 6.00 66.00 72.00 NOTE
r-release-linux-x86_64 0.3 4.02 40.40 44.42 NOTE
r-release-osx-x86_64-mavericks 0.3 WARN
r-release-windows-ix86+x86_64 0.3 9.00 62.00 71.00 NOTE
r-oldrel-windows-ix86+x86_64 0.3 11.00 54.00 65.00 NOTE

Check Details

Version: 0.3
Check: DESCRIPTION meta-information
Result: NOTE
    Packages listed in more than one of Depends, Imports, Suggests, Enhances:
     ‘glmnet’ ‘lars’
    A package should be listed in only one of these fields.
Flavors: r-devel-linux-x86_64-debian-clang, r-devel-linux-x86_64-debian-gcc, r-devel-linux-x86_64-fedora-clang, r-devel-linux-x86_64-fedora-gcc, r-devel-osx-x86_64-clang, r-devel-osx-x86_64-gcc, r-devel-windows-ix86+x86_64, r-patched-linux-x86_64, r-patched-solaris-sparc, r-patched-solaris-x86, r-release-linux-ix86, r-release-linux-x86_64, r-release-osx-x86_64-mavericks, r-release-windows-ix86+x86_64, r-oldrel-windows-ix86+x86_64

Version: 0.3
Check: Rd line widths
Result: NOTE
    Rd file 'FindIt.Rd':
     \examples lines wider than 100 characters:
     #Generate matrices of main effects and scaling factors. Center on weighted means, then interact.
     #F1<-FindIt(y,X.c=X$X,treat, scale.c=X$scale.X, search.lambdas=TRUE, fit.glmnet=TRUE) #Run to find the LASSO parameters
     #F2<-FindIt(y=y, X.c=X2$X, treat=treat, type="single", rescale.c=F, scale.c=X2$scale.X, search.lambdas=TRUE, wts=wts.extrap, fi ... [TRUNCATED]
     F1<-FindIt(y,X.c=X$X,treat, scale.c=X$scale.X, search.lambdas=FALSE,lambdas=c(-4.000 ,-4.127),fit.glmnet=TRUE )
     F2<-FindIt(y=y, X.c=X2$X, treat=treat, type="single", rescale.c=FALSE, scale.c=X2$scale.X, search.lambdas=FALSE, lambdas=c( -5. ... [TRUNCATED]
     F3<-FindIt(y=y, X.c=X$X, treat=X.t, type="multiple", rescale.c=FALSE , scale.c=X$s, search.lambdas=TRUE,fit.glmnet=FALSE)
     #F3<-FindIt(y=y,X.c=X$X, treat=X.t, type="multiple", rescale.c=FALSE, scale.c=X$s, search.lambdas=FALSE, #lambda=c(-9.9265,-6.6 ... [TRUNCATED]
    
    These lines will be truncated in the PDF manual.
Flavors: r-devel-linux-x86_64-fedora-clang, r-devel-linux-x86_64-fedora-gcc

Version: 0.3
Check: PDF version of manual
Result: WARNING
    LaTeX errors when creating PDF version.
    This typically indicates Rd problems.
    LaTeX errors found:
    ! LaTeX Error: File `upquote.sty' not found.
    
    Type X to quit or <RETURN> to proceed,
    or enter new name. (Default extension: sty)
    
    833688a/Rd2.tex:8: ==> Fatal error occurred, no output PDF file produced!
Flavor: r-release-osx-x86_64-mavericks