CRAN Package Check Results for Package FindIt

Last updated on 2017-06-25 22:47:52.

Flavor Version Tinstall Tcheck Ttotal Status Flags
r-devel-linux-x86_64-debian-clang 1.0 7.41 58.73 66.15 NOTE
r-devel-linux-x86_64-debian-gcc 1.0 7.81 58.91 66.72 NOTE
r-devel-linux-x86_64-fedora-clang 1.0 141.91 NOTE
r-devel-linux-x86_64-fedora-gcc 1.0 136.73 NOTE
r-devel-windows-ix86+x86_64 1.0 31.00 187.00 218.00 OK
r-patched-linux-x86_64 1.0 7.18 59.43 66.61 NOTE
r-patched-solaris-sparc 1.0 965.60 OK
r-patched-solaris-x86 1.0 186.40 OK
r-release-linux-x86_64 1.0 7.24 59.27 66.51 NOTE
r-release-windows-ix86+x86_64 1.0 33.00 188.00 221.00 OK
r-release-osx-x86_64 1.0 OK
r-oldrel-windows-ix86+x86_64 1.0 22.00 163.00 185.00 OK
r-oldrel-osx-x86_64 1.0 OK

Check Details

Version: 1.0
Check: compiled code
Result: NOTE
    File ‘FindIt/libs/FindIt.so’:
     Found no calls to: ‘R_registerRoutines’, ‘R_useDynamicSymbols’
    
    It is good practice to register native routines and to disable symbol
    search.
    
    See ‘Writing portable packages’ in the ‘Writing R Extensions’ manual.
Flavors: r-devel-linux-x86_64-debian-clang, r-devel-linux-x86_64-debian-gcc, r-devel-linux-x86_64-fedora-clang, r-devel-linux-x86_64-fedora-gcc, r-patched-linux-x86_64, r-release-linux-x86_64