CRAN Package Check Results for Package FindIt

Last updated on 2015-07-02 03:46:48.

Flavor Version Tinstall Tcheck Ttotal Status Flags
r-devel-linux-x86_64-debian-clang 0.5 4.36 41.40 45.76 NOTE
r-devel-linux-x86_64-debian-gcc 0.5 4.22 40.68 44.90 NOTE
r-devel-linux-x86_64-fedora-clang 0.5 92.07 NOTE
r-devel-linux-x86_64-fedora-gcc 0.5 87.30 NOTE
r-devel-osx-x86_64-clang 0.5 84.34 OK
r-devel-windows-ix86+x86_64 0.5 10.00 62.00 72.00 NOTE
r-patched-linux-x86_64 0.5 4.21 40.98 45.19 OK
r-patched-solaris-sparc 0.5 580.20 OK
r-patched-solaris-x86 0.5 132.90 OK
r-release-linux-x86_64 0.5 4.16 43.54 47.70 OK
r-release-osx-x86_64-mavericks 0.5 OK
r-release-windows-ix86+x86_64 0.5 12.00 61.00 73.00 OK
r-oldrel-windows-ix86+x86_64 0.5 12.00 76.00 88.00 OK

Check Details

Version: 0.5
Check: R code for possible problems
Result: NOTE
    FindIt: no visible global function definition for ‘model.frame’
    FindIt: no visible global function definition for ‘model.matrix’
    FindIt: no visible global function definition for ‘sd’
    FindIt: no visible binding for global variable ‘sd’
    FindIt : <anonymous>: no visible global function definition for ‘sd’
    INT: no visible global function definition for ‘relevel’
    INT : comb.prem: no visible global function definition for ‘na.omit’
    INT : comb.prem: no visible global function definition for ‘combn’
    INT: no visible global function definition for ‘combn’
    INT: no visible global function definition for ‘cor’
    SVM.func : <anonymous>: no visible global function definition for
     ‘rnorm’
    SVM.func: no visible global function definition for ‘predict’
    makeallway: no visible global function definition for ‘model.matrix’
    makeallway: no visible global function definition for ‘combn’
    makeallway: no visible binding for global variable ‘sd’
    makeallway : <anonymous>: no visible global function definition for
     ‘cor’
    maketwoway: no visible global function definition for ‘model.frame’
    maketwoway: no visible global function definition for ‘model.matrix’
    maketwoway : <anonymous>: no visible global function definition for
     ‘sd’
    maketwoway : <anonymous>: no visible global function definition for
     ‘cor’
    plot.PredictFindIt: no visible global function definition for ‘plot’
    plot.PredictFindIt: no visible global function definition for ‘text’
    plot.PredictFindIt: no visible global function definition for ‘abline’
    plot.PredictFindIt: no visible global function definition for
     ‘identify’
    predict.FindIt: no visible global function definition for ‘terms’
    predict.FindIt: no visible global function definition for
     ‘delete.response’
    predict.FindIt: no visible global function definition for ‘model.frame’
    scale.func: no visible global function definition for ‘sd’
    scale.func.2: no visible global function definition for ‘sd’
    summary.FindIt: no visible global function definition for ‘var’
Flavors: r-devel-linux-x86_64-debian-clang, r-devel-linux-x86_64-debian-gcc, r-devel-linux-x86_64-fedora-clang, r-devel-linux-x86_64-fedora-gcc, r-devel-windows-ix86+x86_64