CRAN Package Check Results for Package FindIt

Last updated on 2015-08-30 15:46:43.

Flavor Version Tinstall Tcheck Ttotal Status Flags
r-devel-linux-x86_64-debian-clang 0.5 4.13 40.31 44.44 NOTE
r-devel-linux-x86_64-debian-gcc 0.5 4.15 39.43 43.58 NOTE
r-devel-linux-x86_64-fedora-clang 0.5 91.77 NOTE
r-devel-linux-x86_64-fedora-gcc 0.5 86.06 NOTE
r-devel-osx-x86_64-clang 0.5 75.09 OK
r-devel-windows-ix86+x86_64 0.5 15.00 65.00 80.00 NOTE
r-patched-linux-x86_64 0.5 4.20 42.00 46.20 OK
r-patched-solaris-sparc 0.5 593.00 OK
r-patched-solaris-x86 0.5 135.80 OK
r-release-linux-x86_64 0.5 4.41 41.70 46.11 OK
r-release-osx-x86_64-mavericks 0.5 OK
r-release-windows-ix86+x86_64 0.5 14.00 94.00 108.00 OK
r-oldrel-windows-ix86+x86_64 0.5 19.00 83.00 102.00 OK

Check Details

Version: 0.5
Check: R code for possible problems
Result: NOTE
    FindIt: no visible global function definition for ‘model.frame’
    FindIt: no visible global function definition for ‘model.matrix’
    FindIt: no visible global function definition for ‘sd’
    FindIt: no visible binding for global variable ‘sd’
    FindIt : <anonymous>: no visible global function definition for ‘sd’
    INT: no visible global function definition for ‘relevel’
    INT : comb.prem: no visible global function definition for ‘na.omit’
    INT : comb.prem: no visible global function definition for ‘combn’
    INT: no visible global function definition for ‘combn’
    INT: no visible global function definition for ‘cor’
    SVM.func : <anonymous>: no visible global function definition for
     ‘rnorm’
    SVM.func: no visible global function definition for ‘predict’
    makeallway: no visible global function definition for ‘model.matrix’
    makeallway: no visible global function definition for ‘combn’
    makeallway: no visible binding for global variable ‘sd’
    makeallway : <anonymous>: no visible global function definition for
     ‘cor’
    maketwoway: no visible global function definition for ‘model.frame’
    maketwoway: no visible global function definition for ‘model.matrix’
    maketwoway : <anonymous>: no visible global function definition for
     ‘sd’
    maketwoway : <anonymous>: no visible global function definition for
     ‘cor’
    plot.PredictFindIt: no visible global function definition for ‘plot’
    plot.PredictFindIt: no visible global function definition for ‘text’
    plot.PredictFindIt: no visible global function definition for ‘abline’
    plot.PredictFindIt: no visible global function definition for
     ‘identify’
    predict.FindIt: no visible global function definition for ‘terms’
    predict.FindIt: no visible global function definition for
     ‘delete.response’
    predict.FindIt: no visible global function definition for ‘model.frame’
    scale.func: no visible global function definition for ‘sd’
    scale.func.2: no visible global function definition for ‘sd’
    summary.FindIt: no visible global function definition for ‘var’
    Undefined global functions or variables:
     abline combn cor delete.response identify model.frame model.matrix
     na.omit plot predict relevel rnorm sd terms text var
    Consider adding
     importFrom("graphics", "abline", "identify", "plot", "text")
     importFrom("stats", "cor", "delete.response", "model.frame",
     "model.matrix", "na.omit", "predict", "relevel", "rnorm",
     "sd", "terms", "var")
     importFrom("utils", "combn")
    to your NAMESPACE.
Flavors: r-devel-linux-x86_64-debian-clang, r-devel-linux-x86_64-debian-gcc, r-devel-linux-x86_64-fedora-clang, r-devel-linux-x86_64-fedora-gcc, r-devel-windows-ix86+x86_64